
SET transaction_timeout = 0;

--
-- TOC entry 920 (class 1247 OID 237630)
-- Name: unit_category_enum; Type: TYPE; Schema: public; Owner: postgres
--

CREATE TYPE public.unit_category_enum AS ENUM (
    'weight',
    'volume',
    'dimension',
    'piece'
);


ALTER TYPE public.unit_category_enum OWNER TO postgres;

--
-- TOC entry 923 (class 1247 OID 237640)
-- Name: unit_value_enum; Type: TYPE; Schema: public; Owner: postgres
--

CREATE TYPE public.unit_value_enum AS ENUM (
    'grams',
    'cc',
    'litre',
    'l*w*h',
    'piece'
);


ALTER TYPE public.unit_value_enum OWNER TO postgres;



--
-- TOC entry 285 (class 1259 OID 245820)
-- Name: accounts_invoices; Type: TABLE; Schema: public; Owner: postgres
--

CREATE TABLE public.accounts_invoices (
    invoice_id character varying(50) NOT NULL,
    order_id character varying(50),
    cus_id character varying(50),
    customer_name character varying(255),
    invoice_date date DEFAULT CURRENT_DATE,
    due_date date,
    subtotal numeric(12,2) DEFAULT 0,
    discount numeric(12,2) DEFAULT 0,
    gst_percent numeric(5,2) DEFAULT 18,
    gst_amount numeric(12,2) DEFAULT 0,
    net_amount numeric(12,2) DEFAULT 0,
    paid_amount numeric(12,2) DEFAULT 0,
    balance numeric(12,2) DEFAULT 0,
    status character varying(50) DEFAULT 'Unpaid'::character varying,
    items jsonb,
    created_at timestamp without time zone DEFAULT CURRENT_TIMESTAMP
);


ALTER TABLE public.accounts_invoices OWNER TO postgres;

--
-- TOC entry 287 (class 1259 OID 245839)
-- Name: accounts_payments; Type: TABLE; Schema: public; Owner: postgres
--

CREATE TABLE public.accounts_payments (
    payment_id integer NOT NULL,
    invoice_id character varying(50),
    payment_date date DEFAULT CURRENT_DATE,
    amount numeric(12,2) NOT NULL,
    payment_mode character varying(50) DEFAULT 'Bank Transfer'::character varying,
    reference_no character varying(100),
    created_at timestamp without time zone DEFAULT CURRENT_TIMESTAMP
);


ALTER TABLE public.accounts_payments OWNER TO postgres;

--
-- TOC entry 286 (class 1259 OID 245838)
-- Name: accounts_payments_payment_id_seq; Type: SEQUENCE; Schema: public; Owner: postgres
--

CREATE SEQUENCE public.accounts_payments_payment_id_seq
    AS integer
    START WITH 1
    INCREMENT BY 1
    NO MINVALUE
    NO MAXVALUE
    CACHE 1;


ALTER SEQUENCE public.accounts_payments_payment_id_seq OWNER TO postgres;

--
-- TOC entry 5401 (class 0 OID 0)
-- Dependencies: 286
-- Name: accounts_payments_payment_id_seq; Type: SEQUENCE OWNED BY; Schema: public; Owner: postgres
--

ALTER SEQUENCE public.accounts_payments_payment_id_seq OWNED BY public.accounts_payments.payment_id;


--
-- TOC entry 219 (class 1259 OID 237651)
-- Name: ci_sequence; Type: SEQUENCE; Schema: public; Owner: postgres
--

CREATE SEQUENCE public.ci_sequence
    START WITH 1
    INCREMENT BY 1
    NO MINVALUE
    NO MAXVALUE
    CACHE 1;


ALTER SEQUENCE public.ci_sequence OWNER TO postgres;

--
-- TOC entry 220 (class 1259 OID 237652)
-- Name: configuration_items; Type: TABLE; Schema: public; Owner: postgres
--

CREATE TABLE public.configuration_items (
    ci_name character varying(100),
    installed_date timestamp without time zone,
    installed_status character varying(20),
    decommission_date timestamp without time zone,
    end_of_life timestamp without time zone,
    description text,
    tier character varying(50),
    vendor_id character varying(10),
    vendor_name character varying(100),
    ci_class character varying(30),
    location character varying(100),
    warranty_period interval,
    customer_type character varying(10),
    ci_id character varying(50) NOT NULL,
    warranty_start_date timestamp without time zone,
    warranty_end_date timestamp without time zone,
    maintenance_id character varying
);


ALTER TABLE public.configuration_items OWNER TO postgres;

--
-- TOC entry 221 (class 1259 OID 237658)
-- Name: contact_us; Type: TABLE; Schema: public; Owner: postgres
--

CREATE TABLE public.contact_us (
    id integer NOT NULL,
    name character varying(100),
    email character varying(100),
    phone character varying(15),
    address character varying(200),
    message text
);


ALTER TABLE public.contact_us OWNER TO postgres;

--
-- TOC entry 222 (class 1259 OID 237664)
-- Name: contact_us_id_seq; Type: SEQUENCE; Schema: public; Owner: postgres
--

CREATE SEQUENCE public.contact_us_id_seq
    AS integer
    START WITH 1
    INCREMENT BY 1
    NO MINVALUE
    NO MAXVALUE
    CACHE 1;


ALTER SEQUENCE public.contact_us_id_seq OWNER TO postgres;

--
-- TOC entry 5402 (class 0 OID 0)
-- Dependencies: 222
-- Name: contact_us_id_seq; Type: SEQUENCE OWNED BY; Schema: public; Owner: postgres
--

ALTER SEQUENCE public.contact_us_id_seq OWNED BY public.contact_us.id;


--
-- TOC entry 223 (class 1259 OID 237665)
-- Name: contract_sequence; Type: SEQUENCE; Schema: public; Owner: postgres
--

CREATE SEQUENCE public.contract_sequence
    START WITH 1
    INCREMENT BY 1
    NO MINVALUE
    NO MAXVALUE
    CACHE 1;


ALTER SEQUENCE public.contract_sequence OWNER TO postgres;

--
-- TOC entry 224 (class 1259 OID 237666)
-- Name: customer_master; Type: TABLE; Schema: public; Owner: postgres
--

CREATE TABLE public.customer_master (
    cus_id character varying NOT NULL,
    customer_name character varying(100) NOT NULL,
    mobile1 text NOT NULL,
    mobile2 text,
    email character varying(100),
    gst_no text,
    address text
);


ALTER TABLE public.customer_master OWNER TO postgres;

--
-- TOC entry 225 (class 1259 OID 237674)
-- Name: customer_master_cus_id_seq; Type: SEQUENCE; Schema: public; Owner: postgres
--

CREATE SEQUENCE public.customer_master_cus_id_seq
    AS integer
    START WITH 1
    INCREMENT BY 1
    NO MINVALUE
    NO MAXVALUE
    CACHE 1;


ALTER SEQUENCE public.customer_master_cus_id_seq OWNER TO postgres;

--
-- TOC entry 5403 (class 0 OID 0)
-- Dependencies: 225
-- Name: customer_master_cus_id_seq; Type: SEQUENCE OWNED BY; Schema: public; Owner: postgres
--

ALTER SEQUENCE public.customer_master_cus_id_seq OWNED BY public.customer_master.cus_id;


--
-- TOC entry 226 (class 1259 OID 237675)
-- Name: customer_seq; Type: SEQUENCE; Schema: public; Owner: postgres
--

CREATE SEQUENCE public.customer_seq
    START WITH 1
    INCREMENT BY 1
    NO MINVALUE
    NO MAXVALUE
    CACHE 1;


ALTER SEQUENCE public.customer_seq OWNER TO postgres;

--
-- TOC entry 227 (class 1259 OID 237676)
-- Name: customer_yarn_stock; Type: TABLE; Schema: public; Owner: postgres
--

CREATE TABLE public.customer_yarn_stock (
    cus_id character varying(50) NOT NULL,
    yarn_type character varying(100) NOT NULL,
    total_inward numeric(12,2) DEFAULT 0,
    used_in_leads numeric(12,2) DEFAULT 0,
    used_in_orders numeric(12,2) DEFAULT 0
);


ALTER TABLE public.customer_yarn_stock OWNER TO postgres;

--
-- TOC entry 228 (class 1259 OID 237684)
-- Name: department; Type: TABLE; Schema: public; Owner: postgres
--

CREATE TABLE public.department (
    dept_id character varying(20) NOT NULL,
    dept_name character varying(100) NOT NULL,
    primary_contact_name character varying(100),
    seq_no integer,
    primary_phone character varying(20),
    secondary_contact character varying(100),
    secondary_phone character varying(20),
    dept_manager character varying(100),
    manager_phone character varying(20)
);


ALTER TABLE public.department OWNER TO postgres;

--
-- TOC entry 229 (class 1259 OID 237689)
-- Name: dept; Type: TABLE; Schema: public; Owner: postgres
--

CREATE TABLE public.dept (
    dept_id character varying(50),
    dept_name character varying(255),
    created_on timestamp without time zone,
    updated_on timestamp without time zone,
    active boolean DEFAULT true
);


ALTER TABLE public.dept OWNER TO postgres;

--
-- TOC entry 230 (class 1259 OID 237693)
-- Name: dept_master; Type: TABLE; Schema: public; Owner: postgres
--

CREATE TABLE public.dept_master (
    dept_id character varying(50),
    dept_name character varying(500),
    dept_flow_seq integer,
    primary_contact_name character varying(50),
    primary_phone text,
    secondary_contact text,
    secondary_phone text,
    dept_manager character varying(50),
    manager_phone text
);


ALTER TABLE public.dept_master OWNER TO postgres;

--
-- TOC entry 231 (class 1259 OID 237698)
-- Name: dept_status_flow_master; Type: TABLE; Schema: public; Owner: postgres
--

CREATE TABLE public.dept_status_flow_master (
    dept_status_seq character varying(50),
    dept_status character varying(255)
);


ALTER TABLE public.dept_status_flow_master OWNER TO postgres;

--
-- TOC entry 232 (class 1259 OID 237701)
-- Name: design_bom; Type: TABLE; Schema: public; Owner: postgres
--

CREATE TABLE public.design_bom (
    bom_id integer NOT NULL,
    design_id character varying(50),
    material_id integer,
    required_qty numeric(10,4) NOT NULL,
    created_at timestamp without time zone DEFAULT CURRENT_TIMESTAMP
);


ALTER TABLE public.design_bom OWNER TO postgres;

--
-- TOC entry 233 (class 1259 OID 237707)
-- Name: design_bom_bom_id_seq; Type: SEQUENCE; Schema: public; Owner: postgres
--

CREATE SEQUENCE public.design_bom_bom_id_seq
    AS integer
    START WITH 1
    INCREMENT BY 1
    NO MINVALUE
    NO MAXVALUE
    CACHE 1;


ALTER SEQUENCE public.design_bom_bom_id_seq OWNER TO postgres;

--
-- TOC entry 5404 (class 0 OID 0)
-- Dependencies: 233
-- Name: design_bom_bom_id_seq; Type: SEQUENCE OWNED BY; Schema: public; Owner: postgres
--

ALTER SEQUENCE public.design_bom_bom_id_seq OWNED BY public.design_bom.bom_id;


--
-- TOC entry 234 (class 1259 OID 237708)
-- Name: design_master; Type: TABLE; Schema: public; Owner: postgres
--

CREATE TABLE public.design_master (
    design_id character varying(50) NOT NULL,
    design_name character varying(255),
    design_desc text,
    image_path text,
    is_active boolean,
    active_from timestamp without time zone,
    active_till timestamp without time zone,
    cus_id character varying(10),
    customer_name character varying(100),
    created_at timestamp without time zone DEFAULT CURRENT_TIMESTAMP
);


ALTER TABLE public.design_master OWNER TO postgres;

--
-- TOC entry 235 (class 1259 OID 237715)
-- Name: gst_hsn; Type: TABLE; Schema: public; Owner: postgres
--

CREATE TABLE public.gst_hsn (
    hsn_code character varying(10) NOT NULL,
    hsn_desc text,
    short_desc character varying(255),
    sgst numeric(5,2),
    cgst numeric(5,2),
    igst numeric(5,2)
);


ALTER TABLE public.gst_hsn OWNER TO postgres;

--
-- TOC entry 236 (class 1259 OID 237721)
-- Name: inventory_transaction_log; Type: TABLE; Schema: public; Owner: postgres
--

CREATE TABLE public.inventory_transaction_log (
    transaction_id integer NOT NULL,
    material_id integer,
    transaction_type character varying(50) NOT NULL,
    quantity numeric(10,2) NOT NULL,
    reference_id character varying(100),
    created_by character varying(100),
    created_at timestamp without time zone DEFAULT CURRENT_TIMESTAMP
);


ALTER TABLE public.inventory_transaction_log OWNER TO postgres;

--
-- TOC entry 237 (class 1259 OID 237728)
-- Name: inventory_transaction_log_transaction_id_seq; Type: SEQUENCE; Schema: public; Owner: postgres
--

CREATE SEQUENCE public.inventory_transaction_log_transaction_id_seq
    AS integer
    START WITH 1
    INCREMENT BY 1
    NO MINVALUE
    NO MAXVALUE
    CACHE 1;


ALTER SEQUENCE public.inventory_transaction_log_transaction_id_seq OWNER TO postgres;

--
-- TOC entry 5405 (class 0 OID 0)
-- Dependencies: 237
-- Name: inventory_transaction_log_transaction_id_seq; Type: SEQUENCE OWNED BY; Schema: public; Owner: postgres
--

ALTER SEQUENCE public.inventory_transaction_log_transaction_id_seq OWNED BY public.inventory_transaction_log.transaction_id;


--
-- TOC entry 238 (class 1259 OID 237729)
-- Name: lead_seq; Type: SEQUENCE; Schema: public; Owner: postgres
--

CREATE SEQUENCE public.lead_seq
    START WITH 1
    INCREMENT BY 1
    NO MINVALUE
    NO MAXVALUE
    CACHE 1;


ALTER SEQUENCE public.lead_seq OWNER TO postgres;

--
-- TOC entry 239 (class 1259 OID 237730)
-- Name: lead; Type: TABLE; Schema: public; Owner: postgres
--

CREATE TABLE public.lead (
    lead_id character varying(10) DEFAULT concat('LD-', lpad((nextval('public.lead_seq'::regclass))::text, 5, '0'::text)) NOT NULL,
    received_date timestamp without time zone,
    expected_delivery_date timestamp without time zone,
    quote_price numeric(10,2),
    lead_status character varying(20) DEFAULT 'received'::character varying NOT NULL,
    design_id character varying(50),
    cus_id character varying,
    reject_reason character varying(50),
    importance character varying(50),
    is_sample boolean DEFAULT false,
    weight numeric(10,2),
    ground character varying(255),
    dc_challan_no character varying(100),
    dc_date date,
    received_weight numeric(10,2),
    total_weight numeric(10,2),
    design_style character varying(100),
    print_type character varying(100),
    colour_fabric character varying(100),
    diameter character varying(255),
    roll_length character varying(100),
    order_date timestamp without time zone,
    converted_order_id character varying(50),
    CONSTRAINT lead_lead_status_check CHECK (((lead_status)::text = ANY (ARRAY[('received'::character varying)::text, ('in_progress'::character varying)::text, ('delivered'::character varying)::text, ('cancelled'::character varying)::text, ('awaiting approval'::character varying)::text, ('rejected'::character varying)::text, ('accepted'::character varying)::text])))
);


ALTER TABLE public.lead OWNER TO postgres;

--
-- TOC entry 240 (class 1259 OID 237741)
-- Name: lead_status_master; Type: TABLE; Schema: public; Owner: postgres
--

CREATE TABLE public.lead_status_master (
    lead_status_id integer NOT NULL,
    status_name character varying(50) NOT NULL
);


ALTER TABLE public.lead_status_master OWNER TO postgres;

--
-- TOC entry 241 (class 1259 OID 237746)
-- Name: machine_daily_log; Type: TABLE; Schema: public; Owner: postgres
--

CREATE TABLE public.machine_daily_log (
    log_id integer NOT NULL,
    machine_id integer,
    record_date date NOT NULL,
    operator_name character varying(100),
    processed_qty numeric(12,2) NOT NULL,
    task_details character varying(255) DEFAULT 'Daily Production Batch'::character varying,
    created_at timestamp without time zone DEFAULT now()
);


ALTER TABLE public.machine_daily_log OWNER TO postgres;

--
-- TOC entry 242 (class 1259 OID 237754)
-- Name: machine_daily_log_log_id_seq; Type: SEQUENCE; Schema: public; Owner: postgres
--

CREATE SEQUENCE public.machine_daily_log_log_id_seq
    AS integer
    START WITH 1
    INCREMENT BY 1
    NO MINVALUE
    NO MAXVALUE
    CACHE 1;


ALTER SEQUENCE public.machine_daily_log_log_id_seq OWNER TO postgres;

--
-- TOC entry 5406 (class 0 OID 0)
-- Dependencies: 242
-- Name: machine_daily_log_log_id_seq; Type: SEQUENCE OWNED BY; Schema: public; Owner: postgres
--

ALTER SEQUENCE public.machine_daily_log_log_id_seq OWNED BY public.machine_daily_log.log_id;


--
-- TOC entry 243 (class 1259 OID 237755)
-- Name: machine_master; Type: TABLE; Schema: public; Owner: postgres
--

CREATE TABLE public.machine_master (
    machine_id integer NOT NULL,
    machine_name character varying(255) NOT NULL,
    machine_type character varying(100) NOT NULL,
    daily_capacity numeric(10,2) NOT NULL,
    capacity_unit character varying(50) NOT NULL,
    is_active boolean DEFAULT true,
    created_at timestamp without time zone DEFAULT CURRENT_TIMESTAMP,
    supported_materials character varying(255)
);


ALTER TABLE public.machine_master OWNER TO postgres;

--
-- TOC entry 244 (class 1259 OID 237767)
-- Name: machine_master_machine_id_seq; Type: SEQUENCE; Schema: public; Owner: postgres
--

CREATE SEQUENCE public.machine_master_machine_id_seq
    AS integer
    START WITH 1
    INCREMENT BY 1
    NO MINVALUE
    NO MAXVALUE
    CACHE 1;


ALTER SEQUENCE public.machine_master_machine_id_seq OWNER TO postgres;

--
-- TOC entry 5407 (class 0 OID 0)
-- Dependencies: 244
-- Name: machine_master_machine_id_seq; Type: SEQUENCE OWNED BY; Schema: public; Owner: postgres
--

ALTER SEQUENCE public.machine_master_machine_id_seq OWNED BY public.machine_master.machine_id;


--
-- TOC entry 245 (class 1259 OID 237768)
-- Name: new_textile; Type: TABLE; Schema: public; Owner: postgres
--

CREATE TABLE public.new_textile (
    design_id character varying(50),
    design_name character varying(255),
    design_desc text,
    image_path text,
    is_active boolean,
    active_from date,
    active_till date
);


ALTER TABLE public.new_textile OWNER TO postgres;

--
-- TOC entry 246 (class 1259 OID 237773)
-- Name: order_dept_workflow; Type: TABLE; Schema: public; Owner: postgres
--

CREATE TABLE public.order_dept_workflow (
    order_id character varying(50) NOT NULL,
    dept_id character varying(50) NOT NULL,
    dept_status character varying(255) NOT NULL,
    dept_status_timestamp timestamp without time zone,
    active boolean DEFAULT true
);


ALTER TABLE public.order_dept_workflow OWNER TO postgres;

--
-- TOC entry 247 (class 1259 OID 237780)
-- Name: order_master; Type: TABLE; Schema: public; Owner: postgres
--

CREATE TABLE public.order_master (
    order_id text NOT NULL,
    order_date timestamp without time zone DEFAULT CURRENT_TIMESTAMP,
    order_status character varying(50),
    cus_id character varying,
    order_price numeric(10,2),
    overall_state_tax numeric(10,2) DEFAULT 0,
    overall_central_tax numeric(10,2) DEFAULT 0,
    customer_rating integer,
    customer_feedback text,
    actual_delivery_date timestamp without time zone,
    expected_delivery_date timestamp without time zone,
    overall_igst numeric(10,2),
    dc_challan_no character varying(255),
    dc_date date,
    ground character varying(255),
    total_weight numeric(10,2),
    received_weight numeric(10,2)
);


ALTER TABLE public.order_master OWNER TO postgres;

--
-- TOC entry 248 (class 1259 OID 237789)
-- Name: order_master_sequence; Type: SEQUENCE; Schema: public; Owner: postgres
--

CREATE SEQUENCE public.order_master_sequence
    START WITH 1
    INCREMENT BY 1
    NO MINVALUE
    NO MAXVALUE
    CACHE 1;


ALTER SEQUENCE public.order_master_sequence OWNER TO postgres;

--
-- TOC entry 249 (class 1259 OID 237790)
-- Name: order_sequence; Type: SEQUENCE; Schema: public; Owner: postgres
--

CREATE SEQUENCE public.order_sequence
    START WITH 1
    INCREMENT BY 1
    NO MINVALUE
    NO MAXVALUE
    CACHE 1;


ALTER SEQUENCE public.order_sequence OWNER TO postgres;

--
-- TOC entry 250 (class 1259 OID 237791)
-- Name: order_status_flow_master; Type: TABLE; Schema: public; Owner: postgres
--

CREATE TABLE public.order_status_flow_master (
    order_status_seq integer,
    order_status character varying(100)
);


ALTER TABLE public.order_status_flow_master OWNER TO postgres;

--
-- TOC entry 251 (class 1259 OID 237794)
-- Name: order_status_master; Type: TABLE; Schema: public; Owner: postgres
--

CREATE TABLE public.order_status_master (
    status_id integer NOT NULL,
    status_name character varying(50) NOT NULL
);


ALTER TABLE public.order_status_master OWNER TO postgres;

--
-- TOC entry 252 (class 1259 OID 237799)
-- Name: orders1; Type: TABLE; Schema: public; Owner: postgres
--

CREATE TABLE public.orders1 (
    order_id character varying(50) NOT NULL,
    order_price numeric(10,2) NOT NULL,
    order_datime timestamp without time zone NOT NULL,
    design_id character varying(50)
);


ALTER TABLE public.orders1 OWNER TO postgres;

--
-- TOC entry 253 (class 1259 OID 237805)
-- Name: orders1_auditlog; Type: TABLE; Schema: public; Owner: postgres
--

CREATE TABLE public.orders1_auditlog (
    order_id character varying(20),
    dept_id character varying(20),
    dept_status character varying(20),
    order_status character varying(20),
    activity_id integer NOT NULL,
    activity_date timestamp without time zone,
    sub_order_id character varying(20)
);


ALTER TABLE public.orders1_auditlog OWNER TO postgres;

--
-- TOC entry 254 (class 1259 OID 237809)
-- Name: orders1_auditlog_activity_id_seq; Type: SEQUENCE; Schema: public; Owner: postgres
--

CREATE SEQUENCE public.orders1_auditlog_activity_id_seq
    AS integer
    START WITH 1
    INCREMENT BY 1
    NO MINVALUE
    NO MAXVALUE
    CACHE 1;


ALTER SEQUENCE public.orders1_auditlog_activity_id_seq OWNER TO postgres;

--
-- TOC entry 5408 (class 0 OID 0)
-- Dependencies: 254
-- Name: orders1_auditlog_activity_id_seq; Type: SEQUENCE OWNED BY; Schema: public; Owner: postgres
--

ALTER SEQUENCE public.orders1_auditlog_activity_id_seq OWNED BY public.orders1_auditlog.activity_id;


--
-- TOC entry 255 (class 1259 OID 237810)
-- Name: orders_auditlog; Type: TABLE; Schema: public; Owner: postgres
--

CREATE TABLE public.orders_auditlog (
    order_id character varying(100),
    activity_date timestamp without time zone,
    overall_status character varying(100),
    dept_id character varying(100),
    dept_status character varying(100),
    activity_id integer NOT NULL
);


ALTER TABLE public.orders_auditlog OWNER TO postgres;

--
-- TOC entry 256 (class 1259 OID 237814)
-- Name: orders_auditlog_activity_id_seq; Type: SEQUENCE; Schema: public; Owner: postgres
--

CREATE SEQUENCE public.orders_auditlog_activity_id_seq
    AS integer
    START WITH 1
    INCREMENT BY 1
    NO MINVALUE
    NO MAXVALUE
    CACHE 1;


ALTER SEQUENCE public.orders_auditlog_activity_id_seq OWNER TO postgres;

--
-- TOC entry 5409 (class 0 OID 0)
-- Dependencies: 256
-- Name: orders_auditlog_activity_id_seq; Type: SEQUENCE OWNED BY; Schema: public; Owner: postgres
--

ALTER SEQUENCE public.orders_auditlog_activity_id_seq OWNED BY public.orders_auditlog.activity_id;


--
-- TOC entry 257 (class 1259 OID 237815)
-- Name: production_attendance; Type: TABLE; Schema: public; Owner: postgres
--

CREATE TABLE public.production_attendance (
    worker_id character varying(50) NOT NULL,
    worker_type character varying(50),
    log_date date NOT NULL,
    status character varying(20) DEFAULT 'Present'::character varying
);


ALTER TABLE public.production_attendance OWNER TO postgres;

--
-- TOC entry 258 (class 1259 OID 237821)
-- Name: production_employees; Type: TABLE; Schema: public; Owner: postgres
--

CREATE TABLE public.production_employees (
    id character varying(50) NOT NULL,
    name character varying(255) NOT NULL,
    role character varying(100) DEFAULT 'Operator'::character varying,
    department character varying(100) DEFAULT 'Digital Printing'::character varying,
    shift character varying(50) DEFAULT 'Day'::character varying,
    mobile character varying(50)
);


ALTER TABLE public.production_employees OWNER TO postgres;

--
-- TOC entry 259 (class 1259 OID 237831)
-- Name: production_logs; Type: TABLE; Schema: public; Owner: postgres
--

CREATE TABLE public.production_logs (
    id integer NOT NULL,
    machine_id character varying(50),
    log_date date NOT NULL,
    worker_type character varying(50),
    worker_id character varying(50),
    processed_qty numeric(10,2) DEFAULT 0,
    order_ref character varying(100)
);


ALTER TABLE public.production_logs OWNER TO postgres;

--
-- TOC entry 260 (class 1259 OID 237837)
-- Name: production_logs_id_seq; Type: SEQUENCE; Schema: public; Owner: postgres
--

CREATE SEQUENCE public.production_logs_id_seq
    AS integer
    START WITH 1
    INCREMENT BY 1
    NO MINVALUE
    NO MAXVALUE
    CACHE 1;


ALTER SEQUENCE public.production_logs_id_seq OWNER TO postgres;

--
-- TOC entry 5410 (class 0 OID 0)
-- Dependencies: 260
-- Name: production_logs_id_seq; Type: SEQUENCE OWNED BY; Schema: public; Owner: postgres
--

ALTER SEQUENCE public.production_logs_id_seq OWNED BY public.production_logs.id;


--
-- TOC entry 261 (class 1259 OID 237838)
-- Name: production_machines; Type: TABLE; Schema: public; Owner: postgres
--

CREATE TABLE public.production_machines (
    id character varying(50) NOT NULL,
    name character varying(255) NOT NULL,
    status character varying(50) DEFAULT 'Running'::character varying,
    speed character varying(100) DEFAULT '100m/min'::character varying,
    last_maintenance date
);


ALTER TABLE public.production_machines OWNER TO postgres;

--
-- TOC entry 262 (class 1259 OID 237845)
-- Name: production_outsourced; Type: TABLE; Schema: public; Owner: postgres
--

CREATE TABLE public.production_outsourced (
    id character varying(50) NOT NULL,
    name character varying(255) NOT NULL,
    agency character varying(255) DEFAULT 'Apex Labor Solutions'::character varying,
    task character varying(255) DEFAULT 'General Production'::character varying,
    shift character varying(50) DEFAULT 'Day'::character varying
);


ALTER TABLE public.production_outsourced OWNER TO postgres;

--
-- TOC entry 263 (class 1259 OID 237855)
-- Name: production_schedule; Type: TABLE; Schema: public; Owner: postgres
--

CREATE TABLE public.production_schedule (
    schedule_id integer NOT NULL,
    sub_order_id text,
    machine_id integer,
    start_date timestamp without time zone NOT NULL,
    end_date timestamp without time zone NOT NULL,
    scheduled_qty numeric(10,2) NOT NULL,
    status character varying(50) DEFAULT 'Scheduled'::character varying,
    created_at timestamp without time zone DEFAULT CURRENT_TIMESTAMP
);


ALTER TABLE public.production_schedule OWNER TO postgres;

--
-- TOC entry 264 (class 1259 OID 237866)
-- Name: production_schedule_schedule_id_seq; Type: SEQUENCE; Schema: public; Owner: postgres
--

CREATE SEQUENCE public.production_schedule_schedule_id_seq
    AS integer
    START WITH 1
    INCREMENT BY 1
    NO MINVALUE
    NO MAXVALUE
    CACHE 1;


ALTER SEQUENCE public.production_schedule_schedule_id_seq OWNER TO postgres;

--
-- TOC entry 5411 (class 0 OID 0)
-- Dependencies: 264
-- Name: production_schedule_schedule_id_seq; Type: SEQUENCE OWNED BY; Schema: public; Owner: postgres
--

ALTER SEQUENCE public.production_schedule_schedule_id_seq OWNED BY public.production_schedule.schedule_id;


--
-- TOC entry 265 (class 1259 OID 237867)
-- Name: raw_material_inventory; Type: TABLE; Schema: public; Owner: postgres
--

CREATE TABLE public.raw_material_inventory (
    inventory_id integer NOT NULL,
    material_id integer,
    quantity_on_hand numeric(10,2) DEFAULT 0.00,
    allocated_quantity numeric(10,2) DEFAULT 0.00,
    updated_at timestamp without time zone DEFAULT CURRENT_TIMESTAMP
);


ALTER TABLE public.raw_material_inventory OWNER TO postgres;

--
-- TOC entry 266 (class 1259 OID 237874)
-- Name: raw_material_inventory_inventory_id_seq; Type: SEQUENCE; Schema: public; Owner: postgres
--

CREATE SEQUENCE public.raw_material_inventory_inventory_id_seq
    AS integer
    START WITH 1
    INCREMENT BY 1
    NO MINVALUE
    NO MAXVALUE
    CACHE 1;


ALTER SEQUENCE public.raw_material_inventory_inventory_id_seq OWNER TO postgres;

--
-- TOC entry 5412 (class 0 OID 0)
-- Dependencies: 266
-- Name: raw_material_inventory_inventory_id_seq; Type: SEQUENCE OWNED BY; Schema: public; Owner: postgres
--

ALTER SEQUENCE public.raw_material_inventory_inventory_id_seq OWNED BY public.raw_material_inventory.inventory_id;


--
-- TOC entry 267 (class 1259 OID 237875)
-- Name: raw_material_master; Type: TABLE; Schema: public; Owner: postgres
--

CREATE TABLE public.raw_material_master (
    material_id integer NOT NULL,
    material_name character varying(255) NOT NULL,
    material_category character varying(100) NOT NULL,
    unit_of_measure character varying(50) NOT NULL,
    min_stock_level numeric(10,2) DEFAULT 0.00,
    cost_per_unit numeric(10,2) DEFAULT 0.00,
    created_at timestamp without time zone DEFAULT CURRENT_TIMESTAMP,
    updated_at timestamp without time zone DEFAULT CURRENT_TIMESTAMP
);


ALTER TABLE public.raw_material_master OWNER TO postgres;

--
-- TOC entry 268 (class 1259 OID 237886)
-- Name: raw_material_master_material_id_seq; Type: SEQUENCE; Schema: public; Owner: postgres
--

CREATE SEQUENCE public.raw_material_master_material_id_seq
    AS integer
    START WITH 1
    INCREMENT BY 1
    NO MINVALUE
    NO MAXVALUE
    CACHE 1;


ALTER SEQUENCE public.raw_material_master_material_id_seq OWNER TO postgres;

--
-- TOC entry 5413 (class 0 OID 0)
-- Dependencies: 268
-- Name: raw_material_master_material_id_seq; Type: SEQUENCE OWNED BY; Schema: public; Owner: postgres
--

ALTER SEQUENCE public.raw_material_master_material_id_seq OWNED BY public.raw_material_master.material_id;


--
-- TOC entry 269 (class 1259 OID 237887)
-- Name: reject_reason_master; Type: TABLE; Schema: public; Owner: postgres
--

CREATE TABLE public.reject_reason_master (
    id integer NOT NULL,
    reason_name character varying(100) NOT NULL
);


ALTER TABLE public.reject_reason_master OWNER TO postgres;

--
-- TOC entry 270 (class 1259 OID 237892)
-- Name: sample; Type: TABLE; Schema: public; Owner: postgres
--

CREATE TABLE public.sample (
    sample_id character varying(50) NOT NULL,
    received_date timestamp without time zone DEFAULT CURRENT_TIMESTAMP,
    expected_delivery_date timestamp without time zone,
    cus_id character varying(50),
    design_id character varying(100),
    lead_status character varying(50) DEFAULT 'received'::character varying,
    is_sample boolean DEFAULT true,
    weight numeric(10,2),
    ground character varying(255),
    dc_challan_no character varying(100),
    dc_date date,
    received_weight numeric(10,2),
    total_weight numeric(10,2),
    design_style character varying(100),
    print_type character varying(100),
    colour_fabric character varying(100),
    diameter character varying(255),
    roll_length character varying(100),
    order_date timestamp without time zone,
    converted_order_id character varying(50),
    quote_price numeric(10,2),
    importance character varying(50),
    reject_reason text
);


ALTER TABLE public.sample OWNER TO postgres;

--
-- TOC entry 271 (class 1259 OID 237901)
-- Name: sample_seq; Type: SEQUENCE; Schema: public; Owner: postgres
--

CREATE SEQUENCE public.sample_seq
    START WITH 1
    INCREMENT BY 1
    NO MINVALUE
    NO MAXVALUE
    CACHE 1;


ALTER SEQUENCE public.sample_seq OWNER TO postgres;

--
-- TOC entry 272 (class 1259 OID 237902)
-- Name: sub_order_id_seq; Type: SEQUENCE; Schema: public; Owner: postgres
--

CREATE SEQUENCE public.sub_order_id_seq
    START WITH 1
    INCREMENT BY 1
    NO MINVALUE
    NO MAXVALUE
    CACHE 1;


ALTER SEQUENCE public.sub_order_id_seq OWNER TO postgres;

--
-- TOC entry 273 (class 1259 OID 237903)
-- Name: sub_order; Type: TABLE; Schema: public; Owner: postgres
--

CREATE TABLE public.sub_order (
    design_id character varying(20),
    design_style character varying(50),
    print_type character varying(50),
    colour_fabric character varying(50),
    diameter character varying(500),
    roll_length numeric,
    inward_weight numeric,
    delivered_weight numeric,
    outward_dc_challan_no integer,
    loss numeric,
    loss_percentage numeric,
    bill_no character varying(50),
    suborder_date timestamp without time zone,
    expected_delivery_date timestamp without time zone,
    suborder_remarks character varying(255),
    suborder_dept_flow_status character varying(50),
    dept_id character varying(50),
    dept_status character varying(255),
    dept_received_date timestamp without time zone,
    dept_work_complete_date timestamp without time zone,
    order_comments character varying(50),
    dept_comments character varying(50),
    dept_seq integer,
    dept_strike_off_approval character varying(50),
    order_id text,
    sub_order_id text DEFAULT nextval('public.sub_order_id_seq'::regclass) NOT NULL,
    actual_delivery_date timestamp without time zone,
    tax1 numeric(10,2),
    tax2 numeric(10,2),
    suborder_price numeric(10,2),
    hsn_code character varying(20),
    supply_type character varying(20),
    igst numeric,
    customer_name character varying(255),
    dc_challan_no character varying,
    dc_date timestamp without time zone,
    ground character varying
);


ALTER TABLE public.sub_order OWNER TO postgres;

--
-- TOC entry 274 (class 1259 OID 237910)
-- Name: sub_order_bom; Type: TABLE; Schema: public; Owner: postgres
--

CREATE TABLE public.sub_order_bom (
    bom_id integer NOT NULL,
    sub_order_id character varying(255) NOT NULL,
    material_id integer NOT NULL,
    required_qty numeric NOT NULL,
    created_at timestamp without time zone DEFAULT CURRENT_TIMESTAMP
);


ALTER TABLE public.sub_order_bom OWNER TO postgres;

--
-- TOC entry 275 (class 1259 OID 237920)
-- Name: sub_order_bom_bom_id_seq; Type: SEQUENCE; Schema: public; Owner: postgres
--

CREATE SEQUENCE public.sub_order_bom_bom_id_seq
    AS integer
    START WITH 1
    INCREMENT BY 1
    NO MINVALUE
    NO MAXVALUE
    CACHE 1;


ALTER SEQUENCE public.sub_order_bom_bom_id_seq OWNER TO postgres;

--
-- TOC entry 5414 (class 0 OID 0)
-- Dependencies: 275
-- Name: sub_order_bom_bom_id_seq; Type: SEQUENCE OWNED BY; Schema: public; Owner: postgres
--

ALTER SEQUENCE public.sub_order_bom_bom_id_seq OWNED BY public.sub_order_bom.bom_id;


--
-- TOC entry 276 (class 1259 OID 237921)
-- Name: textile1; Type: TABLE; Schema: public; Owner: postgres
--

CREATE TABLE public.textile1 (
    design_id character varying(50) NOT NULL,
    design_name character varying(255) NOT NULL,
    design_desc text NOT NULL,
    image_path text,
    is_active boolean NOT NULL,
    active_from date NOT NULL,
    active_till date NOT NULL
);


ALTER TABLE public.textile1 OWNER TO postgres;

--
-- TOC entry 277 (class 1259 OID 237932)
-- Name: textile_order_bkp; Type: TABLE; Schema: public; Owner: postgres
--

CREATE TABLE public.textile_order_bkp (
    order_id character varying(50),
    order_price numeric(10,2),
    order_datime timestamp without time zone,
    design_id character varying(50),
    overall_status character varying(20),
    order_delivery_date date,
    active boolean,
    customer_name character varying(50),
    dept_id integer,
    dept_status character varying(255),
    dept_received_date timestamp without time zone,
    dept_work_complete_date timestamp without time zone,
    order_comments character varying(50),
    dept_comments character varying(50)
);


ALTER TABLE public.textile_order_bkp OWNER TO postgres;

--
-- TOC entry 278 (class 1259 OID 237937)
-- Name: textile_orders; Type: TABLE; Schema: public; Owner: postgres
--

CREATE TABLE public.textile_orders (
    order_id character varying(50) NOT NULL,
    order_price numeric(10,2),
    order_datime timestamp without time zone,
    design_id character varying(50),
    overall_status character varying(20),
    order_delivery_date timestamp without time zone,
    active boolean DEFAULT true,
    customer_name character varying(50),
    dept_id character varying,
    dept_status character varying(255),
    dept_received_date timestamp without time zone,
    dept_work_complete_date timestamp without time zone,
    order_comments character varying(50),
    dept_comments character varying(50),
    dept_seq integer,
    dept_strike_off_approval character varying(50)
);


ALTER TABLE public.textile_orders OWNER TO postgres;

--
-- TOC entry 280 (class 1259 OID 237954)
-- Name: vendor; Type: TABLE; Schema: public; Owner: postgres
--

CREATE TABLE public.vendor (
    vendor_id character varying(10) NOT NULL,
    vendor_name character varying(100),
    email character varying(100),
    street character varying(150),
    city character varying(100),
    state character varying(100),
    country character varying(100),
    pincode character varying(10),
    contact_phone character varying(15),
    active boolean DEFAULT true,
    landline1 character varying(15),
    landline2 character varying(15),
    created_on timestamp without time zone DEFAULT CURRENT_TIMESTAMP,
    updated_on timestamp without time zone DEFAULT CURRENT_TIMESTAMP
);


ALTER TABLE public.vendor OWNER TO postgres;

--
-- TOC entry 281 (class 1259 OID 237963)
-- Name: vendor_contract; Type: TABLE; Schema: public; Owner: postgres
--

CREATE TABLE public.vendor_contract (
    contract_id character varying(50) NOT NULL,
    configuration_items character varying(100),
    contract_start_date timestamp without time zone,
    contract_end_date timestamp without time zone,
    contract_category character varying(100),
    contract_subcategory character varying(100),
    contract_summary text,
    contract_sign_date timestamp without time zone
);


ALTER TABLE public.vendor_contract OWNER TO postgres;

--
-- TOC entry 282 (class 1259 OID 237969)
-- Name: vendor_sequence; Type: SEQUENCE; Schema: public; Owner: postgres
--

CREATE SEQUENCE public.vendor_sequence
    START WITH 1
    INCREMENT BY 1
    NO MINVALUE
    NO MAXVALUE
    CACHE 1;


ALTER SEQUENCE public.vendor_sequence OWNER TO postgres;

--
-- TOC entry 283 (class 1259 OID 237970)
-- Name: yarn_ledger; Type: TABLE; Schema: public; Owner: postgres
--

CREATE TABLE public.yarn_ledger (
    id integer NOT NULL,
    cus_id character varying(50) NOT NULL,
    yarn_type character varying(100) NOT NULL,
    quantity numeric(12,2) NOT NULL,
    transaction_type character varying(20) NOT NULL,
    order_id character varying(50),
    created_at timestamp without time zone DEFAULT now()
);


ALTER TABLE public.yarn_ledger OWNER TO postgres;

--
-- TOC entry 284 (class 1259 OID 237979)
-- Name: yarn_ledger_id_seq; Type: SEQUENCE; Schema: public; Owner: postgres
--

CREATE SEQUENCE public.yarn_ledger_id_seq
    AS integer
    START WITH 1
    INCREMENT BY 1
    NO MINVALUE
    NO MAXVALUE
    CACHE 1;


ALTER SEQUENCE public.yarn_ledger_id_seq OWNER TO postgres;

--
-- TOC entry 5415 (class 0 OID 0)
-- Dependencies: 284
-- Name: yarn_ledger_id_seq; Type: SEQUENCE OWNED BY; Schema: public; Owner: postgres
--

ALTER SEQUENCE public.yarn_ledger_id_seq OWNED BY public.yarn_ledger.id;


--
-- TOC entry 5088 (class 2604 OID 245842)
-- Name: accounts_payments payment_id; Type: DEFAULT; Schema: public; Owner: postgres
--

ALTER TABLE ONLY public.accounts_payments ALTER COLUMN payment_id SET DEFAULT nextval('public.accounts_payments_payment_id_seq'::regclass);


--
-- TOC entry 5014 (class 2604 OID 237980)
-- Name: contact_us id; Type: DEFAULT; Schema: public; Owner: postgres
--

ALTER TABLE ONLY public.contact_us ALTER COLUMN id SET DEFAULT nextval('public.contact_us_id_seq'::regclass);


--
-- TOC entry 5015 (class 2604 OID 237981)
-- Name: customer_master cus_id; Type: DEFAULT; Schema: public; Owner: postgres
--

ALTER TABLE ONLY public.customer_master ALTER COLUMN cus_id SET DEFAULT nextval('public.customer_master_cus_id_seq'::regclass);


--
-- TOC entry 5020 (class 2604 OID 237982)
-- Name: design_bom bom_id; Type: DEFAULT; Schema: public; Owner: postgres
--

ALTER TABLE ONLY public.design_bom ALTER COLUMN bom_id SET DEFAULT nextval('public.design_bom_bom_id_seq'::regclass);


--
-- TOC entry 5023 (class 2604 OID 237983)
-- Name: inventory_transaction_log transaction_id; Type: DEFAULT; Schema: public; Owner: postgres
--

ALTER TABLE ONLY public.inventory_transaction_log ALTER COLUMN transaction_id SET DEFAULT nextval('public.inventory_transaction_log_transaction_id_seq'::regclass);


--
-- TOC entry 5028 (class 2604 OID 237984)
-- Name: machine_daily_log log_id; Type: DEFAULT; Schema: public; Owner: postgres
--

ALTER TABLE ONLY public.machine_daily_log ALTER COLUMN log_id SET DEFAULT nextval('public.machine_daily_log_log_id_seq'::regclass);


--
-- TOC entry 5031 (class 2604 OID 237985)
-- Name: machine_master machine_id; Type: DEFAULT; Schema: public; Owner: postgres
--

ALTER TABLE ONLY public.machine_master ALTER COLUMN machine_id SET DEFAULT nextval('public.machine_master_machine_id_seq'::regclass);


--
-- TOC entry 5038 (class 2604 OID 237986)
-- Name: orders1_auditlog activity_id; Type: DEFAULT; Schema: public; Owner: postgres
--

ALTER TABLE ONLY public.orders1_auditlog ALTER COLUMN activity_id SET DEFAULT nextval('public.orders1_auditlog_activity_id_seq'::regclass);


--
-- TOC entry 5039 (class 2604 OID 237987)
-- Name: orders_auditlog activity_id; Type: DEFAULT; Schema: public; Owner: postgres
--

ALTER TABLE ONLY public.orders_auditlog ALTER COLUMN activity_id SET DEFAULT nextval('public.orders_auditlog_activity_id_seq'::regclass);


--
-- TOC entry 5044 (class 2604 OID 237988)
-- Name: production_logs id; Type: DEFAULT; Schema: public; Owner: postgres
--

ALTER TABLE ONLY public.production_logs ALTER COLUMN id SET DEFAULT nextval('public.production_logs_id_seq'::regclass);


--
-- TOC entry 5051 (class 2604 OID 237989)
-- Name: production_schedule schedule_id; Type: DEFAULT; Schema: public; Owner: postgres
--

ALTER TABLE ONLY public.production_schedule ALTER COLUMN schedule_id SET DEFAULT nextval('public.production_schedule_schedule_id_seq'::regclass);


--
-- TOC entry 5054 (class 2604 OID 237990)
-- Name: raw_material_inventory inventory_id; Type: DEFAULT; Schema: public; Owner: postgres
--

ALTER TABLE ONLY public.raw_material_inventory ALTER COLUMN inventory_id SET DEFAULT nextval('public.raw_material_inventory_inventory_id_seq'::regclass);


--
-- TOC entry 5058 (class 2604 OID 237991)
-- Name: raw_material_master material_id; Type: DEFAULT; Schema: public; Owner: postgres
--

ALTER TABLE ONLY public.raw_material_master ALTER COLUMN material_id SET DEFAULT nextval('public.raw_material_master_material_id_seq'::regclass);


--
-- TOC entry 5067 (class 2604 OID 237992)
-- Name: sub_order_bom bom_id; Type: DEFAULT; Schema: public; Owner: postgres
--

ALTER TABLE ONLY public.sub_order_bom ALTER COLUMN bom_id SET DEFAULT nextval('public.sub_order_bom_bom_id_seq'::regclass);


--
-- TOC entry 5076 (class 2604 OID 237993)
-- Name: yarn_ledger id; Type: DEFAULT; Schema: public; Owner: postgres
--

ALTER TABLE ONLY public.yarn_ledger ALTER COLUMN id SET DEFAULT nextval('public.yarn_ledger_id_seq'::regclass);


--
-- TOC entry 5393 (class 0 OID 245820)
-- Dependencies: 285
-- Data for Name: accounts_invoices; Type: TABLE DATA; Schema: public; Owner: postgres
--

COPY public.accounts_invoices (invoice_id, order_id, cus_id, customer_name, invoice_date, due_date, subtotal, discount, gst_percent, gst_amount, net_amount, paid_amount, balance, status, items, created_at) FROM stdin;
INV-2026-0001	ORD-000161	C-0042	Samyu	2026-07-28	2026-08-15	85000.00	2000.00	18.00	14940.00	97940.00	97940.00	0.00	Paid	[{"qty": 1000, "desc": "flower print on Polyester", "rate": 85, "subOrderId": "SUB_00180"}]	2026-08-01 16:23:42.209
INV-2026-0004	ORD-0000141	C-0002	RRK COTTONS INDIA	2026-08-01	2026-08-01	34000.00	0.00	18.00	6120.00	40120.00	40120.00	0.00	Paid	[{"qty": 400, "desc": "Cat-Blue ()", "rate": 85, "designId": "C/1637/2", "subOrderId": "SUB_00155"}]	2026-08-01 18:48:49.355
INV-2026-0005	ORD-0000141	C-0002	RRK COTTONS INDIA	2026-08-01	2026-08-01	34000.00	0.00	18.00	6120.00	40120.00	40120.00	0.00	Paid	[{"qty": 400, "desc": "Cat-Blue ()", "rate": 85, "designId": "C/1637/2", "subOrderId": "SUB_00155"}]	2026-08-01 18:54:57.857
INV-2026-0002	ORD-000135	C-0001	High Breedd Fashions	2026-07-27	2026-08-10	66000.00	1500.00	18.00	11610.00	76110.00	76110.00	0.00	Paid	[{"qty": 600, "desc": "bow design on white fleece", "rate": 110, "subOrderId": "SUB_00146"}]	2026-08-01 16:23:42.209
INV-2026-0003	ORD-000129	C-0004	Arrow Tex	2026-07-26	2026-08-15	48000.00	0.00	18.00	8640.00	56640.00	56640.00	0.00	Paid	[{"qty": 400, "desc": "h-sts/brown design on S/J", "rate": 120, "subOrderId": "SUB_00140"}]	2026-08-01 16:23:42.209
INV-2026-0006	ORD-DEMO-0908	C-0012	laxmi garments	2026-08-03	2026-08-18	42942.00	0.00	18.00	7730.00	50672.00	20000.00	30672.00	Partially Paid	[{"qty": 168, "desc": "sand-dl (pigment)", "rate": 85, "designId": "B/8072/5", "subOrderId": "SO-DEMO-0911"}, {"qty": 168, "desc": "honey bee (pigment)", "rate": 85, "designId": "B/9779/3", "subOrderId": "SO-DEMO-0912"}, {"qty": 169.2, "desc": "yellow-ice cream (pigment)", "rate": 85, "designId": "B/8503/5", "subOrderId": "SO-DEMO-0913"}]	2026-08-03 15:41:10.755
INV-2026-0007	ORD-DEMO-0901	C-0006	Create Knit Fashion	2026-08-03	2026-08-18	2303.50	0.00	18.00	415.00	2719.00	1000.00	1719.00	Partially Paid	[{"qty": 27.1, "desc": "LEMONE (pigment)", "rate": 85, "designId": "C/1556/2", "subOrderId": "SO-DEMO-0901"}]	2026-08-03 16:03:09.32
INV-2026-0008	ORD-DEMO-0906	C-0029	Aasfeervatu Textile	2026-08-03	2026-08-18	440725.00	0.00	18.00	79331.00	520056.00	0.00	520056.00	Unpaid	[{"qty": 5185, "desc": "Printing Work ()", "rate": 85, "designId": "N/A", "subOrderId": "SO-DEMO-0909"}]	2026-08-03 16:17:04.857
INV-2026-0009	ORD-0000005	C-0005	vishnu knits	2026-08-03	2026-08-18	2550.00	25.00	18.00	455.00	2980.00	2000.00	980.00	Partially Paid	[{"qty": 5.6, "desc": "V-STS-GREY (pigment)", "rate": 85, "designId": "C/1638/1", "subOrderId": "SUB_00010"}, {"qty": 9.4, "desc": "DINOSAR PRINT (PUFF)", "rate": 85, "designId": "C/1637/2", "subOrderId": "SUB_00011"}, {"qty": 10, "desc": "TREE-SUN (pigment)", "rate": 85, "designId": "C/1638/6", "subOrderId": "SUB_00012"}, {"qty": 5, "desc": "Printing Work ()", "rate": 85, "designId": "SETTINGS", "subOrderId": "SUB_00013"}]	2026-08-03 16:28:41.438
INV-2026-0011	ORD-DEMO-0903	C-0008	star knit wear	2026-08-03	2026-08-18	119510.00	1000.00	18.00	21332.00	139842.00	20000.00	119842.00	Partially Paid	[{"qty": 1406, "desc": "Printing Work (pigment)", "rate": 85, "designId": "N/A", "subOrderId": "SO-DEMO-0904"}]	2026-08-03 19:20:29.757
INV-2026-0012	ORD-0000004	C-0004	VALUE FASHIONS	2026-08-03	2026-08-18	8109.00	1000.00	18.00	1280.00	8389.00	2000.00	6389.00	Partially Paid	[{"qty": 15.6, "desc": "Printing Work ()", "rate": 85, "designId": "N/A", "subOrderId": "SUB_00007"}, {"qty": 15.8, "desc": "Printing Work ()", "rate": 85, "designId": "N/A", "subOrderId": "SUB_00008"}, {"qty": 64, "desc": "ANIMAL-BIG (pigment)", "rate": 85, "designId": "C/1768/6", "subOrderId": "SUB_00009"}]	2026-08-03 21:48:21.073
INV-2026-0013	ORD-0000135	C-0001	HIGH BREEDD FASHIONS	2026-08-04	2026-08-19	51000.00	0.00	18.00	9180.00	60180.00	60180.00	0.00	Paid	[{"qty": 600, "desc": "bow (pig+fl)", "rate": 85, "designId": "C/1638/6", "subOrderId": "SUB_00146"}]	2026-08-04 15:43:39.605
INV-2026-0010	ORD-DEMO-0902	C-0028	AKR Industries (P)	2026-08-03	2026-08-18	1972.00	100.00	18.00	337.00	2209.00	1500.00	709.00	Partially Paid	[{"qty": 11.9, "desc": "MICKEY (Discharge)", "rate": 85, "designId": "C/1740/4", "subOrderId": "SO-DEMO-0902"}, {"qty": 11.3, "desc": "MICKEY-PINK (pigment)", "rate": 85, "designId": "C/1741/4", "subOrderId": "SO-DEMO-0903"}]	2026-08-03 16:36:56.021
INV-2026-0014	ORD-0000002	C-0002	RRK COTTONS INDIA	2026-08-04	2026-08-19	106343.50	10000.00	18.00	17342.00	113686.00	113686.00	0.00	Paid	[{"qty": 708.1, "desc": "CAT-BLUE-820 SIZE (REACTIVE)", "rate": 85, "designId": "C/14", "subOrderId": "SUB_00002"}, {"qty": 420, "desc": "BOW -LAVENDER/820 (REACTIVE)", "rate": 85, "designId": "C/1499/4", "subOrderId": "SUB_00003"}, {"qty": 123, "desc": "CAT-BLUE-820 SIZE (REACTIVE)", "rate": 85, "designId": "C/1494/4", "subOrderId": "SUB_00004"}]	2026-08-04 23:39:33.078843
\.


--
-- TOC entry 5395 (class 0 OID 245839)
-- Dependencies: 287
-- Data for Name: accounts_payments; Type: TABLE DATA; Schema: public; Owner: postgres
--

COPY public.accounts_payments (payment_id, invoice_id, payment_date, amount, payment_mode, reference_no, created_at) FROM stdin;
1	INV-2026-0001	2026-07-29	97940.00	Bank Transfer	TXN9876543	2026-08-01 16:23:42.215
2	INV-2026-0002	2026-07-28	40000.00	GPay	UPI9823719	2026-08-01 16:23:42.215
34	INV-2026-0004	2026-08-01	40120.00	GPay	GpayCN623456789012	2026-08-01 18:48:49.362
35	INV-2026-0005	2026-08-01	40120.00	GPay	gpay623456789012	2026-08-01 18:54:57.869
36	INV-2026-0002	2026-08-03	36110.00	Cash	678	2026-08-03 15:38:22.577
37	INV-2026-0003	2026-08-03	30000.00	Bank Transfer	789	2026-08-03 15:39:24.874
38	INV-2026-0003	2026-08-03	10000.00	Bank Transfer	345	2026-08-03 15:43:40.922
39	INV-2026-0003	2026-08-03	16640.00	Bank Transfer	N/A	2026-08-03 15:44:07.421
40	INV-2026-0006	2026-08-03	20000.00	Bank Transfer	N/A	2026-08-03 15:53:17.368
41	INV-2026-0007	2026-08-03	1000.00	Bank Transfer	Initial Collection	2026-08-03 16:03:09.326
42	INV-2026-0009	2026-08-03	2000.00	GPay	346	2026-08-03 16:29:18.533
43	INV-2026-0010	2026-08-03	1000.00	Bank Transfer	230	2026-08-03 16:37:20.888
44	INV-2026-0011	2026-08-03	10000.00	Bank Transfer	567	2026-08-03 19:21:10.379
45	INV-2026-0011	2026-08-03	10000.00	GPay	678	2026-08-03 21:36:41.637
46	INV-2026-0012	2026-08-03	2000.00	Cash	256	2026-08-03 21:49:00.089
47	INV-2026-0013	2026-08-04	10000.00	Bank Transfer	1234	2026-08-04 15:44:06.657
48	INV-2026-0013	2026-08-04	50180.00	Bank Transfer	345	2026-08-04 15:44:21.393
49	INV-2026-0010	2026-08-04	500.00	Bank Transfer	679	2026-08-04 23:37:31.17576
50	INV-2026-0014	2026-08-04	10000.00	Bank Transfer	678	2026-08-04 23:40:12.120995
51	INV-2026-0014	2026-08-04	103686.00	Bank Transfer	N/A	2026-08-04 23:40:23.674064
\.


--
-- TOC entry 5328 (class 0 OID 237652)
-- Dependencies: 220
-- Data for Name: configuration_items; Type: TABLE DATA; Schema: public; Owner: postgres
--

COPY public.configuration_items (ci_name, installed_date, installed_status, decommission_date, end_of_life, description, tier, vendor_id, vendor_name, ci_class, location, warranty_period, customer_type, ci_id, warranty_start_date, warranty_end_date, maintenance_id) FROM stdin;
\N	\N	\N	\N	\N	\N	\N	\N	\N	\N	\N	\N	\N	CI-00352	\N	\N	v-4336
Fan	2025-11-20 18:53:00	development	\N	\N	\N	tier2	v-4336	sneha	IT hardware	chennai	\N	internal	CI-00367	2025-11-26 18:53:00	2025-12-23 18:53:00	VEN-00140
\N	2026-02-27 14:52:00	\N	\N	\N	gtyd	\N	VEN-00013	sneha	\N	chennai	5 years	internal	CI-00478	2026-02-20 14:52:00	\N	VEN-00033
Fan	2025-11-11 12:40:00	production	2025-11-04 12:40:00	2025-12-22 07:11:00	dfdfd	tier2	v-4336	sneha	machinery	coimbatore	5 years	internal	CI-00090	\N	\N	\N
Anbu	2025-11-11 07:35:00	production	2025-11-19 07:36:00	2025-12-15 07:36:00	dfd	tier2	VEN-00020	priya	IT hardware	salem	3 years	internal	CI-00035	\N	\N	\N
preethi	2025-10-27 08:22:00	production	2025-11-19 08:22:00	2025-09-29 02:53:00	yfghh	tier1	VEN-00005	Anbu	IT hardware	coimbatore	4 years	internal	CI-00007	\N	\N	\N
dfdf	\N	\N	\N	\N	\N	\N	VEN-00020	priya	\N	\N	\N	\N	CI-00108	\N	\N	\N
\N	\N	\N	\N	\N	\N	\N	\N	\N	\N	\N	\N	\N	CI-00111	\N	\N	\N
\N	\N	\N	\N	\N	\N	\N	\N	\N	\N	\N	\N	\N	CI-00136	\N	\N	\N
Fan	2025-11-11 16:06:00	development	2025-12-04 16:06:00	2025-12-31 10:43:00	fgg	tier1	VEN-00156	sam	software	chennai	00:00:00	internal	CI-00315	2025-11-10 16:06:00	2025-12-02 16:06:00	\N
LED_bulb	2025-11-20 08:53:00	production	2025-12-30 08:54:00	2026-01-27 03:24:00	dfs	tier1	VEN-00006	Anbu	software	salem	5 years	internal	CI-00110	\N	\N	\N
\N	\N	\N	\N	\N	\N	\N	\N	\N	\N	\N	\N	\N	CI-00340	2025-11-04 09:06:00	2025-12-23 09:06:00	\N
tube light	2025-11-05 09:07:00	production	2025-12-23 09:07:00	2025-12-29 03:38:00	dgs	tier2	VEN-00156	sam	IT hardware	\N	00:00:02	internal	CI-00109	2025-10-06 09:08:00	2025-12-03 09:08:00	\N
light	2025-09-09 12:46:00	production	2025-11-27 12:46:00	2025-11-26 01:49:00	fg	tier3	VEN-00033	Sendoor	machinery	Anthiyur	00:02:00	internal	CI-00091	2025-09-09 10:13:00	2025-10-28 10:13:00	\N
bulb	2025-10-28 14:33:00	development	2025-12-31 14:33:00	2026-01-20 09:05:00	fd	tier3	VEN-00020	priya	machinery	salem	00:02:00	internal	CI-00348	2025-10-28 14:34:00	2026-02-05 14:35:00	\N
Fan	2025-11-05 14:46:00	testing	2025-12-15 14:46:00	2026-01-06 03:46:00	sddf	tier2	VEN-00033	Sendoor	IT hardware	salem	2 years	\N	CI-00350	2025-11-06 14:46:00	2025-12-22 14:46:00	VEN-00140
\.


--
-- TOC entry 5329 (class 0 OID 237658)
-- Dependencies: 221
-- Data for Name: contact_us; Type: TABLE DATA; Schema: public; Owner: postgres
--

COPY public.contact_us (id, name, email, phone, address, message) FROM stdin;
1	ragavi	ragavi@gmail.com	9347543540	chennai	dffd
2	Raju	raju@gmail.com	894878753	coimbatore	vc
3	shree	shree@gmail.com	75545454545	chennai	hdfhf
\.


--
-- TOC entry 5332 (class 0 OID 237666)
-- Dependencies: 224
-- Data for Name: customer_master; Type: TABLE DATA; Schema: public; Owner: postgres
--

COPY public.customer_master (cus_id, customer_name, mobile1, mobile2, email, gst_no, address) FROM stdin;
C-0002	RRK COTTONS INDIA	8601458649	\N	rrkcottonsindia@gmail.com	33JZHKN0726D1Z3	\N
C-0003	Arrow tex	7527596284	\N	arrowtex@gmail.com	33GEMDB1690X1Z4	\N
C-0004	VALUE FASHIONS	8533757826	\N	valuefashions@gmail.com	33VPHVO8307U1Z1	\N
C-0005	vishnu knits	9317122874	\N	vishnuknits@gmail.com	33DMAHV6430O1Z7	\N
C-0006	Create Knit Fashion	7458888675	\N	createknitfashion@gmail.com	33TURXL0003P1Z7	\N
C-0007	AKR INDUSTRIES( P )	7354588728	\N	akrindustriesp@gmail.com	33JZPBY4093I1Z6	\N
C-0008	star knit wear	7535505598	\N	starknitwear@gmail.com	33TWJVS0467X1Z3	\N
C-0009	Rhythm knit india (unit 2)	7316850508	\N	rhythmknitindiaunit2@gmail.com	33FFNQC9032S1Z4	\N
C-0010	REVANTH IMPEX	7742869664	\N	revanthimpex@gmail.com	33VWYAM1803C1Z2	\N
C-0011	AASEERVATH TEXTILE	9767777656	\N	aaseervathtextile@gmail.com	33BONSN9992T1Z5	\N
C-0012	laxmi garments	7673253704	\N	laxmigarments@gmail.com	33CWQYF4267D1Z0	\N
C-0013	sachin designs	7911528998	\N	sachindesigns@gmail.com	33TWLZY2854Q1Z9	\N
C-0014	sriven knits	9842534540	\N	srivenknits@gmail.com	33YCACN0798X1Z7	\N
C-0015	yudvi apparels(HIGH BREEDD)	8830572657	\N	yudviapparelshighbreedd@gmail.com	33POLVA0756K1Z2	\N
C-0016	s p apparels	9855726330	\N	spapparels@gmail.com	33UQYIJ3878C1Z1	\N
C-0017	SAADHI FASHIONS	7887848311	\N	saadhifashions@gmail.com	33LOCTU4910N1Z7	\N
C-0018	THE JAYAVEL IMPEX	7152438961	\N	thejayavelimpex@gmail.com	33XBEYE6049Z1Z4	\N
C-0019	sri skanda global inc	7212843197	\N	sriskandaglobalinc@gmail.com	33FXWZW4303T1Z1	\N
C-0020	Greenway exims	8018630204	\N	greenwayexims@gmail.com	33THPWN5795B1Z5	\N
C-0021	MAIL HOSIERIES	9422203465	\N	mailhosieries@gmail.com	33YWJCX7240C1Z4	\N
C-0022	AR APPARELS	7975819097	\N	arapparels@gmail.com	33AJGCJ2924M1Z8	\N
C-0023	FABRO TEXTILES	9968447857	\N	fabrotextiles@gmail.com	33MHOGL4639E1Z9	\N
C-0024	VERTEX CLOTHING	8911543131	\N	vertexclothing@gmail.com	33TICFH6084N1Z0	\N
C-0025	creative exports	7121777865	\N	creativeexports@gmail.com	33PMVOH6993Z1Z4	\N
C-0026	RR APPARELS	7611317886	\N	rrapparels@gmail.com	33KWRJU4351S1Z1	\N
C-0027	FIVESTAR FASHION	9504172075	\N	fivestarfashion@gmail.com	33YLLUI9335Y1Z4	\N
C-0028	AKR Industries (P)	DEMO-000028	\N	\N	\N	\N
C-0029	Aasfeervatu Textile	DEMO-000029	\N	\N	\N	\N
C-0031	jaya chitra graments	7096336788	\N		\N	\N
\.


--
-- TOC entry 5335 (class 0 OID 237676)
-- Dependencies: 227
-- Data for Name: customer_yarn_stock; Type: TABLE DATA; Schema: public; Owner: postgres
--

COPY public.customer_yarn_stock (cus_id, yarn_type, total_inward, used_in_leads, used_in_orders) FROM stdin;
C-0003	white flenece	4500.00	0.00	0.00
C-0012	white s/j	100.00	0.00	0.00
C-0012	blue flenece	1370.00	0.00	0.00
C-0012	WHITE L/J (OPEN)	1100.00	0.00	0.00
C-0004	white fleece(open)	0.00	50.00	0.00
C-0001	white	400.00	60.00	0.00
C-0001	Cotton Satin 40s	200.00	40.00	0.00
\.


--
-- TOC entry 5336 (class 0 OID 237684)
-- Dependencies: 228
-- Data for Name: department; Type: TABLE DATA; Schema: public; Owner: postgres
--

COPY public.department (dept_id, dept_name, primary_contact_name, seq_no, primary_phone, secondary_contact, secondary_phone, dept_manager, manager_phone) FROM stdin;
DEPT-DESPATCH	dept-Despatch		2					
DEPT-SLIT-OPEN	dept-slit		2					
DEPT-DESIGN	dept-Design	97645546444	1	95566657441	07666647777	95433277455	xx	4t665577557
DEPT_SCREEN_ENGRAVE	dept-screen	97645546444	2					
DEPT-DELIVERY	delivery	876555555550	3					
DEPT-DESPATCHs	dept-Despatch		2					
\.


--
-- TOC entry 5337 (class 0 OID 237689)
-- Dependencies: 229
-- Data for Name: dept; Type: TABLE DATA; Schema: public; Owner: postgres
--

COPY public.dept (dept_id, dept_name, created_on, updated_on, active) FROM stdin;
DEPT-1	Finance	2025-06-01 00:00:00	2025-06-05 00:00:00	t
DEPT-2	HR	2025-06-02 00:00:00	2025-06-10 00:00:00	t
DEPT-3	IT	2025-06-03 00:00:00	2025-06-15 00:00:00	t
DEPT-4	Operations	2025-06-04 00:00:00	2025-06-20 00:00:00	f
DEPT-5	Marketing	2025-06-05 00:00:00	2025-06-25 00:00:00	t
DEPT-6	computer	2025-06-06 10:00:00	2025-06-30 12:00:00	t
DEPT-7	HR	2025-06-07 10:00:00	2025-07-05 11:00:00	t
DEPT-8	MBA	2025-06-08 10:00:00	2025-07-10 10:00:00	t
DEPT-9	Operations	2025-06-09 11:00:00	2025-07-15 12:00:00	f
DEPT-10	Marketing	2025-06-10 10:00:00	2025-06-20 11:00:00	t
\.


--
-- TOC entry 5338 (class 0 OID 237693)
-- Dependencies: 230
-- Data for Name: dept_master; Type: TABLE DATA; Schema: public; Owner: postgres
--

COPY public.dept_master (dept_id, dept_name, dept_flow_seq, primary_contact_name, primary_phone, secondary_contact, secondary_phone, dept_manager, manager_phone) FROM stdin;
DEPT-DESIGN	DESIGN	1	\N	\N	\N	\N	\N	\N
DEPT-DESPATCH	dept-Despatch	5	ssd	95566654441	07666647777	95433223455		
DEPT-SLIT-OPEN	dept-slit	6	dsdds	95566657441				
DEPT-DELIVERY	delivery	3	fg	95566654441	07666647777	95433277455	dd	46665577557
DEPT_SCREEN_ENGRAVE	screen-engrave	6		95566657441				
\.


--
-- TOC entry 5339 (class 0 OID 237698)
-- Dependencies: 231
-- Data for Name: dept_status_flow_master; Type: TABLE DATA; Schema: public; Owner: postgres
--

COPY public.dept_status_flow_master (dept_status_seq, dept_status) FROM stdin;
1	todo
2	in_progress
3	done
\.


--
-- TOC entry 5340 (class 0 OID 237701)
-- Dependencies: 232
-- Data for Name: design_bom; Type: TABLE DATA; Schema: public; Owner: postgres
--

COPY public.design_bom (bom_id, design_id, material_id, required_qty, created_at) FROM stdin;
\.


--
-- TOC entry 5342 (class 0 OID 237708)
-- Dependencies: 234
-- Data for Name: design_master; Type: TABLE DATA; Schema: public; Owner: postgres
--

COPY public.design_master (design_id, design_name, design_desc, image_path, is_active, active_from, active_till, cus_id, customer_name, created_at) FROM stdin;
C/1313/4	LEAF THOKKA-BROWN	\N	\N	t	\N	\N	C-0001	HIGH BREEDD FASHIONS	2026-07-14 18:05:21.741037
C/1494/4	CAT-BLUE-820 SIZE	\N	\N	t	\N	\N	C-0002	RRK COTTONS INDIA	2026-07-14 18:05:21.771846
C/1499/4	BOW -LAVENDER/820	\N	\N	t	\N	\N	C-0002	RRK COTTONS INDIA	2026-07-14 18:05:21.774129
C/1301/2	h-sts/brown	\N	\N	t	\N	\N	C-0003	Arrow tex	2026-07-14 18:05:21.778074
C/1300/2	h-sts/blue	\N	\N	t	\N	\N	C-0003	Arrow tex	2026-07-14 18:05:21.780973
C/1768/6	ANIMAL-BIG	\N	\N	t	\N	\N	C-0004	VALUE FASHIONS	2026-07-14 18:05:21.783347
C/1638/1	V-STS-GREY	\N	\N	t	\N	\N	C-0005	vishnu knits	2026-07-14 18:05:21.78545
C/1637/2	DINOSAR PRINT	\N	\N	t	\N	\N	C-0005	vishnu knits	2026-07-14 18:05:21.787743
c/1126/5	flower	null	\N	t	\N	\N	C-0031	jaya chitra graments	2026-07-18 15:22:01.987261
C/1638/6	TREE-SUN	null	\N	t	\N	\N	C-0005	vishnu knits	2026-07-14 18:05:21.789741
SETTINGS	SETTINGS	null	\N	t	\N	\N	C-0005	vishnu knits	2026-07-14 18:05:21.791967
C/1807/5	lavendarbow	bows on fabric	http://localhost:5000/assets/1785862748567-bowlavendor.png	t	\N	\N	null	HIGH BREEDD FASHIONS	2026-08-04 22:29:08.630802
C/1805/6	LEAF THOKKA-BROWN	leaf over the fabric	http://localhost:5000/assets/1785851587429-leafthokkabrown.png	t	\N	\N	C-0011	AASEERVATH TEXTILE	2026-08-04 19:23:07.499878
C/1808/1	honeybee	honeybee on fabrics	http://localhost:5000/assets/1785863606788-honeybee.png	t	\N	\N	C-0004	VALUE FASHIONS	2026-08-04 22:43:26.842698
C/1637/	DINOSAR PRINT	dinosor on fabrics	\N	t	\N	\N	null	laxmi garments	2026-08-03 14:51:16.389521
\.


--
-- TOC entry 5343 (class 0 OID 237715)
-- Dependencies: 235
-- Data for Name: gst_hsn; Type: TABLE DATA; Schema: public; Owner: postgres
--

COPY public.gst_hsn (hsn_code, hsn_desc, short_desc, sgst, cgst, igst) FROM stdin;
998881	Textile processing services including dyeing, bleaching, printing	Textile processing	2.50	2.50	5.00
611710	Made-up clothing accessories: printed garments	Garment printing	2.50	2.50	5.00
\.


--
-- TOC entry 5344 (class 0 OID 237721)
-- Dependencies: 236
-- Data for Name: inventory_transaction_log; Type: TABLE DATA; Schema: public; Owner: postgres
--

COPY public.inventory_transaction_log (transaction_id, material_id, transaction_type, quantity, reference_id, created_by, created_at) FROM stdin;
3	5	Stock In	2500.00	9932	Admin	2026-06-26 11:38:05.765311
4	5	Stock In	250.00	75	Admin	2026-06-26 11:38:29.129846
5	8	Stock In	60.00	123	Admin	2026-06-26 11:39:40.203044
6	5	Stock In	20.00	153	Admin	2026-06-26 18:30:33.415647
7	4	Stock In	13.00	123	Admin	2026-06-26 19:32:10.999023
8	9	Stock In	100.00	523	Admin	2026-06-27 19:10:22.334321
9	10	Stock In	34.00	235	Admin	2026-07-02 16:16:53.4297
10	8	Stock In	500.00	123	Admin	2026-07-02 19:14:54.523275
11	5	Stock In	80.00	12345	Admin	2026-07-10 12:05:06.322714
12	5	Stock Out	100.00	BOM Allocate: SUB_00625	SubOrder BOM System	2026-07-10 12:48:52.965522
13	5	Allocation	100.00	BOM Allocate: SUB_00625	SubOrder BOM System	2026-07-10 12:48:52.965522
14	5	Stock In	100.00	BOM Revert: SUB_00625	SubOrder BOM System	2026-07-10 13:16:39.280455
15	5	Allocation	-100.00	BOM Revert: SUB_00625	SubOrder BOM System	2026-07-10 13:16:39.280455
16	5	Stock Out	150.00	BOM Allocate: SUB_00625	SubOrder BOM System	2026-07-10 13:16:39.280455
17	5	Allocation	150.00	BOM Allocate: SUB_00625	SubOrder BOM System	2026-07-10 13:16:39.280455
18	5	Stock In	150.00	BOM Revert: SUB_00625	SubOrder BOM System	2026-07-10 13:21:53.897442
19	5	Allocation	-150.00	BOM Revert: SUB_00625	SubOrder BOM System	2026-07-10 13:21:53.897442
20	5	Stock Out	150.00	BOM Allocate: SUB_00625	SubOrder BOM System	2026-07-10 13:21:53.897442
21	5	Allocation	150.00	BOM Allocate: SUB_00625	SubOrder BOM System	2026-07-10 13:21:53.897442
24	5	Stock Out	750.00	BOM Allocate: SUB_00631	SubOrder BOM System	2026-07-10 13:24:59.940028
25	5	Allocation	750.00	BOM Allocate: SUB_00631	SubOrder BOM System	2026-07-10 13:24:59.940028
26	4	Stock Out	100.00	BOM Allocate: SUB_00631	SubOrder BOM System	2026-07-10 13:24:59.940028
27	4	Allocation	100.00	BOM Allocate: SUB_00631	SubOrder BOM System	2026-07-10 13:24:59.940028
31	10	Stock Out	10.00	BOM Allocate: SUB_00632	SubOrder BOM System	2026-07-10 15:33:39.479705
32	10	Allocation	10.00	BOM Allocate: SUB_00632	SubOrder BOM System	2026-07-10 15:33:39.479705
36	12	Stock In	100.00	123	Admin	2026-07-10 15:39:16.10677
37	5	Stock In	750.00	BOM Revert: SUB_00631	SubOrder BOM System	2026-07-10 19:49:50.052192
38	5	Allocation	-750.00	BOM Revert: SUB_00631	SubOrder BOM System	2026-07-10 19:49:50.052192
39	4	Stock In	100.00	BOM Revert: SUB_00631	SubOrder BOM System	2026-07-10 19:49:50.052192
40	4	Allocation	-100.00	BOM Revert: SUB_00631	SubOrder BOM System	2026-07-10 19:49:50.052192
41	5	Stock Out	750.00	BOM Allocate: SUB_00631	SubOrder BOM System	2026-07-10 19:49:50.052192
42	5	Allocation	750.00	BOM Allocate: SUB_00631	SubOrder BOM System	2026-07-10 19:49:50.052192
43	4	Stock Out	100.00	BOM Allocate: SUB_00631	SubOrder BOM System	2026-07-10 19:49:50.052192
44	4	Allocation	100.00	BOM Allocate: SUB_00631	SubOrder BOM System	2026-07-10 19:49:50.052192
45	6	Stock Out	50.00	BOM Allocate: SUB_00631	SubOrder BOM System	2026-07-10 19:49:50.052192
46	6	Allocation	50.00	BOM Allocate: SUB_00631	SubOrder BOM System	2026-07-10 19:49:50.052192
\.


--
-- TOC entry 5347 (class 0 OID 237730)
-- Dependencies: 239
-- Data for Name: lead; Type: TABLE DATA; Schema: public; Owner: postgres
--

COPY public.lead (lead_id, received_date, expected_delivery_date, quote_price, lead_status, design_id, cus_id, reject_reason, importance, is_sample, weight, ground, dc_challan_no, dc_date, received_weight, total_weight, design_style, print_type, colour_fabric, diameter, roll_length, order_date, converted_order_id) FROM stdin;
\.


--
-- TOC entry 5348 (class 0 OID 237741)
-- Dependencies: 240
-- Data for Name: lead_status_master; Type: TABLE DATA; Schema: public; Owner: postgres
--

COPY public.lead_status_master (lead_status_id, status_name) FROM stdin;
1	Received
2	In Progress
3	Delivered
4	Cancelled
5	Awaiting Approval
6	Rejected
7	Accepted
\.


--
-- TOC entry 5349 (class 0 OID 237746)
-- Dependencies: 241
-- Data for Name: machine_daily_log; Type: TABLE DATA; Schema: public; Owner: postgres
--

COPY public.machine_daily_log (log_id, machine_id, record_date, operator_name, processed_qty, task_details, created_at) FROM stdin;
1	1	2026-07-22	Bala Murugan	100.00	Daily Production Batch	2026-07-22 19:15:43.253374
2	1	2026-07-22	Anand Kumar	200.00	Daily Production Batch	2026-07-22 19:16:15.358243
\.


--
-- TOC entry 5351 (class 0 OID 237755)
-- Dependencies: 243
-- Data for Name: machine_master; Type: TABLE DATA; Schema: public; Owner: postgres
--

COPY public.machine_master (machine_id, machine_name, machine_type, daily_capacity, capacity_unit, is_active, created_at, supported_materials) FROM stdin;
1	Airjet Loom L-01	Weaving	120.00	meters	t	2026-06-25 21:01:53.602132	Cotton, Polyester, Blends
2	Airjet Loom L-02	Weaving	120.00	meters	t	2026-06-25 21:01:53.602132	Cotton, Silk, Fine Weaves
3	Dyeing Vat D-01 (High Temp)	Dyeing	300.00	kg	t	2026-06-25 21:01:53.602132	Polyester, Nylon, Synthetics (High Temp)
4	Dyeing Vat D-02 (Normal Temp)	Dyeing	150.00	kg	t	2026-06-25 21:01:53.602132	Cotton, Viscose, Natural Fibers (Normal Temp)
5	Rotary Printing Machine P-01	Printing	10.00	rolls	t	2026-06-25 21:01:53.602132	Rotary Screen Print, Pigment & Reactive
7	Stiching	Printing	200.00	meters	t	2026-06-26 11:29:37.852816	All Fabrics (Stitching & Hemming)
\.


--
-- TOC entry 5353 (class 0 OID 237768)
-- Dependencies: 245
-- Data for Name: new_textile; Type: TABLE DATA; Schema: public; Owner: postgres
--

COPY public.new_textile (design_id, design_name, design_desc, image_path, is_active, active_from, active_till) FROM stdin;
B/8402/6	Yellow Fish	Yellow fish is a colour	assets\\1747109927653-i1.jpg	t	2025-05-01	2025-05-30
B/8402/7	sun flower	flower is beautiful	assets\\1747111410041-i2.jpg	t	2024-04-16	2025-05-08
B/8400/9	lotus	lotus is our national flower	assets\\1747111445200-i4.jpg	t	2025-05-01	2025-05-08
B/8402/9	rose	rose 	assets\\1747111479384-i5.jpg	t	2025-05-01	2025-05-02
B/8400/3	roja	Roja is flower	assets\\1747112555209-i2.jpg	t	2025-05-22	2025-05-10
B/8402/11	Yellow Fish	Yellow fish is a colour	\N	t	2025-05-22	2025-05-10
B/8402/13	jasmine	jasmine smell is very nice	assets\\1747134572870-i6.jpg	t	2025-05-22	2025-06-18
B/8402/6	Yellow Fish	Yellow fish is a colour	assets\\1747109927653-i1.jpg	t	2025-05-01	2025-05-30
B/8402/7	sun flower	flower is beautiful	assets\\1747111410041-i2.jpg	t	2024-04-16	2025-05-08
B/8400/9	lotus	lotus is our national flower	assets\\1747111445200-i4.jpg	t	2025-05-01	2025-05-08
B/8402/9	rose	rose 	assets\\1747111479384-i5.jpg	t	2025-05-01	2025-05-02
B/8400/3	roja	Roja is flower	assets\\1747112555209-i2.jpg	t	2025-05-22	2025-05-10
B/8402/11	Yellow Fish	Yellow fish is a colour	\N	t	2025-05-22	2025-05-10
B/8402/13	jasmine	jasmine smell is very nice	assets\\1747134572870-i6.jpg	t	2025-05-22	2025-06-18
B/8402/6	Yellow Fish	Yellow fish is a colour	assets\\1747109927653-i1.jpg	t	2025-05-01	2025-05-30
B/8402/7	sun flower	flower is beautiful	assets\\1747111410041-i2.jpg	t	2024-04-16	2025-05-08
B/8400/9	lotus	lotus is our national flower	assets\\1747111445200-i4.jpg	t	2025-05-01	2025-05-08
B/8402/9	rose	rose 	assets\\1747111479384-i5.jpg	t	2025-05-01	2025-05-02
B/8400/3	roja	Roja is flower	assets\\1747112555209-i2.jpg	t	2025-05-22	2025-05-10
B/8402/11	Yellow Fish	Yellow fish is a colour	\N	t	2025-05-22	2025-05-10
B/8402/13	jasmine	jasmine smell is very nice	assets\\1747134572870-i6.jpg	t	2025-05-22	2025-06-18
B/8402/6	Yellow Fish	Yellow fish is a colour	assets\\1747109927653-i1.jpg	t	2025-05-01	2025-05-30
B/8402/7	sun flower	flower is beautiful	assets\\1747111410041-i2.jpg	t	2024-04-16	2025-05-08
B/8400/9	lotus	lotus is our national flower	assets\\1747111445200-i4.jpg	t	2025-05-01	2025-05-08
B/8402/9	rose	rose 	assets\\1747111479384-i5.jpg	t	2025-05-01	2025-05-02
B/8400/3	roja	Roja is flower	assets\\1747112555209-i2.jpg	t	2025-05-22	2025-05-10
B/8402/11	Yellow Fish	Yellow fish is a colour	\N	t	2025-05-22	2025-05-10
B/8402/13	jasmine	jasmine smell is very nice	assets\\1747134572870-i6.jpg	t	2025-05-22	2025-06-18
B/8402/6	Yellow Fish	Yellow fish is a colour	assets\\1747109927653-i1.jpg	t	2025-05-01	2025-05-30
B/8402/7	sun flower	flower is beautiful	assets\\1747111410041-i2.jpg	t	2024-04-16	2025-05-08
B/8400/9	lotus	lotus is our national flower	assets\\1747111445200-i4.jpg	t	2025-05-01	2025-05-08
B/8402/9	rose	rose 	assets\\1747111479384-i5.jpg	t	2025-05-01	2025-05-02
B/8400/3	roja	Roja is flower	assets\\1747112555209-i2.jpg	t	2025-05-22	2025-05-10
B/8402/11	Yellow Fish	Yellow fish is a colour	\N	t	2025-05-22	2025-05-10
B/8402/13	jasmine	jasmine smell is very nice	assets\\1747134572870-i6.jpg	t	2025-05-22	2025-06-18
B/8402/30	lilly	lilly is in white colour	assets\\1747200255230-i6.jpg	t	2025-05-16	2025-05-30
B/8402/6	Yellow Fish	Yellow fish is a colour	assets\\1747109927653-i1.jpg	t	2025-05-01	2025-05-30
B/8402/7	sun flower	flower is beautiful	assets\\1747111410041-i2.jpg	t	2024-04-16	2025-05-08
B/8400/9	lotus	lotus is our national flower	assets\\1747111445200-i4.jpg	t	2025-05-01	2025-05-08
B/8402/9	rose	rose 	assets\\1747111479384-i5.jpg	t	2025-05-01	2025-05-02
B/8400/3	roja	Roja is flower	assets\\1747112555209-i2.jpg	t	2025-05-22	2025-05-10
B/8402/11	Yellow Fish	Yellow fish is a colour	\N	t	2025-05-22	2025-05-10
B/8402/13	jasmine	jasmine smell is very nice	assets\\1747134572870-i6.jpg	t	2025-05-22	2025-06-18
B/8402/30	lilly	lilly is in white colour	assets\\1747200255230-i6.jpg	t	2025-05-16	2025-05-30
B/8402/6	Yellow Fish	Yellow fish is a colour	assets\\1747109927653-i1.jpg	t	2025-05-01	2025-05-30
B/8402/7	sun flower	flower is beautiful	assets\\1747111410041-i2.jpg	t	2024-04-16	2025-05-08
B/8400/9	lotus	lotus is our national flower	assets\\1747111445200-i4.jpg	t	2025-05-01	2025-05-08
B/8402/9	rose	rose 	assets\\1747111479384-i5.jpg	t	2025-05-01	2025-05-02
B/8400/3	roja	Roja is flower	assets\\1747112555209-i2.jpg	t	2025-05-22	2025-05-10
B/8402/11	Yellow Fish	Yellow fish is a colour	\N	t	2025-05-22	2025-05-10
B/8402/13	jasmine	jasmine smell is very nice	assets\\1747134572870-i6.jpg	t	2025-05-22	2025-06-18
B/8402/30	lilly	lilly is in white colour	assets\\1747200255230-i6.jpg	t	2025-05-16	2025-05-30
B/8402/6	Yellow Fish	Yellow fish is a colour	assets\\1747109927653-i1.jpg	t	2025-05-01	2025-05-30
B/8402/7	sun flower	flower is beautiful	assets\\1747111410041-i2.jpg	t	2024-04-16	2025-05-08
B/8400/9	lotus	lotus is our national flower	assets\\1747111445200-i4.jpg	t	2025-05-01	2025-05-08
B/8402/9	rose	rose 	assets\\1747111479384-i5.jpg	t	2025-05-01	2025-05-02
B/8400/3	roja	Roja is flower	assets\\1747112555209-i2.jpg	t	2025-05-22	2025-05-10
B/8402/11	Yellow Fish	Yellow fish is a colour	\N	t	2025-05-22	2025-05-10
B/8402/13	jasmine	jasmine smell is very nice	assets\\1747134572870-i6.jpg	t	2025-05-22	2025-06-18
B/8402/30	lilly	lilly is in white colour	assets\\1747200255230-i6.jpg	t	2025-05-16	2025-05-30
B/8402/6	Yellow Fish	Yellow fish is a colour	assets\\1747109927653-i1.jpg	t	2025-05-01	2025-05-30
B/8402/7	sun flower	flower is beautiful	assets\\1747111410041-i2.jpg	t	2024-04-16	2025-05-08
B/8400/9	lotus	lotus is our national flower	assets\\1747111445200-i4.jpg	t	2025-05-01	2025-05-08
B/8402/9	rose	rose 	assets\\1747111479384-i5.jpg	t	2025-05-01	2025-05-02
B/8400/3	roja	Roja is flower	assets\\1747112555209-i2.jpg	t	2025-05-22	2025-05-10
B/8402/11	Yellow Fish	Yellow fish is a colour	\N	t	2025-05-22	2025-05-10
B/8402/13	jasmine	jasmine smell is very nice	assets\\1747134572870-i6.jpg	t	2025-05-22	2025-06-18
B/8402/30	lilly	lilly is in white colour	assets\\1747200255230-i6.jpg	t	2025-05-16	2025-05-30
B/8402/6	Yellow Fish	Yellow fish is a colour	assets\\1747109927653-i1.jpg	t	2025-05-01	2025-05-30
B/8402/7	sun flower	flower is beautiful	assets\\1747111410041-i2.jpg	t	2024-04-16	2025-05-08
B/8400/9	lotus	lotus is our national flower	assets\\1747111445200-i4.jpg	t	2025-05-01	2025-05-08
B/8402/9	rose	rose 	assets\\1747111479384-i5.jpg	t	2025-05-01	2025-05-02
B/8400/3	roja	Roja is flower	assets\\1747112555209-i2.jpg	t	2025-05-22	2025-05-10
B/8402/11	Yellow Fish	Yellow fish is a colour	\N	t	2025-05-22	2025-05-10
B/8402/13	jasmine	jasmine smell is very nice	assets\\1747134572870-i6.jpg	t	2025-05-22	2025-06-18
B/8402/30	lilly	lilly is in white colour	assets\\1747200255230-i6.jpg	t	2025-05-16	2025-05-30
B/8500/30	Hibiscus	Hibiscus is in red colour	assets\\1747200892554-i6.jpg	t	2025-05-09	2025-05-01
B/8402/6	Yellow Fish	Yellow fish is a colour	assets\\1747109927653-i1.jpg	t	2025-05-01	2025-05-30
B/8402/7	sun flower	flower is beautiful	assets\\1747111410041-i2.jpg	t	2024-04-16	2025-05-08
B/8400/9	lotus	lotus is our national flower	assets\\1747111445200-i4.jpg	t	2025-05-01	2025-05-08
B/8402/9	rose	rose 	assets\\1747111479384-i5.jpg	t	2025-05-01	2025-05-02
B/8400/3	roja	Roja is flower	assets\\1747112555209-i2.jpg	t	2025-05-22	2025-05-10
B/8402/11	Yellow Fish	Yellow fish is a colour	\N	t	2025-05-22	2025-05-10
B/8402/13	jasmine	jasmine smell is very nice	assets\\1747134572870-i6.jpg	t	2025-05-22	2025-06-18
B/8402/30	lilly	lilly is in white colour	assets\\1747200255230-i6.jpg	t	2025-05-16	2025-05-30
B/8500/30	Hibiscus	Hibiscus is in red colour	assets\\1747200892554-i6.jpg	t	2025-05-09	2025-05-01
B/8402/6	Yellow Fish	Yellow fish is a colour	assets\\1747109927653-i1.jpg	t	2025-05-01	2025-05-30
B/8402/7	sun flower	flower is beautiful	assets\\1747111410041-i2.jpg	t	2024-04-16	2025-05-08
B/8400/9	lotus	lotus is our national flower	assets\\1747111445200-i4.jpg	t	2025-05-01	2025-05-08
B/8402/9	rose	rose 	assets\\1747111479384-i5.jpg	t	2025-05-01	2025-05-02
B/8400/3	roja	Roja is flower	assets\\1747112555209-i2.jpg	t	2025-05-22	2025-05-10
B/8402/11	Yellow Fish	Yellow fish is a colour	\N	t	2025-05-22	2025-05-10
B/8402/13	jasmine	jasmine smell is very nice	assets\\1747134572870-i6.jpg	t	2025-05-22	2025-06-18
B/8402/30	lilly	lilly is in white colour	assets\\1747200255230-i6.jpg	t	2025-05-16	2025-05-30
B/8500/30	Hibiscus	Hibiscus is in red colour	assets\\1747200892554-i6.jpg	t	2025-05-09	2025-05-01
B/8402/6	Yellow Fish	Yellow fish is a colour	assets\\1747109927653-i1.jpg	t	2025-05-01	2025-05-30
B/8402/7	sun flower	flower is beautiful	assets\\1747111410041-i2.jpg	t	2024-04-16	2025-05-08
B/8400/9	lotus	lotus is our national flower	assets\\1747111445200-i4.jpg	t	2025-05-01	2025-05-08
B/8402/9	rose	rose 	assets\\1747111479384-i5.jpg	t	2025-05-01	2025-05-02
B/8400/3	roja	Roja is flower	assets\\1747112555209-i2.jpg	t	2025-05-22	2025-05-10
B/8402/11	Yellow Fish	Yellow fish is a colour	\N	t	2025-05-22	2025-05-10
B/8402/13	jasmine	jasmine smell is very nice	assets\\1747134572870-i6.jpg	t	2025-05-22	2025-06-18
B/8402/30	lilly	lilly is in white colour	assets\\1747200255230-i6.jpg	t	2025-05-16	2025-05-30
B/8500/30	Hibiscus	Hibiscus is in red colour	assets\\1747200892554-i6.jpg	t	2025-05-09	2025-05-01
B/8402/6	Yellow Fish	Yellow fish is a colour	assets\\1747109927653-i1.jpg	t	2025-05-01	2025-05-30
B/8402/7	sun flower	flower is beautiful	assets\\1747111410041-i2.jpg	t	2024-04-16	2025-05-08
B/8400/9	lotus	lotus is our national flower	assets\\1747111445200-i4.jpg	t	2025-05-01	2025-05-08
B/8402/9	rose	rose 	assets\\1747111479384-i5.jpg	t	2025-05-01	2025-05-02
B/8400/3	roja	Roja is flower	assets\\1747112555209-i2.jpg	t	2025-05-22	2025-05-10
B/8402/11	Yellow Fish	Yellow fish is a colour	\N	t	2025-05-22	2025-05-10
B/8402/13	jasmine	jasmine smell is very nice	assets\\1747134572870-i6.jpg	t	2025-05-22	2025-06-18
B/8402/30	lilly	lilly is in white colour	assets\\1747200255230-i6.jpg	t	2025-05-16	2025-05-30
B/8500/30	Hibiscus	Hibiscus is in red colour	assets\\1747200892554-i6.jpg	t	2025-05-09	2025-05-01
B/8402/6	Yellow Fish	Yellow fish is a colour	assets\\1747109927653-i1.jpg	t	2025-05-01	2025-05-30
B/8402/7	sun flower	flower is beautiful	assets\\1747111410041-i2.jpg	t	2024-04-16	2025-05-08
B/8400/9	lotus	lotus is our national flower	assets\\1747111445200-i4.jpg	t	2025-05-01	2025-05-08
B/8402/9	rose	rose 	assets\\1747111479384-i5.jpg	t	2025-05-01	2025-05-02
B/8400/3	roja	Roja is flower	assets\\1747112555209-i2.jpg	t	2025-05-22	2025-05-10
B/8402/11	Yellow Fish	Yellow fish is a colour	\N	t	2025-05-22	2025-05-10
B/8402/13	jasmine	jasmine smell is very nice	assets\\1747134572870-i6.jpg	t	2025-05-22	2025-06-18
B/8402/30	lilly	lilly is in white colour	assets\\1747200255230-i6.jpg	t	2025-05-16	2025-05-30
B/8500/30	Hibiscus	Hibiscus is in red colour	assets\\1747200892554-i6.jpg	t	2025-05-09	2025-05-01
B/8402/6	Yellow Fish	Yellow fish is a colour	assets\\1747109927653-i1.jpg	t	2025-05-01	2025-05-30
B/8402/7	sun flower	flower is beautiful	assets\\1747111410041-i2.jpg	t	2024-04-16	2025-05-08
B/8400/9	lotus	lotus is our national flower	assets\\1747111445200-i4.jpg	t	2025-05-01	2025-05-08
B/8402/9	rose	rose 	assets\\1747111479384-i5.jpg	t	2025-05-01	2025-05-02
B/8400/3	roja	Roja is flower	assets\\1747112555209-i2.jpg	t	2025-05-22	2025-05-10
B/8402/11	Yellow Fish	Yellow fish is a colour	\N	t	2025-05-22	2025-05-10
B/8402/13	jasmine	jasmine smell is very nice	assets\\1747134572870-i6.jpg	t	2025-05-22	2025-06-18
B/8402/30	lilly	lilly is in white colour	assets\\1747200255230-i6.jpg	t	2025-05-16	2025-05-30
B/8500/30	Hibiscus	Hibiscus is in red colour	assets\\1747200892554-i6.jpg	t	2025-05-09	2025-05-01
B/8402/6	Yellow Fish	Yellow fish is a colour	assets\\1747109927653-i1.jpg	t	2025-05-01	2025-05-30
B/8402/7	sun flower	flower is beautiful	assets\\1747111410041-i2.jpg	t	2024-04-16	2025-05-08
B/8400/9	lotus	lotus is our national flower	assets\\1747111445200-i4.jpg	t	2025-05-01	2025-05-08
B/8402/9	rose	rose 	assets\\1747111479384-i5.jpg	t	2025-05-01	2025-05-02
B/8400/3	roja	Roja is flower	assets\\1747112555209-i2.jpg	t	2025-05-22	2025-05-10
B/8402/11	Yellow Fish	Yellow fish is a colour	\N	t	2025-05-22	2025-05-10
B/8402/13	jasmine	jasmine smell is very nice	assets\\1747134572870-i6.jpg	t	2025-05-22	2025-06-18
B/8402/30	lilly	lilly is in white colour	assets\\1747200255230-i6.jpg	t	2025-05-16	2025-05-30
B/8500/30	Hibiscus	Hibiscus is in red colour	assets\\1747200892554-i6.jpg	t	2025-05-09	2025-05-01
B/8402/6	Yellow Fish	Yellow fish is a colour	assets\\1747109927653-i1.jpg	t	2025-05-01	2025-05-30
B/8402/7	sun flower	flower is beautiful	assets\\1747111410041-i2.jpg	t	2024-04-16	2025-05-08
B/8400/9	lotus	lotus is our national flower	assets\\1747111445200-i4.jpg	t	2025-05-01	2025-05-08
B/8402/9	rose	rose 	assets\\1747111479384-i5.jpg	t	2025-05-01	2025-05-02
B/8400/3	roja	Roja is flower	assets\\1747112555209-i2.jpg	t	2025-05-22	2025-05-10
B/8402/11	Yellow Fish	Yellow fish is a colour	\N	t	2025-05-22	2025-05-10
B/8402/13	jasmine	jasmine smell is very nice	assets\\1747134572870-i6.jpg	t	2025-05-22	2025-06-18
B/8402/30	lilly	lilly is in white colour	assets\\1747200255230-i6.jpg	t	2025-05-16	2025-05-30
B/8500/30	Hibiscus	Hibiscus is in red colour	assets\\1747200892554-i6.jpg	t	2025-05-09	2025-05-01
\.


--
-- TOC entry 5354 (class 0 OID 237773)
-- Dependencies: 246
-- Data for Name: order_dept_workflow; Type: TABLE DATA; Schema: public; Owner: postgres
--

COPY public.order_dept_workflow (order_id, dept_id, dept_status, dept_status_timestamp, active) FROM stdin;
ORD-10	DEPT-1	todo	2025-06-01 00:00:00	t
ORD-10	DEPT-1	in progress	2025-06-06 00:00:00	t
ORD-10	DEPT-1	delivered	2025-06-10 00:00:00	t
ORD-12	DEPT-2	todo	2025-06-11 00:00:00	t
ORD-12	DEPT-2	in progress	2025-06-16 00:00:00	t
ORD-12	DEPT-2	delivered	2025-06-20 00:00:00	t
ORD-13	DEPT-3	todo	2025-06-26 00:00:00	t
ORD-13	DEPT-3	in progress	2025-07-01 00:00:00	t
ORD-13	DEPT-3	delivered	2025-07-10 00:00:00	t
ORD-14	DEPT-4	todo	2025-07-15 00:00:00	t
ORD-14	DEPT-4	in progress	2025-07-21 00:00:00	t
ORD-14	DEPT-4	delivered	2025-07-28 00:00:00	t
\.


--
-- TOC entry 5355 (class 0 OID 237780)
-- Dependencies: 247
-- Data for Name: order_master; Type: TABLE DATA; Schema: public; Owner: postgres
--

COPY public.order_master (order_id, order_date, order_status, cus_id, order_price, overall_state_tax, overall_central_tax, customer_rating, customer_feedback, actual_delivery_date, expected_delivery_date, overall_igst, dc_challan_no, dc_date, ground, total_weight, received_weight) FROM stdin;
ORD-0000005	2026-01-02 00:00:00	todo	C-0005	30.00	0.00	0.00	\N	\N	\N	2026-01-02 00:00:00	\N	\N	\N	\N	\N	\N
ORD-0000232	2026-07-27 13:55:00	todo	C-0003	\N	0.00	0.00	\N	\N	\N	\N	\N	2092	2026-07-22	white flenece	1000.00	990.00
LD-0002078	2026-07-27 11:13:00	received	C-0001	0.00	0.00	0.00	\N	\N	\N	\N	0.00	7991	2026-07-25	white flenece	300.00	300.00
ORD-0000205	2026-07-27 15:49:00	todo	C-0001	\N	0.00	0.00	\N	\N	\N	\N	\N	893	2026-07-17	white fleece(open)	500.00	499.00
ORD-0000206	2026-07-27 10:19:00	todo	C-0001	\N	0.00	0.00	\N	\N	\N	\N	\N	893	2026-07-17	white fleece(open)	500.00	499.00
ORD-0000101	2026-07-21 14:19:00	\N	C-0001	0.00	0.00	0.00	\N	\N	\N	\N	0.00	\N	\N	\N	\N	\N
ORD-0000245	2026-07-28 02:11:00	todo	C-0012	0.00	0.00	0.00	\N	\N	\N	\N	0.00	935	2026-07-27	blue flenece	1000.00	998.00
ORD-0000072	2026-07-20 17:01:00	\N	C-0001	0.00	0.00	0.00	\N	\N	\N	\N	0.00	\N	\N	\N	\N	\N
LD-0002079	2026-07-27 04:49:00	received	C-0001	0.00	0.00	0.00	\N	\N	\N	\N	0.00	893	2026-07-17	white fleece(open)	500.00	499.00
ORD-0000100	2026-07-21 08:41:00	todo	C-0001	0.00	0.00	0.00	\N	\N	\N	\N	0.00	\N	\N	\N	\N	\N
ORD-0000091	2026-07-20 18:16:00	\N	C-0001	0.00	0.00	0.00	\N	\N	\N	\N	0.00	\N	\N	\N	\N	\N
ORD-0000207	2026-07-27 15:49:00	todo	C-0001	\N	0.00	0.00	\N	\N	\N	\N	\N	893	2026-07-17	white fleece(open)	500.00	499.00
ORD-0000218	2026-07-27 18:18:00	todo	C-0009	\N	0.00	0.00	\N	\N	\N	\N	\N	7998	2026-07-12	blue flenece	100.00	100.00
ORD-0000095	2026-07-20 18:28:00	\N	C-0001	0.00	0.00	0.00	\N	\N	\N	\N	0.00	\N	\N	\N	\N	\N
ORD-0000219	2026-07-27 18:18:00	todo	C-0009	\N	0.00	0.00	\N	\N	\N	\N	\N	7998	2026-07-12	blue flenece	100.00	100.00
ORD-0000220	2026-07-27 18:18:00	todo	C-0009	\N	0.00	0.00	\N	\N	\N	\N	\N	7998	2026-07-12	blue flenece	100.00	100.00
ORD-0000221	2026-07-27 18:18:00	todo	C-0009	\N	0.00	0.00	\N	\N	\N	\N	\N	7998	2026-07-12	blue flenece	100.00	100.00
ORD-0000222	2026-07-27 18:18:00	todo	C-0009	\N	0.00	0.00	\N	\N	\N	\N	\N	7998	2026-07-12	blue flenece	100.00	100.00
ORD-0000119	2026-07-21 05:37:00	todo	C-0001	0.00	0.00	0.00	\N	\N	\N	\N	0.00	\N	\N	\N	\N	\N
LD-0002047	2026-07-27 12:48:00	\N	C-0009	0.00	0.00	0.00	\N	\N	\N	\N	0.00	7998	2026-07-12	blue flenece	100.00	100.00
ORD-0000003	2026-01-01 13:00:00	todo	C-0003	0.00	0.00	0.00	\N	\N	\N	2026-01-02 00:00:00	0.00	\N	\N	\N	\N	\N
ORD-0000076	2026-07-20 17:41:00	\N	C-0001	0.00	0.00	0.00	\N	\N	\N	\N	0.00	7998	2026-07-16	white fleece(open)	\N	\N
ORD-0000052	2026-07-18 15:28:00	\N	C-0031	0.00	0.00	0.00	\N	\N	\N	\N	0.00	\N	\N	\N	\N	\N
ORD-0000225	2026-07-27 18:42:00	todo	C-0001	\N	0.00	0.00	\N	\N	\N	\N	\N	450	\N	blue flenece	200.00	\N
LD-0002057	2026-07-27 04:49:00	todo	C-0001	0.00	0.00	0.00	\N	\N	2026-07-29 14:18:41.454	\N	0.00	893	2026-07-17	white fleece(open)	500.00	499.00
ORD-0000078	2026-07-20 17:45:00	\N	C-0011	0.00	0.00	0.00	\N	\N	\N	\N	0.00	2092	2026-07-18	white fleece(open)	\N	\N
ORD-0000228	2026-07-28 06:25:00	todo	C-0003	\N	0.00	0.00	\N	\N	\N	\N	\N	2092	2026-07-22	white flenece	1000.00	990.00
ORD-0000122	2026-07-21 18:59:00	\N	C-0001	0.00	0.00	0.00	\N	\N	\N	\N	0.00	\N	\N	\N	\N	\N
ORD-0000001	2025-12-31 09:30:00	inprogress	C-0001	0.00	0.00	0.00	\N	\N	2026-07-15 17:46:02.01	2026-01-02 00:00:00	0.00	\N	\N	\N	\N	\N
ORD-0000242	2026-07-28 02:05:00	todo	C-0012	0.00	0.00	0.00	\N	\N	\N	\N	0.00	639	2026-07-26	white s/j	100.00	100.00
ORD-0000126	2026-07-22 13:18:00	\N	\N	0.00	0.00	0.00	\N	\N	\N	\N	0.00	\N	\N	\N	\N	\N
ORD-0000074	2026-07-20 17:31:00	\N	C-0002	0.00	0.00	0.00	\N	\N	2026-07-23 13:50:35.771	\N	0.00	7998	2026-07-20	white s/j	\N	\N
ORD-0000030	2026-07-16 17:35:00	\N	C-0008	0.00	0.00	0.00	\N	\N	\N	2026-08-16 17:36:00	0.00	\N	\N	\N	\N	\N
ORD-0000034	2026-07-17 14:59:00	\N	C-0003	\N	\N	\N	\N	\N	\N	\N	\N	\N	\N	\N	\N	\N
ORD-0000037	2026-07-17 15:05:00	\N	C-0003	\N	\N	\N	\N	\N	\N	\N	\N	\N	\N	\N	\N	\N
ORD-0000071	2026-07-20 16:59:00	\N	C-0001	0.00	0.00	0.00	\N	\N	\N	\N	0.00	\N	\N	\N	\N	\N
ORD-0000041	2026-07-17 15:18:00	\N	C-0004	\N	\N	\N	\N	\N	\N	\N	\N	\N	\N	\N	\N	\N
ORD-0000070	2026-07-20 16:57:00	\N	C-0001	0.00	0.00	0.00	\N	\N	\N	\N	0.00	\N	\N	\N	\N	\N
ORD-0000045	2026-07-17 19:14:00	\N	C-0001	0.00	0.00	0.00	\N	\N	\N	2026-07-31 19:15:00	0.00	\N	\N	\N	\N	\N
ORD-DEMO-0902	2026-01-02 00:00:00	todo	C-0028	\N	0.00	0.00	\N	\N	\N	\N	\N	\N	\N	\N	\N	\N
ORD-DEMO-0903	2026-01-02 00:00:00	todo	C-0008	\N	0.00	0.00	\N	\N	\N	\N	\N	\N	\N	\N	\N	\N
ORD-DEMO-0904	2026-01-02 00:00:00	todo	C-0009	\N	0.00	0.00	\N	\N	\N	\N	\N	\N	\N	\N	\N	\N
ORD-DEMO-0905	2026-01-03 00:00:00	todo	C-0010	\N	0.00	0.00	\N	\N	\N	\N	\N	\N	\N	\N	\N	\N
ORD-DEMO-0906	2026-01-03 00:00:00	todo	C-0029	\N	0.00	0.00	\N	\N	\N	\N	\N	\N	\N	\N	\N	\N
ORD-DEMO-0907	2026-01-03 00:00:00	todo	C-0009	\N	0.00	0.00	\N	\N	\N	\N	\N	\N	\N	\N	\N	\N
ORD-DEMO-0908	2026-01-05 00:00:00	todo	C-0012	\N	0.00	0.00	\N	\N	\N	\N	\N	\N	\N	\N	\N	\N
ORD-DEMO-0901	2026-01-01 13:00:00	todo	C-0006	0.00	0.00	0.00	\N	\N	2026-07-23 14:05:21.475	\N	0.00	\N	\N	\N	\N	\N
ORD-0000051	2026-07-18 15:22:00	\N	C-0031	0.00	0.00	0.00	\N	\N	\N	2026-07-21 15:24:00	0.00	\N	\N	\N	\N	\N
ORD-0000081	2026-07-20 17:50:00	\N	C-0011	0.00	0.00	0.00	\N	\N	\N	\N	0.00	7998	2026-07-18	blue flenece	\N	\N
ORD-0000082	2026-07-20 17:57:00	\N	C-0001	\N	\N	\N	\N	\N	\N	\N	\N	7996	2026-07-23	white flenece	\N	\N
ORD-0000237	2026-07-26 21:25:00	\N	C-0003	\N	\N	\N	\N	\N	\N	\N	\N	2092	2026-07-22	white flenece	1000.00	990.00
ORD-0000083	2026-07-20 18:02:00	\N	C-0001	0.00	0.00	0.00	\N	\N	\N	\N	0.00	\N	\N	\N	\N	\N
ORD-0000129	2026-07-24 16:10:00	\N	C-0003	0.00	0.00	0.00	\N	\N	\N	2026-07-31 16:11:00	0.00	\N	\N	\N	\N	\N
ORD-0000231	2026-07-27 08:25:00	todo	C-0003	0.00	0.00	0.00	\N	\N	\N	\N	0.00	2092	2026-07-22	white flenece	1000.00	990.00
ORD-0000002	2025-12-31 13:30:00	todo	C-0002	0.00	0.00	0.00	\N	\N	2026-07-18 15:39:51.268	2026-01-02 00:00:00	0.00	\N	\N	\N	\N	\N
ORD-0000053	2026-07-18 15:34:00	\N	C-0031	0.00	0.00	0.00	\N	\N	\N	\N	0.00	\N	\N	\N	\N	\N
ORD-0000132	2026-07-25 12:46:00	\N	C-0001	0.00	0.00	0.00	\N	\N	\N	2026-07-30 12:46:00	0.00	\N	\N	\N	\N	\N
ORD-0000073	2026-07-20 17:02:00	\N	C-0001	0.00	0.00	0.00	\N	\N	\N	\N	0.00	\N	\N	\N	\N	\N
ORD-0000233	2026-07-27 08:25:00	todo	C-0003	\N	0.00	0.00	\N	\N	\N	\N	\N	2092	2026-07-22	white flenece	1000.00	990.00
ORD-0000229	2026-07-27 19:25:00	todo	C-0003	0.00	0.00	0.00	\N	\N	\N	\N	0.00	2092	2026-07-22	white flenece	1000.00	990.00
ORD-0000135	2026-07-25 13:02:00	\N	C-0001	0.00	0.00	0.00	\N	\N	2026-07-25 13:04:39.287	2026-07-31 13:03:00	0.00	\N	\N	\N	\N	\N
ORD-0000230	2026-07-27 19:25:00	todo	C-0003	\N	0.00	0.00	\N	\N	\N	\N	\N	2092	2026-07-22	white flenece	1000.00	990.00
ORD-0000141	2026-07-25 15:16:00	\N	C-0002	0.00	0.00	0.00	\N	\N	\N	\N	0.00	\N	\N	\N	\N	\N
ORD-0000085	2026-07-20 18:07:00	\N	C-0001	0.00	0.00	0.00	\N	\N	2026-07-25 15:44:38.695	\N	0.00	\N	\N	\N	\N	\N
ORD-0000170	2026-07-27 15:49:00	todo	C-0001	\N	0.00	0.00	\N	\N	\N	\N	\N	893	2026-07-17	white fleece(open)	500.00	499.00
ORD-0000241	2026-07-28 13:05:00	todo	C-0012	\N	0.00	0.00	\N	\N	\N	\N	\N	639	2026-07-26	white s/j	100.00	100.00
ORD-0000244	2026-07-28 13:11:00	todo	C-0012	\N	0.00	0.00	\N	\N	\N	\N	\N	935	2026-07-27	blue flenece	1000.00	998.00
ORD-0000234	2026-07-27 02:55:00	\N	C-0003	\N	\N	\N	\N	\N	\N	\N	\N	2092	2026-07-22	white flenece	1000.00	990.00
ORD-0000247	2026-07-28 07:41:00	todo	C-0012	\N	0.00	0.00	\N	\N	\N	\N	\N	935	2026-07-27	blue flenece	1000.00	998.00
ORD-0000273	2026-07-28 08:06:00	todo	C-0012	\N	0.00	0.00	\N	\N	\N	\N	\N	3526	2026-01-12	WHITE L/J (OPEN)	1000.00	998.00
ORD-0000271	2026-07-28 13:36:00	todo	C-0012	\N	0.00	0.00	\N	\N	\N	\N	\N	3526	2026-01-12	WHITE L/J (OPEN)	1000.00	998.00
ORD-0000272	2026-07-28 02:36:00	todo	C-0012	0.00	0.00	0.00	\N	\N	\N	\N	0.00	3526	2026-01-12	WHITE L/J (OPEN)	1000.00	998.00
ORD-0000004	2026-01-01 02:00:00	todo	C-0004	0.00	0.00	0.00	\N	\N	2026-07-29 13:54:42.343	2026-01-02 00:00:00	0.00	\N	\N	\N	\N	\N
ORD-0000290	2026-08-04 15:25:00	todo	C-0001	\N	0.00	0.00	\N	\N	\N	\N	\N	6786	2026-08-03	white	500.00	499.00
ORD-0000294	2026-08-04 15:30:00	todo	C-0001	\N	0.00	0.00	\N	\N	\N	\N	\N	5930	2026-08-03	Cotton Satin 40s	1000.00	990.00
ORD-0000291	2026-08-04 09:55:00	\N	C-0001	0.00	0.00	0.00	\N	\N	\N	\N	0.00	6786	2026-08-03	white	500.00	499.00
ORD-0000295	2026-08-04 10:00:00	\N	C-0001	0.00	0.00	0.00	\N	\N	\N	\N	0.00	5930	2026-08-03	Cotton Satin 40s	1000.00	990.00
\.


--
-- TOC entry 5358 (class 0 OID 237791)
-- Dependencies: 250
-- Data for Name: order_status_flow_master; Type: TABLE DATA; Schema: public; Owner: postgres
--

COPY public.order_status_flow_master (order_status_seq, order_status) FROM stdin;
1	todo
2	In_Progress
3	Done
\.


--
-- TOC entry 5359 (class 0 OID 237794)
-- Dependencies: 251
-- Data for Name: order_status_master; Type: TABLE DATA; Schema: public; Owner: postgres
--

COPY public.order_status_master (status_id, status_name) FROM stdin;
1	Todo
3	Done
2	in_progress
\.


--
-- TOC entry 5360 (class 0 OID 237799)
-- Dependencies: 252
-- Data for Name: orders1; Type: TABLE DATA; Schema: public; Owner: postgres
--

COPY public.orders1 (order_id, order_price, order_datime, design_id) FROM stdin;
Avz123	550.00	2025-05-09 09:53:00	123
Avz123	550.00	2025-02-13 09:53:00	B/8402/7
Axs123	600.00	2025-05-09 10:52:00	B/8400/3
Avz123	600.00	2025-05-17 10:54:00	B/8400/3
Avz123	500.00	2025-05-06 19:26:00	B/1500/8
xyz123	600.00	2025-05-14 19:35:00	B/1500/100
xyz12	1000.00	2025-02-27 07:47:00	B/8400/9
rty23	630.00	2025-05-06 09:34:00	B/1800/10
B/1800	300.00	2025-01-27 09:56:00	B/900
\.


--
-- TOC entry 5361 (class 0 OID 237805)
-- Dependencies: 253
-- Data for Name: orders1_auditlog; Type: TABLE DATA; Schema: public; Owner: postgres
--

COPY public.orders1_auditlog (order_id, dept_id, dept_status, order_status, activity_id, activity_date, sub_order_id) FROM stdin;
ORD-0000381	DEPT-DESIGN	todo	todo	1	2025-08-08 12:23:04.718	\N
ORD-0000518	DEPT-DESIGN	todo	todo	5	2025-08-08 12:29:59.86	SUB_00110
ORD-0000518	DEPT-DESIGN	in_progress	todo	6	2025-08-08 12:30:02.775	SUB_00110
ORD-0000518	DEPT-DESIGN	done	todo	7	2025-08-08 12:30:14.15	SUB_00110
ORD-0000518	DEPT-STRIKE-OFF	todo	todo	8	2025-08-08 12:31:19.603	SUB_00110
ORD-0000518	DEPT-STRIKE-OFF	in_progress	todo	9	2025-08-08 12:31:22.417	SUB_00110
ORD-0000518	DEPT-STRIKE-OFF	done	todo	10	2025-08-08 12:34:37.102	SUB_00110
ORD-0000274	DEPT-DESIGN	todo	todo	11	2025-08-08 12:36:42.122692	SUB_00059
ORD-0000274	DEPT-DESIGN	in_progress	todo	12	2025-08-08 12:36:47.817105	SUB_00059
ORD-0000274	DEPT-DESIGN	done	todo	13	2025-08-08 12:37:00.904834	SUB_00059
ORD-0000801	\N	\N	todo	14	2025-08-08 13:17:57.249298	\N
ORD-0000801	\N	\N	todo	15	2025-08-08 13:18:03.496048	\N
ORD-0000799	\N	\N	done	16	2025-08-08 13:18:24.541393	\N
ORD-0000799	DEPT-DESIGN	todo	todo	17	2025-08-08 13:19:34.069447	SUB_00174
ORD-0000799	DEPT-DESIGN	in_progress	todo	18	2025-08-08 13:20:30.259043	SUB_00174
ORD-0000802	DEPT-DESIGN	todo	todo	19	2025-08-08 13:26:12.84299	SUB_00180
ORD-0000802	DEPT-DESIGN	in_progress	todo	20	2025-08-08 13:26:15.121932	SUB_00180
ORD-0000802	DEPT-DESIGN	done	todo	21	2025-08-08 13:26:17.271102	SUB_00180
ORD-0000802	DEPT-STRIKE-OFF	todo	todo	22	2025-08-08 13:26:39.755369	SUB_00180
ORD-0000802	DEPT-STRIKE-OFF	in_progress	todo	23	2025-08-08 13:26:42.018572	SUB_00180
ORD-0000802	DEPT-STRIKE-OFF	done	todo	24	2025-08-08 13:26:44.063168	SUB_00180
ORD-0000802	DEPT-SLIT-OPEN	todo	todo	25	2025-08-08 13:26:47.289167	SUB_00180
ORD-0000802	DEPT-DESIGN	todo	todo	26	2025-08-08 17:07:08.691477	SUB_00179
ORD-0000802	DEPT-DESIGN	in_progress	todo	27	2025-08-08 17:07:47.196599	SUB_00179
ORD-0000802	DEPT-DESIGN	done	todo	28	2025-08-08 17:07:50.577781	SUB_00179
ORD-0000802	DEPT-STRIKE-OFF	todo	todo	29	2025-08-08 17:07:59.67131	SUB_00179
ORD-0000802	DEPT-STRIKE-OFF	in_progress	todo	30	2025-08-08 17:08:02.718553	SUB_00179
ORD-0000802	DEPT-STRIKE-OFF	done	todo	31	2025-08-08 17:08:05.530742	SUB_00179
ORD-0000802	DEPT-SLIT-OPEN	todo	todo	32	2025-08-08 17:08:08.151307	SUB_00179
ORD-0000802	DEPT-SLIT-OPEN	in_progress	todo	33	2025-08-08 17:08:12.058665	SUB_00179
ORD-0000802	DEPT-SLIT-OPEN	done	todo	34	2025-08-08 17:08:15.336661	SUB_00179
ORD-0000802	DEPT-SLIT-OPEN	in_progress	todo	35	2025-08-08 17:08:20.486126	SUB_00180
ORD-0000802	DEPT-SLIT-OPEN	done	todo	36	2025-08-08 17:08:23.597669	SUB_00180
ORD-0000802	DEPT-DESIGN	todo	\N	37	2025-08-08 17:08:32.657291	SUB_00181
ORD-0000802	DEPT-DESIGN	in_progress	\N	38	2025-08-08 17:08:36.204779	SUB_00181
ORD-0000802	DEPT-DESIGN	done	\N	39	2025-08-08 17:08:39.681245	SUB_00181
ORD-0000798	DEPT-DESIGN	todo	todo	40	2025-08-11 08:35:03.433688	SUB_00172
ORD-0000798	DEPT-DESIGN	in_progress	todo	41	2025-08-11 08:35:07.572111	SUB_00172
ORD-0000798	DEPT-DESIGN	done	todo	42	2025-08-11 08:35:10.525454	SUB_00172
ORD-0000798	DEPT-STRIKE-OFF	todo	todo	43	2025-08-11 08:35:12.954298	SUB_00172
ORD-0000798	DEPT-STRIKE-OFF	in_progress	todo	44	2025-08-11 08:35:17.61932	SUB_00172
ORD-0000798	DEPT-STRIKE-OFF	done	todo	45	2025-08-11 08:35:20.475455	SUB_00172
ORD-0000798	DEPT-STRIKE-OFF	done	todo	46	2025-08-11 08:35:23.700419	SUB_00172
ORD-0000798	DEPT-STRIKE-OFF	done	todo	47	2025-08-11 08:35:26.295431	SUB_00172
ORD-0000798	DEPT-DELIVERY	todo	todo	48	2025-08-11 09:02:45.326031	SUB_00172
ORD-0000798	DEPT-DELIVERY	in_progress	todo	49	2025-08-11 09:02:48.615313	SUB_00172
ORD-0000798	DEPT-DELIVERY	done	todo	50	2025-08-11 09:02:51.423876	SUB_00172
ORD-0000798	DEPT-DELIVERY	done	todo	51	2025-08-11 09:02:54.289144	SUB_00172
ORD-0000799	DEPT-DESIGN	done	todo	52	2025-08-11 09:12:44.868366	SUB_00174
ORD-0000799	DEPT-STRIKE-OFF	todo	todo	53	2025-08-11 09:12:48.149466	SUB_00174
ORD-0000799	DEPT-STRIKE-OFF	in_progress	todo	54	2025-08-11 09:12:55.005684	SUB_00174
ORD-0000799	DEPT-STRIKE-OFF	done	todo	55	2025-08-11 09:12:57.383251	SUB_00174
ORD-0000799	DEPT-DELIVERY	todo	todo	56	2025-08-11 09:13:00.071314	SUB_00174
ORD-0000799	DEPT-DELIVERY	in_progress	todo	57	2025-08-11 09:13:03.866306	SUB_00174
ORD-0000799	DEPT-DELIVERY	done	todo	58	2025-08-11 09:13:05.487681	SUB_00174
ORD-0000799	DEPT-DELIVERY	done	delivered	59	2025-08-11 09:13:08.757196	SUB_00174
ORD-0000799	DEPT-DELIVERY	done	delivered	60	2025-08-11 09:13:12.08954	SUB_00174
ORD-0000802	DEPT-SLIT-OPEN	done	delivered	61	2025-08-11 09:23:33.583428	SUB_00179
ORD-0000802	DEPT-SLIT-OPEN	done	delivered	62	2025-08-11 09:23:35.89601	SUB_00179
ORD-0000802	DEPT-SLIT-OPEN	done	delivered	63	2025-08-11 09:23:38.247268	SUB_00179
ORD-0000802	DEPT-SLIT-OPEN	done	delivered	64	2025-08-11 09:23:41.974587	SUB_00179
ORD-0000802	DEPT-SLIT-OPEN	done	delivered	65	2025-08-11 09:23:44.444229	SUB_00179
ORD-0000802	DEPT-SLIT-OPEN	done	delivered	66	2025-08-11 09:23:46.799345	SUB_00179
ORD-0000802	DEPT-SLIT-OPEN	done	delivered	67	2025-08-11 09:23:51.310629	SUB_00180
ORD-0000802	DEPT-STRIKE-OFF	todo	inprogress	68	2025-08-11 09:23:55.998726	SUB_00181
ORD-0000802	DEPT-STRIKE-OFF	in_progress	inprogress	69	2025-08-11 09:23:58.728717	SUB_00181
ORD-0000802	DEPT-STRIKE-OFF	done	inprogress	70	2025-08-11 09:24:01.458926	SUB_00181
ORD-0000802	DEPT-DELIVERY	todo	inprogress	71	2025-08-11 09:24:04.376388	SUB_00181
ORD-0000802	DEPT-DELIVERY	in_progress	inprogress	72	2025-08-11 09:24:07.872821	SUB_00181
ORD-0000802	DEPT-DELIVERY	done	inprogress	73	2025-08-11 09:24:11.143886	SUB_00181
ORD-0000802	DEPT-DELIVERY	done	delivered	74	2025-08-11 09:24:15.410953	SUB_00181
ORD-0000775	\N	\N	inprogress	75	2025-08-11 09:39:03.136363	SUB_00160
ORD-0000775	\N	\N	inprogress	76	2025-08-11 09:39:06.985292	SUB_00160
ORD-0000784	DEPT-DESIGN	todo	inprogress	77	2025-08-11 09:39:54.005425	SUB_00169
ORD-0000784	DEPT-DESIGN	in_progress	inprogress	78	2025-08-11 09:39:56.832523	SUB_00169
ORD-0000784	DEPT-DESIGN	done	inprogress	79	2025-08-11 09:39:59.750196	SUB_00169
ORD-0000784	DEPT-STRIKE-OFF	todo	inprogress	80	2025-08-11 09:40:02.627172	SUB_00169
ORD-0000784	DEPT-STRIKE-OFF	in_progress	inprogress	81	2025-08-11 09:40:05.59667	SUB_00169
ORD-0000784	DEPT-STRIKE-OFF	done	inprogress	82	2025-08-11 09:40:07.860106	SUB_00169
ORD-0000784	DEPT-DELIVERY	todo	inprogress	83	2025-08-11 09:40:10.300277	SUB_00169
ORD-0000784	DEPT-DELIVERY	in_progress	inprogress	84	2025-08-11 09:40:12.6364	SUB_00169
ORD-0000784	DEPT-DELIVERY	done	inprogress	85	2025-08-11 09:40:15.085471	SUB_00169
ORD-0000784	DEPT-DELIVERY	done	delivered	86	2025-08-11 09:40:17.6931	SUB_00169
ORD-0000509	DEPT-DESIGN	todo	inprogress	87	2025-08-11 09:50:35.581916	SUB_00107
ORD-0000509	DEPT-DESIGN	in_progress	inprogress	88	2025-08-11 09:50:38.460689	SUB_00107
ORD-0000509	DEPT-DESIGN	done	inprogress	89	2025-08-11 09:50:41.167929	SUB_00107
ORD-0000509	DEPT-STRIKE-OFF	todo	inprogress	90	2025-08-11 09:50:43.60172	SUB_00107
ORD-0000509	DEPT-STRIKE-OFF	in_progress	inprogress	91	2025-08-11 09:50:45.805572	SUB_00107
ORD-0000509	DEPT-STRIKE-OFF	done	inprogress	92	2025-08-11 09:50:48.553036	SUB_00107
ORD-0000509	DEPT-DELIVERY	todo	inprogress	93	2025-08-11 09:50:50.934863	SUB_00107
ORD-0000509	DEPT-DELIVERY	in_progress	inprogress	94	2025-08-11 09:50:54.118137	SUB_00107
ORD-0000509	DEPT-DELIVERY	done	inprogress	95	2025-08-11 09:50:56.935946	SUB_00107
ORD-0000509	DEPT-DELIVERY	done	done	96	2025-08-11 09:51:00.145885	SUB_00107
ORD-0000509	DEPT-DESIGN	todo	inprogress	97	2025-08-11 10:01:00.932434	SUB_00153
ORD-0000509	DEPT-DESIGN	in_progress	inprogress	98	2025-08-11 10:01:03.799571	SUB_00153
ORD-0000509	DEPT-DESIGN	done	inprogress	99	2025-08-11 10:01:06.761428	SUB_00153
ORD-0000509	DEPT-STRIKE-OFF	todo	inprogress	100	2025-08-11 10:01:09.317081	SUB_00153
ORD-0000509	DEPT-STRIKE-OFF	in_progress	inprogress	101	2025-08-11 10:01:11.912016	SUB_00153
ORD-0000509	DEPT-STRIKE-OFF	done	inprogress	102	2025-08-11 10:01:14.649626	SUB_00153
ORD-0000509	DEPT-DELIVERY	todo	inprogress	103	2025-08-11 10:01:17.195762	SUB_00153
ORD-0000509	DEPT-DELIVERY	in_progress	inprogress	104	2025-08-11 10:01:20.618064	SUB_00153
ORD-0000509	DEPT-DELIVERY	done	inprogress	105	2025-08-11 10:01:23.134264	SUB_00153
ORD-0000509	DEPT-DELIVERY	done	done	106	2025-08-11 10:01:26.848386	SUB_00153
ORD-0000269	DEPT-DESIGN	todo	inprogress	107	2025-08-11 10:02:27.140836	SUB_00047
ORD-0000269	DEPT-DESIGN	in_progress	inprogress	108	2025-08-11 10:02:29.381234	SUB_00047
ORD-0000269	DEPT-DESIGN	done	inprogress	109	2025-08-11 10:02:31.682741	SUB_00047
ORD-0000269	DEPT-STRIKE-OFF	todo	inprogress	110	2025-08-11 10:02:34.198966	SUB_00047
ORD-0000269	DEPT-STRIKE-OFF	in_progress	inprogress	111	2025-08-11 10:02:36.531406	SUB_00047
ORD-0000269	DEPT-STRIKE-OFF	done	inprogress	112	2025-08-11 10:02:38.913288	SUB_00047
ORD-0000269	DEPT-DELIVERY	todo	inprogress	113	2025-08-11 10:02:41.287888	SUB_00047
ORD-0000269	DEPT-DELIVERY	in_progress	inprogress	114	2025-08-11 10:02:44.00721	SUB_00047
ORD-0000269	DEPT-DELIVERY	done	inprogress	115	2025-08-11 10:02:46.78651	SUB_00047
ORD-0000269	DEPT-DESIGN	todo	inprogress	116	2025-08-11 10:02:58.488364	SUB_00048
ORD-0000269	DEPT-DESIGN	in_progress	inprogress	117	2025-08-11 10:03:01.173789	SUB_00048
ORD-0000269	DEPT-DESIGN	done	inprogress	118	2025-08-11 10:03:04.218807	SUB_00048
ORD-0000269	DEPT-STRIKE-OFF	todo	inprogress	119	2025-08-11 10:03:06.652466	SUB_00048
ORD-0000269	DEPT-STRIKE-OFF	in_progress	inprogress	120	2025-08-11 10:03:09.219379	SUB_00048
ORD-0000269	DEPT-STRIKE-OFF	done	inprogress	121	2025-08-11 10:03:11.946342	SUB_00048
ORD-0000269	DEPT-DELIVERY	todo	inprogress	122	2025-08-11 10:03:15.354169	SUB_00048
ORD-0000269	DEPT-DELIVERY	in_progress	inprogress	123	2025-08-11 10:03:17.889247	SUB_00048
ORD-0000269	DEPT-DELIVERY	done	inprogress	124	2025-08-11 10:03:20.365325	SUB_00048
ORD-0000269	DEPT-DELIVERY	done	done	125	2025-08-11 10:03:44.723716	SUB_00048
ORD-0000269	DEPT-DELIVERY	done	done	126	2025-08-11 10:03:48.755398	SUB_00047
ORD-0000773	DEPT-DESIGN	todo	inprogress	127	2025-08-11 10:04:08.214744	SUB_00157
ORD-0000773	DEPT-DELIVERY	todo	inprogress	128	2025-08-11 10:04:25.442019	SUB_00158
ORD-0000773	DEPT-DELIVERY	in_progress	inprogress	129	2025-08-11 10:04:28.193428	SUB_00158
ORD-0000773	DEPT-DELIVERY	done	inprogress	130	2025-08-11 10:04:31.08519	SUB_00158
ORD-0000773	DEPT-DELIVERY	done	done	131	2025-08-11 10:04:34.13623	SUB_00158
ORD-0000773	DEPT-DESIGN	in_progress	inprogress	132	2025-08-11 10:05:04.059724	SUB_00157
ORD-0000773	DEPT-DESIGN	done	inprogress	133	2025-08-11 10:05:06.527644	SUB_00157
ORD-0000773	DEPT-STRIKE-OFF	todo	inprogress	134	2025-08-11 10:05:09.100349	SUB_00157
ORD-0000773	DEPT-STRIKE-OFF	in_progress	inprogress	135	2025-08-11 10:05:11.647038	SUB_00157
ORD-0000773	DEPT-STRIKE-OFF	done	inprogress	136	2025-08-11 10:05:14.093422	SUB_00157
ORD-0000773	DEPT-DELIVERY	todo	inprogress	137	2025-08-11 10:05:16.707339	SUB_00157
ORD-0000773	DEPT-DELIVERY	in_progress	inprogress	138	2025-08-11 10:05:19.163835	SUB_00157
ORD-0000773	DEPT-DELIVERY	done	inprogress	139	2025-08-11 10:05:22.061424	SUB_00157
ORD-0000773	DEPT-DELIVERY	done	done	140	2025-08-11 10:05:37.077857	SUB_00157
ORD-0000403	DEPT-DESIGN	todo	\N	141	2025-08-11 11:58:37.402205	SUB_00074
ORD-0000403	DEPT-DESIGN	in_progress	\N	142	2025-08-11 11:58:40.677907	SUB_00074
ORD-0000403	DEPT-DESIGN	done	\N	143	2025-08-11 11:58:44.061464	SUB_00074
ORD-0000776	DEPT-DESIGN	todo	\N	144	2025-08-11 11:59:31.079163	SUB_00166
ORD-0000775	DEPT-DESIGN	todo	inprogress	145	2025-08-11 12:34:57.083301	SUB_00160
ORD-0000775	DEPT-DESIGN	in_progress	inprogress	146	2025-08-11 12:35:00.575384	SUB_00160
ORD-0000775	DEPT-DESIGN	done	inprogress	147	2025-08-11 12:35:02.965692	SUB_00160
ORD-0000775	DEPT-STRIKE-OFF	todo	inprogress	148	2025-08-11 12:35:18.39842	SUB_00160
ORD-0000775	DEPT-STRIKE-OFF	in_progress	inprogress	149	2025-08-11 12:35:20.705804	SUB_00160
ORD-0000775	DEPT-STRIKE-OFF	done	inprogress	150	2025-08-11 12:35:22.941065	SUB_00160
ORD-0000775	DEPT-DELIVERY	todo	inprogress	151	2025-08-11 12:35:25.592149	SUB_00160
ORD-0000775	DEPT-DELIVERY	in_progress	inprogress	152	2025-08-11 12:35:28.237216	SUB_00160
ORD-0000775	DEPT-DELIVERY	done	inprogress	153	2025-08-11 12:35:30.517996	SUB_00160
ORD-0000775	DEPT-DELIVERY	done	done	154	2025-08-11 12:35:34.479596	SUB_00160
ORD-0000775	DEPT-DESIGN	todo	inprogress	155	2025-08-11 12:36:27.804524	SUB_00161
ORD-0000775	DEPT-DESIGN	in_progress	inprogress	156	2025-08-11 12:36:30.245932	SUB_00161
ORD-0000775	DEPT-DESIGN	done	inprogress	157	2025-08-11 12:36:33.428488	SUB_00161
ORD-0000775	DEPT-STRIKE-OFF	todo	inprogress	158	2025-08-11 12:36:36.231494	SUB_00161
ORD-0000775	DEPT-STRIKE-OFF	in_progress	inprogress	159	2025-08-11 12:36:38.887532	SUB_00161
ORD-0000775	DEPT-STRIKE-OFF	done	inprogress	160	2025-08-11 12:36:42.268196	SUB_00161
ORD-0000775	DEPT-DELIVERY	todo	inprogress	161	2025-08-11 12:36:45.129175	SUB_00161
ORD-0000775	DEPT-DELIVERY	in_progress	inprogress	162	2025-08-11 12:36:47.730966	SUB_00161
ORD-0000775	DEPT-DELIVERY	done	inprogress	163	2025-08-11 12:36:50.123039	SUB_00161
ORD-0000775	DEPT-DELIVERY	done	done	164	2025-08-11 12:36:52.527436	SUB_00161
ORD-0000775	DEPT-DESIGN	todo	inprogress	165	2025-08-11 12:37:05.43816	SUB_00164
ORD-0000775	DEPT-DESIGN	in_progress	inprogress	166	2025-08-11 12:37:08.419024	SUB_00164
ORD-0000775	DEPT-DESIGN	done	inprogress	167	2025-08-11 12:37:10.794384	SUB_00164
ORD-0000775	DEPT-STRIKE-OFF	todo	inprogress	168	2025-08-11 12:37:13.578422	SUB_00164
ORD-0000775	DEPT-STRIKE-OFF	in_progress	inprogress	169	2025-08-11 12:37:16.077763	SUB_00164
ORD-0000775	DEPT-STRIKE-OFF	done	inprogress	170	2025-08-11 12:37:18.668644	SUB_00164
ORD-0000775	DEPT-DELIVERY	todo	inprogress	171	2025-08-11 12:37:21.684236	SUB_00164
ORD-0000775	DEPT-DELIVERY	in_progress	inprogress	172	2025-08-11 12:37:25.044989	SUB_00164
ORD-0000775	DEPT-DELIVERY	done	inprogress	173	2025-08-11 12:37:28.384298	SUB_00164
ORD-0000775	DEPT-DELIVERY	done	done	174	2025-08-11 12:37:31.972425	SUB_00164
ORD-0000801	DEPT-DESIGN	todo	inprogress	175	2025-08-11 12:41:41.964068	SUB_00177
ORD-0000801	DEPT-DESIGN	in_progress	inprogress	176	2025-08-11 12:47:23.054766	SUB_00177
ORD-0000801	DEPT-DESIGN	done	inprogress	177	2025-08-11 12:47:25.427017	SUB_00177
ORD-0000801	DEPT-STRIKE-OFF	todo	inprogress	178	2025-08-11 12:47:28.094651	SUB_00177
ORD-0000801	DEPT-STRIKE-OFF	in_progress	inprogress	179	2025-08-11 12:47:30.355724	SUB_00177
ORD-0000801	DEPT-STRIKE-OFF	done	inprogress	180	2025-08-11 12:47:32.855648	SUB_00177
ORD-0000801	DEPT-DELIVERY	todo	inprogress	181	2025-08-11 12:47:35.047679	SUB_00177
ORD-0000801	DEPT-DELIVERY	in_progress	inprogress	182	2025-08-11 12:47:37.296229	SUB_00177
ORD-0000801	DEPT-DELIVERY	done	inprogress	183	2025-08-11 12:47:39.737956	SUB_00177
ORD-0000801	DEPT-DELIVERY	done	done	184	2025-08-11 12:47:42.18536	SUB_00177
ORD-0000801	DEPT-DESIGN	todo	inprogress	185	2025-08-11 12:48:35.654369	SUB_00178
ORD-0000029	DEPT-DESIGN	todo	inprogress	186	2025-08-11 12:52:32.333583	SUB_00185
ORD-0000029	DEPT-DESIGN	in_progress	inprogress	187	2025-08-11 12:54:01.843942	SUB_00185
ORD-0000029	DEPT-DESIGN	done	inprogress	188	2025-08-11 12:54:04.66751	SUB_00185
ORD-0000029	DEPT-STRIKE-OFF	todo	inprogress	189	2025-08-11 12:54:08.002296	SUB_00185
ORD-0000029	DEPT-STRIKE-OFF	in_progress	inprogress	190	2025-08-11 12:54:11.117036	SUB_00185
ORD-0000029	DEPT-STRIKE-OFF	done	inprogress	191	2025-08-11 12:54:14.66434	SUB_00185
ORD-0000029	DEPT-DELIVERY	todo	inprogress	192	2025-08-11 12:54:17.317384	SUB_00185
ORD-0000029	DEPT-DELIVERY	in_progress	inprogress	193	2025-08-11 12:54:20.250716	SUB_00185
ORD-0000029	DEPT-DELIVERY	done	inprogress	194	2025-08-11 12:54:22.878933	SUB_00185
ORD-0000029	DEPT-DELIVERY	done	delivered	195	2025-08-11 12:54:42.977194	SUB_00185
ORD-0000773	DEPT-DELIVERY	done	delivered	196	2025-08-11 13:00:50.096686	SUB_00157
ORD-0000773	DEPT-DELIVERY	done	delivered	197	2025-08-11 13:02:04.581999	SUB_00158
ORD-0000026	DEPT-DESIGN	todo	inprogress	198	2025-08-11 13:06:23.956514	SUB_00186
ORD-0000026	DEPT-DESIGN	todo	inprogress	199	2025-08-11 13:07:46.07571	SUB_00187
ORD-0000026	DEPT-DESIGN	in_progress	inprogress	200	2025-08-11 13:08:09.337039	SUB_00187
ORD-0000026	DEPT-DESIGN	done	inprogress	201	2025-08-11 13:08:11.890599	SUB_00187
ORD-0000026	DEPT-STRIKE-OFF	todo	inprogress	202	2025-08-11 13:08:14.214955	SUB_00187
ORD-0000026	DEPT-STRIKE-OFF	in_progress	inprogress	203	2025-08-11 13:08:16.698225	SUB_00187
ORD-0000026	DEPT-STRIKE-OFF	done	inprogress	204	2025-08-11 13:08:19.276014	SUB_00187
ORD-0000026	DEPT-DELIVERY	todo	inprogress	205	2025-08-11 13:08:21.634947	SUB_00187
ORD-0000026	DEPT-DELIVERY	in_progress	inprogress	206	2025-08-11 13:08:24.218541	SUB_00187
ORD-0000026	DEPT-DELIVERY	done	inprogress	207	2025-08-11 13:08:30.15126	SUB_00187
ORD-0000026	DEPT-DELIVERY	done	delivered	208	2025-08-11 13:08:33.051117	SUB_00187
ORD-0000025	DEPT-DESIGN	todo	inprogress	209	2025-08-11 14:27:54.100944	SUB_00188
ORD-0000025	DEPT-DESIGN	in_progress	inprogress	210	2025-08-11 14:27:58.287016	SUB_00188
ORD-0000025	DEPT-DESIGN	done	inprogress	211	2025-08-11 14:28:02.704788	SUB_00188
ORD-0000025	DEPT-STRIKE-OFF	todo	inprogress	212	2025-08-11 14:28:05.33159	SUB_00188
ORD-0000025	DEPT-STRIKE-OFF	in_progress	inprogress	213	2025-08-11 14:28:28.977264	SUB_00188
ORD-0000025	DEPT-STRIKE-OFF	done	inprogress	214	2025-08-11 14:28:31.170153	SUB_00188
ORD-0000025	DEPT-DELIVERY	todo	inprogress	215	2025-08-11 14:28:33.390542	SUB_00188
ORD-0000025	DEPT-DELIVERY	in_progress	inprogress	216	2025-08-11 14:28:35.554288	SUB_00188
ORD-0000025	DEPT-DELIVERY	done	inprogress	217	2025-08-11 14:28:37.604292	SUB_00188
ORD-0000025	DEPT-DELIVERY	done	delivered	218	2025-08-11 14:28:39.993125	SUB_00188
ORD-0000025	DEPT-DELIVERY	done	delivered	219	2025-08-11 14:28:42.972942	SUB_00188
ORD-0000025	DEPT-DESIGN	todo	inprogress	220	2025-08-11 14:36:10.527989	SUB_00189
ORD-0000025	DEPT-DESIGN	in_progress	inprogress	221	2025-08-11 14:43:42.571389	SUB_00189
ORD-0000025	DEPT-DESIGN	done	inprogress	222	2025-08-11 14:43:44.844338	SUB_00189
ORD-0000025	DEPT-STRIKE-OFF	todo	inprogress	223	2025-08-11 14:44:02.69821	SUB_00189
ORD-0000025	DEPT-STRIKE-OFF	in_progress	inprogress	224	2025-08-11 14:44:05.86052	SUB_00189
ORD-0000025	DEPT-STRIKE-OFF	done	inprogress	225	2025-08-11 14:44:08.675217	SUB_00189
ORD-0000025	DEPT-DELIVERY	todo	inprogress	226	2025-08-11 14:44:11.679554	SUB_00189
ORD-0000025	DEPT-DELIVERY	in_progress	inprogress	227	2025-08-11 14:44:14.436369	SUB_00189
ORD-0000025	DEPT-DELIVERY	done	inprogress	228	2025-08-11 14:44:16.82985	SUB_00189
ORD-0000025	DEPT-DELIVERY	done	delivered	229	2025-08-11 14:44:19.767916	SUB_00189
ORD-0000025	DEPT-DELIVERY	done	delivered	230	2025-08-11 14:44:23.586389	SUB_00189
ORD-0000034	DEPT-DESPATCH	done	delivered	231	2025-08-11 14:58:36.757269	sub-0001
ORD-0000072	DEPT-DESIGN	todo	inprogress	232	2025-08-11 14:58:48.273248	sub-0004
ORD-0000072	DEPT-DESIGN	in_progress	inprogress	233	2025-08-11 14:59:18.379408	sub-0004
ORD-0000072	DEPT-DESIGN	done	inprogress	234	2025-08-11 14:59:21.337622	sub-0004
ORD-0000072	DEPT-STRIKE-OFF	todo	inprogress	235	2025-08-11 15:06:39.612679	sub-0004
ORD-0000074	DEPT-DESIGN	todo	inprogress	236	2025-08-11 15:17:17.637614	sub-0005
ORD-0000074	DEPT-DESIGN	in_progress	inprogress	237	2025-08-11 15:18:52.215652	sub-0005
ORD-0000074	DEPT-DESIGN	done	inprogress	238	2025-08-11 15:18:54.62582	sub-0005
ORD-0000074	DEPT-STRIKE-OFF	todo	inprogress	239	2025-08-11 15:18:57.001877	sub-0005
ORD-0000074	DEPT-STRIKE-OFF	in_progress	inprogress	240	2025-08-11 15:18:59.33003	sub-0005
ORD-0000074	DEPT-STRIKE-OFF	done	inprogress	241	2025-08-11 15:19:01.771913	sub-0005
ORD-0000074	DEPT-DELIVERY	todo	inprogress	242	2025-08-11 15:19:04.394485	sub-0005
ORD-0000074	DEPT-DELIVERY	in_progress	inprogress	243	2025-08-11 15:19:06.611763	sub-0005
ORD-0000074	DEPT-DELIVERY	done	inprogress	244	2025-08-11 15:19:08.78544	sub-0005
ORD-0000074	DEPT-DELIVERY	done	delivered	245	2025-08-11 15:19:11.265615	sub-0005
ORD-0000074	DEPT-DESIGN	todo	inprogress	246	2025-08-11 15:20:09.356902	sub-0006
ORD-0000074	DEPT-DESIGN	in_progress	inprogress	247	2025-08-11 15:20:12.953076	sub-0006
ORD-0000074	DEPT-DESIGN	done	inprogress	248	2025-08-11 15:21:06.030908	sub-0006
ORD-0000074	DEPT-STRIKE-OFF	todo	inprogress	249	2025-08-11 15:21:08.494053	sub-0006
ORD-0000074	DEPT-STRIKE-OFF	in_progress	inprogress	250	2025-08-11 15:21:10.916041	sub-0006
ORD-0000074	DEPT-STRIKE-OFF	done	inprogress	251	2025-08-11 15:21:13.139005	sub-0006
ORD-0000074	DEPT-DELIVERY	todo	inprogress	252	2025-08-11 15:21:15.314576	sub-0006
ORD-0000074	DEPT-DELIVERY	in_progress	inprogress	253	2025-08-11 15:21:17.767897	sub-0006
ORD-0000074	DEPT-DELIVERY	done	inprogress	254	2025-08-11 15:21:20.116274	sub-0006
ORD-0000074	DEPT-DELIVERY	done	delivered	255	2025-08-11 15:21:22.454238	sub-0006
ORD-0000074	DEPT-DELIVERY	done	delivered	256	2025-08-11 15:21:25.812931	sub-0006
ORD-0000518	DEPT-DELIVERY	todo	inprogress	257	2025-08-11 15:32:28.595479	SUB_00110
ORD-0000518	DEPT-DELIVERY	in_progress	inprogress	258	2025-08-11 15:32:31.726524	SUB_00110
ORD-0000518	DEPT-DELIVERY	done	inprogress	259	2025-08-11 15:32:34.489781	SUB_00110
ORD-0000518	DEPT-DELIVERY	done	delivered	260	2025-08-11 15:32:38.849512	SUB_00110
ORD-0000802	DEPT-SLIT-OPEN	done	delivered	261	2025-08-11 15:47:25.504443	SUB_00180
ORD-0000802	DEPT-SLIT-OPEN	done	delivered	262	2025-08-11 15:47:28.888107	SUB_00180
ORD-0000802	DEPT-SLIT-OPEN	done	delivered	263	2025-08-11 15:47:37.83893	SUB_00180
ORD-0000802	DEPT-SLIT-OPEN	done	delivered	264	2025-08-11 15:47:41.251066	SUB_00180
ORD-0000757	DEPT-DESIGN	todo	inprogress	265	2025-08-11 15:48:04.778565	SUB_00145
ORD-0000805	DEPT-STRIKE-OFF	todo	inprogress	266	2025-08-11 16:41:28.269443	SUB_00190
ORD-0000805	DEPT-STRIKE-OFF	in_progress	inprogress	267	2025-08-11 16:41:31.60771	SUB_00190
ORD-0000805	DEPT-STRIKE-OFF	done	inprogress	268	2025-08-11 16:41:34.736115	SUB_00190
ORD-0000805	DEPT-DELIVERY	todo	inprogress	269	2025-08-11 16:41:37.785462	SUB_00190
ORD-0000805	DEPT-DELIVERY	in_progress	inprogress	270	2025-08-11 16:41:41.306998	SUB_00190
ORD-0000805	DEPT-DELIVERY	done	inprogress	271	2025-08-11 16:41:44.052601	SUB_00190
ORD-0000805	DEPT-DELIVERY	done	delivered	272	2025-08-11 16:41:47.900508	SUB_00190
ORD-0000805	DEPT-DESIGN	todo	inprogress	273	2025-08-12 10:01:40.753257	SUB_00195
ORD-0000805	DEPT-DESIGN	in_progress	inprogress	274	2025-08-12 10:01:43.822401	SUB_00195
ORD-0000805	DEPT-DESIGN	done	inprogress	275	2025-08-12 10:01:46.208915	SUB_00195
ORD-0000805	DEPT-STRIKE-OFF	todo	inprogress	276	2025-08-12 10:01:48.915817	SUB_00195
ORD-0000805	DEPT-STRIKE-OFF	in_progress	inprogress	277	2025-08-12 10:13:28.857508	SUB_00195
ORD-0000805	DEPT-STRIKE-OFF	done	inprogress	278	2025-08-12 10:15:14.352499	SUB_00195
ORD-0000808	DEPT-DESIGN	todo	inprogress	279	2025-08-12 11:34:20.701101	SUB_00194
ORD-0000808	DEPT-DESIGN	in_progress	inprogress	280	2025-08-12 11:34:23.929307	SUB_00194
ORD-0000808	DEPT-DESIGN	todo	inprogress	281	2025-08-12 11:34:27.910916	SUB_00193
ORD-0000808	DEPT-DESIGN	in_progress	inprogress	282	2025-08-12 11:34:30.469672	SUB_00193
ORD-0000808	DEPT-DESIGN	done	inprogress	283	2025-08-12 11:38:33.481214	SUB_00193
ORD-0000808	DEPT-STRIKE-OFF	todo	inprogress	284	2025-08-12 11:38:44.187892	SUB_00193
ORD-0000808	DEPT-STRIKE-OFF	in_progress	inprogress	285	2025-08-12 11:38:46.755864	SUB_00193
ORD-0000808	DEPT-STRIKE-OFF	done	inprogress	286	2025-08-12 11:38:48.921906	SUB_00193
ORD-0000808	DEPT-DELIVERY	todo	inprogress	287	2025-08-12 11:38:51.148277	SUB_00193
ORD-0000808	DEPT-DELIVERY	in_progress	inprogress	288	2025-08-12 11:38:54.096189	SUB_00193
ORD-0000808	DEPT-DELIVERY	done	inprogress	289	2025-08-12 11:38:56.476454	SUB_00193
ORD-0000808	DEPT-DELIVERY	done	delivered	290	2025-08-12 11:38:58.756998	SUB_00193
ORD-0000808	DEPT-DESIGN	done	inprogress	291	2025-08-12 11:39:04.564511	SUB_00194
ORD-0000808	DEPT-STRIKE-OFF	todo	inprogress	292	2025-08-12 11:39:13.657966	SUB_00194
ORD-0000808	DEPT-STRIKE-OFF	in_progress	inprogress	293	2025-08-12 11:39:15.810174	SUB_00194
ORD-0000808	DEPT-STRIKE-OFF	done	inprogress	294	2025-08-12 11:39:18.0167	SUB_00194
ORD-0000808	DEPT-DELIVERY	todo	inprogress	295	2025-08-12 11:39:20.357596	SUB_00194
ORD-0000808	DEPT-DELIVERY	in_progress	inprogress	296	2025-08-12 11:39:22.548473	SUB_00194
ORD-0000808	DEPT-DELIVERY	done	inprogress	297	2025-08-12 11:39:24.761031	SUB_00194
ORD-0000808	DEPT-DELIVERY	done	delivered	298	2025-08-12 11:39:27.565954	SUB_00194
ORD-0000076	DEPT-DESIGN	todo	inprogress	299	2025-08-12 11:40:12.212312	SUB_00198
ORD-0000076	DEPT-DESIGN	todo	inprogress	300	2025-08-12 11:42:32.704541	SUB_00199
ORD-0000076	DEPT-DESIGN	in_progress	inprogress	301	2025-08-12 11:42:35.068128	SUB_00199
ORD-0000076	DEPT-DESIGN	in_progress	inprogress	302	2025-08-12 11:52:03.687142	SUB_00198
ORD-0000076	DEPT-DESIGN	done	inprogress	303	2025-08-12 11:52:08.500819	SUB_00199
ORD-0000076	DEPT-DESIGN	done	inprogress	304	2025-08-12 11:52:35.27118	SUB_00198
ORD-0000076	DEPT-STRIKE-OFF	todo	inprogress	305	2025-08-12 11:52:37.773379	SUB_00198
ORD-0000076	DEPT-STRIKE-OFF	in_progress	inprogress	306	2025-08-12 11:52:41.886373	SUB_00198
ORD-0000076	DEPT-STRIKE-OFF	done	inprogress	307	2025-08-12 11:52:44.353997	SUB_00198
ORD-0000076	DEPT-DELIVERY	todo	inprogress	308	2025-08-12 11:52:46.77742	SUB_00198
ORD-0000076	DEPT-DELIVERY	in_progress	inprogress	309	2025-08-12 11:52:49.239794	SUB_00198
ORD-0000076	DEPT-DELIVERY	done	inprogress	310	2025-08-12 11:52:51.573224	SUB_00198
ORD-0000076	DEPT-DELIVERY	done	delivered	311	2025-08-12 11:52:54.086222	SUB_00198
ORD-0000076	DEPT-STRIKE-OFF	todo	inprogress	312	2025-08-12 11:53:08.816226	SUB_00199
ORD-0000076	DEPT-STRIKE-OFF	in_progress	inprogress	313	2025-08-12 11:53:11.130279	SUB_00199
ORD-0000076	DEPT-STRIKE-OFF	done	inprogress	314	2025-08-12 11:53:13.6188	SUB_00199
ORD-0000076	DEPT-DELIVERY	todo	inprogress	315	2025-08-12 11:53:15.908237	SUB_00199
ORD-0000076	DEPT-DELIVERY	in_progress	inprogress	316	2025-08-12 11:53:18.331652	SUB_00199
ORD-0000076	DEPT-DELIVERY	done	inprogress	317	2025-08-12 11:53:20.598832	SUB_00199
ORD-0000076	DEPT-DELIVERY	done	delivered	318	2025-08-12 11:53:23.551354	SUB_00199
ORD-0000076	DEPT-DELIVERY	done	delivered	319	2025-08-12 13:26:44.600247	SUB_00198
ORD-0000809	DEPT-DESIGN	todo	inprogress	320	2025-08-12 13:30:50.971983	SUB_00196
ORD-0000809	DEPT-DESIGN	in_progress	inprogress	321	2025-08-12 13:41:58.517943	SUB_00196
ORD-0000809	DEPT-DESIGN	done	inprogress	322	2025-08-12 13:43:43.916762	SUB_00196
ORD-0000809	DEPT-STRIKE-OFF	todo	inprogress	323	2025-08-12 13:43:46.30123	SUB_00196
ORD-0000809	DEPT-STRIKE-OFF	in_progress	inprogress	324	2025-08-12 13:43:49.421532	SUB_00196
ORD-0000809	DEPT-STRIKE-OFF	done	inprogress	325	2025-08-12 13:43:51.57925	SUB_00196
ORD-0000809	DEPT-DELIVERY	todo	inprogress	326	2025-08-12 13:43:54.827093	SUB_00196
ORD-0001824	DEPT-DESIGN	todo	inprogress	1207	2026-06-26 19:41:51.871507	SUB_00615
ORD-0000809	DEPT-DELIVERY	in_progress	inprogress	327	2025-08-12 13:43:58.674771	SUB_00196
ORD-0000809	DEPT-DELIVERY	done	inprogress	328	2025-08-12 13:44:01.142092	SUB_00196
ORD-0000809	DEPT-DELIVERY	done	delivered	329	2025-08-12 13:44:03.652508	SUB_00196
ORD-0000809	DEPT-DESIGN	todo	inprogress	330	2025-08-12 13:44:26.559221	SUB_00197
ORD-0000810	DEPT-DESIGN	todo	inprogress	331	2025-08-12 13:52:59.756518	SUB_00200
ORD-0000810	DEPT-DESIGN	in_progress	inprogress	332	2025-08-12 13:53:40.946865	SUB_00200
ORD-0000810	DEPT-DESIGN	done	inprogress	333	2025-08-12 13:58:28.608553	SUB_00200
ORD-0000810	DEPT-STRIKE-OFF	todo	inprogress	334	2025-08-12 13:59:37.228811	SUB_00200
ORD-0000810	DEPT-STRIKE-OFF	in_progress	inprogress	335	2025-08-12 14:00:16.958409	SUB_00200
ORD-0000810	DEPT-STRIKE-OFF	done	inprogress	336	2025-08-12 14:02:23.639477	SUB_00200
ORD-0000813	DEPT-DESIGN	todo	inprogress	337	2025-08-12 14:17:54.204052	SUB_00205
ORD-0000813	DEPT-DESIGN	in_progress	inprogress	338	2025-08-12 14:18:43.801486	SUB_00205
ORD-0000813	DEPT-DESIGN	done	inprogress	339	2025-08-12 14:18:46.217989	SUB_00205
ORD-0000813	DEPT-STRIKE-OFF	todo	inprogress	340	2025-08-12 14:18:48.550405	SUB_00205
ORD-0000813	DEPT-STRIKE-OFF	in_progress	inprogress	341	2025-08-12 14:18:50.64664	SUB_00205
ORD-0000813	DEPT-STRIKE-OFF	done	inprogress	342	2025-08-12 14:18:52.946198	SUB_00205
ORD-0000813	DEPT-DELIVERY	todo	inprogress	343	2025-08-12 14:18:55.181871	SUB_00205
ORD-0000813	DEPT-DELIVERY	in_progress	inprogress	344	2025-08-12 14:18:57.786725	SUB_00205
ORD-0000813	DEPT-DELIVERY	done	inprogress	345	2025-08-12 14:19:00.2999	SUB_00205
ORD-0000813	DEPT-DELIVERY	done	delivered	346	2025-08-12 14:19:02.991373	SUB_00205
ORD-0000813	DEPT-DESIGN	todo	inprogress	347	2025-08-12 14:19:22.43127	SUB_00206
ORD-0000813	DEPT-DESIGN	in_progress	inprogress	348	2025-08-12 14:19:25.019778	SUB_00206
ORD-0000813	DEPT-DESIGN	done	inprogress	349	2025-08-12 14:19:27.564314	SUB_00206
ORD-0000813	DEPT-STRIKE-OFF	todo	inprogress	350	2025-08-12 14:19:29.843738	SUB_00206
ORD-0000813	DEPT-STRIKE-OFF	in_progress	inprogress	351	2025-08-12 14:19:32.346703	SUB_00206
ORD-0000813	DEPT-STRIKE-OFF	done	inprogress	352	2025-08-12 14:19:34.988969	SUB_00206
ORD-0000813	DEPT-DELIVERY	todo	inprogress	353	2025-08-12 14:19:37.526693	SUB_00206
ORD-0000813	DEPT-DELIVERY	in_progress	inprogress	354	2025-08-12 14:19:39.857863	SUB_00206
ORD-0000813	DEPT-DELIVERY	done	inprogress	355	2025-08-12 14:19:42.472177	SUB_00206
ORD-0000813	DEPT-DELIVERY	done	delivered	356	2025-08-12 14:19:45.570074	SUB_00206
ORD-0000814	DEPT-DESIGN	todo	inprogress	357	2025-08-12 14:26:02.255011	SUB_00207
ORD-0000814	DEPT-DESIGN	in_progress	inprogress	358	2025-08-12 14:27:45.128202	SUB_00207
ORD-0000814	DEPT-DESIGN	done	inprogress	359	2025-08-12 14:27:47.225449	SUB_00207
ORD-0000814	DEPT-STRIKE-OFF	todo	inprogress	360	2025-08-12 14:27:49.383551	SUB_00207
ORD-0000814	DEPT-STRIKE-OFF	in_progress	inprogress	361	2025-08-12 14:27:51.394444	SUB_00207
ORD-0000814	DEPT-STRIKE-OFF	done	inprogress	362	2025-08-12 14:27:53.37833	SUB_00207
ORD-0000814	DEPT-DELIVERY	todo	inprogress	363	2025-08-12 14:27:55.44656	SUB_00207
ORD-0000814	DEPT-DELIVERY	in_progress	inprogress	364	2025-08-12 14:27:57.980564	SUB_00207
ORD-0000814	DEPT-DELIVERY	done	inprogress	365	2025-08-12 14:28:00.203238	SUB_00207
ORD-0000814	DEPT-DELIVERY	done	delivered	366	2025-08-12 14:28:02.271767	SUB_00207
ORD-0000814	DEPT-DESIGN	todo	inprogress	367	2025-08-12 14:28:30.034333	SUB_00208
ORD-0000816	DEPT-DESIGN	todo	inprogress	368	2025-08-12 16:55:25.811997	SUB_00212
ORD-0000816	DEPT-DESIGN	in_progress	inprogress	369	2025-08-12 16:55:34.387535	SUB_00212
ORD-0000816	DEPT-DESIGN	done	inprogress	370	2025-08-12 16:55:36.823197	SUB_00212
ORD-0000816	DEPT-STRIKE-OFF	todo	inprogress	371	2025-08-12 16:55:38.967835	SUB_00212
ORD-0000816	DEPT-STRIKE-OFF	in_progress	inprogress	372	2025-08-12 16:55:41.185992	SUB_00212
ORD-0000816	DEPT-STRIKE-OFF	done	inprogress	373	2025-08-12 16:55:43.316302	SUB_00212
ORD-0000816	DEPT-DELIVERY	todo	inprogress	374	2025-08-12 16:55:45.692555	SUB_00212
ORD-0000816	DEPT-DELIVERY	in_progress	inprogress	375	2025-08-12 16:55:48.103803	SUB_00212
ORD-0000816	DEPT-DELIVERY	done	inprogress	376	2025-08-12 16:55:50.216856	SUB_00212
ORD-0000816	DEPT-DELIVERY	done	delivered	377	2025-08-12 16:55:52.69191	SUB_00212
ORD-0000816	DEPT-DESIGN	todo	inprogress	378	2025-08-12 16:56:05.024372	SUB_00213
ORD-0000816	DEPT-DESIGN	in_progress	inprogress	379	2025-08-12 16:56:07.874749	SUB_00213
ORD-0000816	DEPT-DESIGN	done	inprogress	380	2025-08-12 16:56:10.146638	SUB_00213
ORD-0000816	DEPT-STRIKE-OFF	todo	inprogress	381	2025-08-12 16:56:12.354128	SUB_00213
ORD-0000816	DEPT-STRIKE-OFF	in_progress	inprogress	382	2025-08-12 16:56:14.643272	SUB_00213
ORD-0000816	DEPT-STRIKE-OFF	done	inprogress	383	2025-08-12 16:56:16.977277	SUB_00213
ORD-0000816	DEPT-DELIVERY	todo	inprogress	384	2025-08-12 16:56:21.099985	SUB_00213
ORD-0000816	DEPT-DELIVERY	in_progress	inprogress	385	2025-08-12 16:56:23.77444	SUB_00213
ORD-0000816	DEPT-DELIVERY	done	inprogress	386	2025-08-12 16:56:26.708796	SUB_00213
ORD-0000816	DEPT-DELIVERY	done	delivered	387	2025-08-12 16:56:29.925166	SUB_00213
ORD-0000035	DEPT-STRIKE-OFF	todo	inprogress	388	2025-08-13 08:46:47.971865	sub-0003
ORD-0000035	DEPT-DESIGN	todo	inprogress	389	2025-08-13 08:51:07.424627	sub-0002
ORD-0000035	DEPT-DESIGN	in_progress	inprogress	390	2025-08-13 08:51:33.56192	sub-0002
ORD-0000035	DEPT-DESIGN	todo	inprogress	391	2025-08-13 08:52:31.98893	SUB_00214
ORD-0000035	DEPT-DESIGN	in_progress	inprogress	392	2025-08-13 08:54:39.788299	SUB_00214
ORD-0000026	DEPT-DESIGN	in_progress	inprogress	393	2025-08-13 09:09:22.776667	SUB_00186
ORD-0000026	DEPT-DESIGN	done	inprogress	394	2025-08-13 09:09:30.150037	SUB_00186
ORD-0000026	DEPT-STRIKE-OFF	todo	inprogress	395	2025-08-13 09:09:34.848433	SUB_00186
ORD-0000026	DEPT-STRIKE-OFF	in_progress	inprogress	396	2025-08-13 09:09:37.335048	SUB_00186
ORD-0000026	DEPT-STRIKE-OFF	done	inprogress	397	2025-08-13 09:09:39.639168	SUB_00186
ORD-0000026	DEPT-DELIVERY	todo	inprogress	398	2025-08-13 09:09:41.969061	SUB_00186
ORD-0000026	DEPT-DELIVERY	in_progress	inprogress	399	2025-08-13 09:09:44.504735	SUB_00186
ORD-0000026	DEPT-DELIVERY	done	inprogress	400	2025-08-13 09:09:46.567323	SUB_00186
ORD-0000026	DEPT-DELIVERY	done	delivered	401	2025-08-13 09:09:49.275855	SUB_00186
ORD-0000518	DEPT-DESIGN	todo	inprogress	402	2025-08-13 09:12:07.754713	SUB_00217
ORD-0000518	DEPT-DESIGN	in_progress	inprogress	403	2025-08-13 09:12:14.663816	SUB_00217
ORD-0000261	DEPT-DESIGN	todo	inprogress	404	2025-08-13 15:20:39.183161	SUB_00041
ORD-0000261	DEPT-DESIGN	in_progress	inprogress	405	2025-08-13 15:21:01.777843	SUB_00041
ORD-0000261	DEPT-DESIGN	done	inprogress	406	2025-08-13 15:21:04.604312	SUB_00041
ORD-0000261	DEPT-STRIKE-OFF	todo	inprogress	407	2025-08-13 15:21:07.196364	SUB_00041
ORD-0000261	DEPT-STRIKE-OFF	in_progress	inprogress	408	2025-08-13 15:21:10.269934	SUB_00041
ORD-0000261	DEPT-STRIKE-OFF	done	inprogress	409	2025-08-13 15:21:12.768785	SUB_00041
ORD-0000261	DEPT-DELIVERY	todo	inprogress	410	2025-08-13 15:21:14.965485	SUB_00041
ORD-0000261	DEPT-DELIVERY	in_progress	inprogress	411	2025-08-13 15:21:17.219888	SUB_00041
ORD-0000261	DEPT-DELIVERY	done	inprogress	412	2025-08-13 15:21:19.889559	SUB_00041
ORD-0000261	DEPT-DELIVERY	done	delivered	413	2025-08-13 15:21:24.037781	SUB_00041
ORD-0000261	DEPT-DESIGN	todo	inprogress	414	2025-08-13 15:21:29.986791	SUB_00042
ORD-0000261	DEPT-DESIGN	in_progress	inprogress	415	2025-08-13 15:21:37.851657	SUB_00042
ORD-0000261	DEPT-DESIGN	done	inprogress	416	2025-08-13 15:21:40.346121	SUB_00042
ORD-0000261	DEPT-STRIKE-OFF	todo	inprogress	417	2025-08-13 15:21:42.905356	SUB_00042
ORD-0000261	DEPT-STRIKE-OFF	in_progress	inprogress	418	2025-08-13 15:21:45.470472	SUB_00042
ORD-0000261	DEPT-STRIKE-OFF	done	inprogress	419	2025-08-13 15:21:47.988619	SUB_00042
ORD-0000261	DEPT-DELIVERY	todo	inprogress	420	2025-08-13 15:21:54.916133	SUB_00042
ORD-0000261	DEPT-DELIVERY	in_progress	inprogress	421	2025-08-13 15:22:01.04258	SUB_00042
ORD-0000261	DEPT-DELIVERY	done	inprogress	422	2025-08-13 15:22:03.267891	SUB_00042
ORD-0000261	DEPT-DELIVERY	done	delivered	423	2025-08-13 15:22:09.118581	SUB_00042
ORD-0000261	DEPT-DELIVERY	done	delivered	424	2025-08-13 15:22:23.968018	SUB_00042
ORD-0000862	DEPT-DESIGN	in_progress	inprogress	425	2025-08-22 09:55:00.538061	SUB_00229
ORD-0000862	DEPT-DESIGN	done	inprogress	426	2025-08-22 09:59:02.695998	SUB_00229
ORD-0000862	DEPT-STRIKE-OFF	todo	inprogress	427	2025-08-22 10:02:32.086391	SUB_00229
ORD-0000862	DEPT-STRIKE-OFF	in_progress	inprogress	428	2025-08-22 10:02:34.485555	SUB_00229
ORD-0000862	DEPT-STRIKE-OFF	done	inprogress	429	2025-08-22 10:02:37.399838	SUB_00229
ORD-0000862	DEPT-DELIVERY	todo	inprogress	430	2025-08-22 10:02:42.767189	SUB_00229
ORD-0000862	DEPT-DELIVERY	in_progress	inprogress	431	2025-08-22 10:02:45.268771	SUB_00229
ORD-0000862	DEPT-DELIVERY	done	inprogress	432	2025-08-22 10:02:47.581269	SUB_00229
ORD-0000862	DEPT-DELIVERY	done	delivered	433	2025-08-22 10:02:50.220923	SUB_00229
ORD-0000840	DEPT-DESIGN	todo	inprogress	434	2025-08-22 10:05:08.766491	SUB_00222
ORD-0000840	DEPT-DESIGN	in_progress	inprogress	435	2025-08-22 10:05:12.228283	SUB_00222
ORD-0000840	DEPT-DESIGN	done	inprogress	436	2025-08-22 10:05:14.934251	SUB_00222
ORD-0000840	DEPT-DESIGN	todo	inprogress	437	2025-08-22 10:08:22.842808	SUB_00224
ORD-0000840	DEPT-DESIGN	in_progress	inprogress	438	2025-08-22 10:08:26.06841	SUB_00224
ORD-0000840	DEPT-DESIGN	done	inprogress	439	2025-08-22 10:08:29.965644	SUB_00224
ORD-0000820	DEPT-DESIGN	todo	inprogress	440	2025-08-22 10:29:29.359196	SUB_00219
ORD-0000840	DEPT-STRIKE-OFF	todo	inprogress	441	2025-08-22 10:30:27.985359	SUB_00224
ORD-0000840	DEPT-STRIKE-OFF	todo	inprogress	442	2025-08-22 10:32:21.994884	SUB_00222
ORD-0000840	DEPT-STRIKE-OFF	in_progress	inprogress	443	2025-08-22 10:37:00.61639	SUB_00222
ORD-0000840	DEPT-STRIKE-OFF	in_progress	inprogress	444	2025-08-22 10:41:04.260428	SUB_00224
ORD-0000816	DEPT-DELIVERY	done	delivered	445	2025-08-22 12:33:56.895417	SUB_00213
ORD-0000809	DEPT-DESIGN	in_progress	inprogress	446	2025-08-28 15:24:18.531307	SUB_00197
ORD-0000862	DEPT-DESIGN	todo	inprogress	447	2025-08-28 18:23:28.050825	SUB_00235
ORD-0000862	DEPT-DESIGN	in_progress	inprogress	448	2025-08-28 18:23:30.95488	SUB_00235
ORD-0000862	DEPT-DESIGN	done	inprogress	449	2025-08-28 18:23:33.753844	SUB_00235
ORD-0000862	DEPT-STRIKE-OFF	todo	inprogress	450	2025-08-28 18:23:36.33478	SUB_00235
ORD-0000862	DEPT-STRIKE-OFF	in_progress	inprogress	451	2025-08-28 18:23:39.095875	SUB_00235
ORD-0000862	DEPT-STRIKE-OFF	done	inprogress	452	2025-08-28 18:23:43.664501	SUB_00235
ORD-0000862	DEPT-DELIVERY	todo	inprogress	453	2025-08-28 18:23:46.021169	SUB_00235
ORD-0000862	DEPT-DELIVERY	in_progress	inprogress	454	2025-08-28 18:23:48.678589	SUB_00235
ORD-0000862	DEPT-DELIVERY	done	inprogress	455	2025-08-28 18:23:52.220125	SUB_00235
ORD-0000862	DEPT-DELIVERY	done	delivered	456	2025-08-28 18:23:55.268313	SUB_00235
ORD-0000837	DEPT-DESIGN	todo	inprogress	457	2025-08-28 18:24:47.064754	SUB_00240
ORD-0000801	DEPT-DESIGN	todo	inprogress	458	2025-08-28 18:27:31.067736	SUB_00245
ORD-0000801	DEPT-DESIGN	in_progress	inprogress	459	2025-08-28 18:27:33.715518	SUB_00245
ORD-0000801	DEPT-DESIGN	done	inprogress	460	2025-08-28 18:27:35.978587	SUB_00245
ORD-0000801	DEPT-STRIKE-OFF	todo	inprogress	461	2025-08-28 18:27:38.890703	SUB_00245
ORD-0001133	DEPT-DESIGN	todo	inprogress	462	2025-09-18 19:03:10.302	SUB_00337
ORD-0001133	DEPT-DESIGN	in_progress	inprogress	463	2025-09-18 19:03:45.384417	SUB_00337
ORD-0001133	DEPT-DESIGN	done	inprogress	464	2025-09-18 19:03:53.348949	SUB_00337
ORD-0001133	DEPT-STRIKE-OFF	todo	inprogress	465	2025-09-18 19:03:56.584959	SUB_00337
ORD-0001133	DEPT-STRIKE-OFF	in_progress	inprogress	466	2025-09-18 19:03:59.508512	SUB_00337
ORD-0001133	DEPT-STRIKE-OFF	done	inprogress	467	2025-09-18 19:04:05.232827	SUB_00337
ORD-0001133	DEPT-DELIVERY	todo	inprogress	468	2025-09-18 19:04:08.657643	SUB_00337
ORD-0001133	DEPT-DELIVERY	in_progress	inprogress	469	2025-09-18 19:04:12.697357	SUB_00337
ORD-0001133	DEPT-DELIVERY	done	inprogress	470	2025-09-18 19:04:20.32878	SUB_00337
ORD-0001025	DEPT-DESIGN	todo	inprogress	471	2025-09-22 10:57:20.421575	SUB_00292
ORD-0001025	DEPT-DESIGN	in_progress	inprogress	472	2025-09-22 10:57:33.590268	SUB_00292
ORD-0001025	DEPT-DESIGN	done	inprogress	473	2025-09-22 10:57:36.747119	SUB_00292
ORD-0001025	DEPT-STRIKE-OFF	todo	inprogress	474	2025-09-22 10:57:41.159887	SUB_00292
ORD-0001025	DEPT-STRIKE-OFF	in_progress	inprogress	475	2025-09-22 11:00:01.626317	SUB_00292
ORD-0001025	DEPT-STRIKE-OFF	done	inprogress	476	2025-09-22 11:00:04.555237	SUB_00292
ORD-0001025	DEPT-DELIVERY	todo	inprogress	477	2025-09-22 11:00:07.061361	SUB_00292
ORD-0001025	DEPT-DELIVERY	in_progress	inprogress	478	2025-09-22 11:00:09.864979	SUB_00292
ORD-0001025	DEPT-DELIVERY	done	inprogress	479	2025-09-22 11:00:12.410832	SUB_00292
ORD-0001025	DEPT-DELIVERY	done	delivered	480	2025-09-22 11:00:14.830569	SUB_00292
ORD-0001199	DEPT-DESIGN	todo	inprogress	481	2025-09-22 16:08:36.918453	SUB_00346
ORD-0001237	DEPT-DESIGN	todo	inprogress	482	2025-09-23 14:48:55.175669	SUB_00366
ORD-0001197	DEPT-DESIGN	todo	inprogress	483	2025-09-23 15:20:44.616024	SUB_00344
ORD-0001197	DEPT-DESIGN	in_progress	inprogress	484	2025-09-23 15:20:50.472146	SUB_00344
ORD-0001197	DEPT-DESIGN	done	inprogress	485	2025-09-23 15:20:53.03703	SUB_00344
ORD-0001197	DEPT-STRIKE-OFF	todo	inprogress	486	2025-09-23 15:20:55.311712	SUB_00344
ORD-0001197	DEPT-STRIKE-OFF	in_progress	inprogress	487	2025-09-23 15:20:57.663755	SUB_00344
ORD-0001197	DEPT-STRIKE-OFF	done	inprogress	488	2025-09-23 15:20:59.925938	SUB_00344
ORD-0001197	DEPT-DELIVERY	todo	inprogress	489	2025-09-23 15:21:02.630739	SUB_00344
ORD-0001197	DEPT-DELIVERY	in_progress	inprogress	490	2025-09-23 15:21:07.516743	SUB_00344
ORD-0001197	DEPT-DELIVERY	done	inprogress	491	2025-09-23 15:21:09.815192	SUB_00344
ORD-0001197	DEPT-DELIVERY	done	delivered	492	2025-09-23 15:21:12.750921	SUB_00344
ORD-0001197	DEPT-DESIGN	todo	inprogress	493	2025-09-23 15:22:23.658273	SUB_00345
ORD-0001197	DEPT-DESIGN	in_progress	inprogress	494	2025-09-23 15:22:26.419876	SUB_00345
ORD-0001197	DEPT-DESIGN	done	inprogress	495	2025-09-23 15:22:29.142807	SUB_00345
ORD-0001197	DEPT-STRIKE-OFF	todo	inprogress	496	2025-09-23 15:22:31.475403	SUB_00345
ORD-0001197	DEPT-STRIKE-OFF	in_progress	inprogress	497	2025-09-23 15:22:38.115653	SUB_00345
ORD-0001197	DEPT-STRIKE-OFF	done	inprogress	498	2025-09-23 15:22:42.049772	SUB_00345
ORD-0001197	DEPT-DELIVERY	todo	inprogress	499	2025-09-23 15:22:45.47554	SUB_00345
ORD-0001197	DEPT-DELIVERY	in_progress	inprogress	500	2025-09-23 15:22:48.293209	SUB_00345
ORD-0001197	DEPT-DELIVERY	done	inprogress	501	2025-09-23 15:22:50.907816	SUB_00345
ORD-0001197	DEPT-DELIVERY	done	delivered	502	2025-09-23 15:22:53.453963	SUB_00345
ORD-0001195	DEPT-DESIGN	todo	inprogress	503	2025-09-25 10:16:45.696387	SUB_00343
ORD-0001310	DEPT-DESIGN	todo	inprogress	504	2025-09-25 19:00:32.750082	SUB_00390
ORD-0001310	DEPT-DESIGN	in_progress	inprogress	505	2025-09-25 19:00:35.989166	SUB_00390
ORD-0001310	DEPT-DESIGN	done	inprogress	506	2025-09-25 19:00:39.716699	SUB_00390
ORD-0001310	DEPT-STRIKE-OFF	todo	inprogress	507	2025-09-25 19:00:42.919049	SUB_00390
ORD-0001310	DEPT-STRIKE-OFF	in_progress	inprogress	508	2025-09-25 19:00:47.444782	SUB_00390
ORD-0001310	DEPT-STRIKE-OFF	done	inprogress	509	2025-09-25 19:00:51.641129	SUB_00390
ORD-0001310	DEPT-DELIVERY	todo	inprogress	510	2025-09-25 19:00:55.511219	SUB_00390
ORD-0001310	DEPT-DELIVERY	in_progress	inprogress	511	2025-09-25 19:00:58.52932	SUB_00390
ORD-0001310	DEPT-DELIVERY	done	inprogress	512	2025-09-25 19:01:01.710208	SUB_00390
ORD-0001310	DEPT-DELIVERY	done	delivered	513	2025-09-25 19:01:04.975419	SUB_00390
\N	DEPT-DESIGN	todo	inprogress	514	2025-09-26 09:50:43.760323	SUB_00391
\N	DEPT-DESIGN	in_progress	inprogress	515	2025-09-26 09:50:47.034367	SUB_00391
\N	DEPT-DESIGN	done	inprogress	516	2025-09-26 09:50:49.8197	SUB_00391
\N	DEPT-STRIKE-OFF	todo	inprogress	517	2025-09-26 09:50:52.230656	SUB_00391
\N	DEPT-STRIKE-OFF	in_progress	inprogress	518	2025-09-26 09:50:57.118095	SUB_00391
\N	DEPT-STRIKE-OFF	done	inprogress	519	2025-09-26 09:50:59.702579	SUB_00391
\N	DEPT-DELIVERY	todo	inprogress	520	2025-09-26 09:51:02.291394	SUB_00391
\N	DEPT-DELIVERY	in_progress	inprogress	521	2025-09-26 09:51:04.997	SUB_00391
\N	DEPT-DELIVERY	done	inprogress	522	2025-09-26 09:51:07.624642	SUB_00391
\N	DEPT-DELIVERY	done	done	523	2025-09-26 09:51:10.266397	SUB_00391
ORD-0001314	DEPT-DESIGN	todo	inprogress	524	2025-09-26 09:52:22.795229	SUB_00392
ORD-0001314	DEPT-DESIGN	in_progress	inprogress	525	2025-09-26 09:52:26.151357	SUB_00392
ORD-0001314	DEPT-DESIGN	done	inprogress	526	2025-09-26 09:52:29.253425	SUB_00392
ORD-0001314	DEPT-STRIKE-OFF	todo	inprogress	527	2025-09-26 09:52:31.787914	SUB_00392
ORD-0001314	DEPT-STRIKE-OFF	in_progress	inprogress	528	2025-09-26 09:52:34.350703	SUB_00392
ORD-0001314	DEPT-STRIKE-OFF	done	inprogress	529	2025-09-26 09:52:36.685204	SUB_00392
ORD-0001314	DEPT-DELIVERY	todo	inprogress	530	2025-09-26 09:52:39.110951	SUB_00392
ORD-0001314	DEPT-DELIVERY	in_progress	inprogress	531	2025-09-26 09:52:41.439027	SUB_00392
ORD-0001314	DEPT-DELIVERY	done	inprogress	532	2025-09-26 09:52:45.191912	SUB_00392
ORD-0001314	DEPT-DELIVERY	done	done	533	2025-09-26 09:52:47.877419	SUB_00392
ORD-0001314	DEPT-DELIVERY	done	done	534	2025-09-26 09:52:50.10576	SUB_00392
\N	DEPT-DESIGN	todo	inprogress	535	2025-09-26 09:54:46.394097	SUB_00394
\N	DEPT-DESIGN	in_progress	inprogress	536	2025-09-26 09:54:48.959587	SUB_00394
\N	DEPT-DESIGN	done	inprogress	537	2025-09-26 09:54:51.700967	SUB_00394
\N	DEPT-STRIKE-OFF	todo	inprogress	538	2025-09-26 09:54:54.274381	SUB_00394
\N	DEPT-STRIKE-OFF	in_progress	inprogress	539	2025-09-26 09:54:56.606956	SUB_00394
\N	DEPT-STRIKE-OFF	done	inprogress	540	2025-09-26 09:54:58.963677	SUB_00394
\N	DEPT-DELIVERY	todo	inprogress	541	2025-09-26 09:55:01.571337	SUB_00394
\N	DEPT-DELIVERY	in_progress	inprogress	542	2025-09-26 09:55:03.82547	SUB_00394
\N	DEPT-DELIVERY	done	inprogress	543	2025-09-26 09:55:07.003073	SUB_00394
\N	DEPT-DELIVERY	done	done	544	2025-09-26 09:55:10.647978	SUB_00394
ORD-0001304	DEPT-DESIGN	todo	inprogress	545	2025-09-26 11:09:35.059041	SUB_00387
ORD-0001304	DEPT-DESIGN	in_progress	inprogress	546	2025-09-26 11:09:41.373487	SUB_00387
ORD-0001304	DEPT-DESIGN	done	inprogress	547	2025-09-26 11:09:42.791645	SUB_00387
ORD-0001304	DEPT-STRIKE-OFF	todo	inprogress	548	2025-09-26 11:09:43.730355	SUB_00387
ORD-0001304	DEPT-STRIKE-OFF	in_progress	inprogress	549	2025-09-26 11:09:47.758688	SUB_00387
ORD-0001304	DEPT-STRIKE-OFF	done	inprogress	550	2025-09-26 11:09:48.403693	SUB_00387
ORD-0001304	DEPT-DELIVERY	todo	inprogress	551	2025-09-26 11:09:50.212452	SUB_00387
ORD-0001304	DEPT-DELIVERY	in_progress	inprogress	552	2025-09-26 11:09:50.865748	SUB_00387
ORD-0001304	DEPT-DELIVERY	done	inprogress	553	2025-09-26 11:09:51.70188	SUB_00387
ORD-0001304	DEPT-DELIVERY	done	done	554	2025-09-26 11:09:52.766518	SUB_00387
\N	DEPT-DESIGN	todo	inprogress	555	2025-09-26 11:10:01.108195	SUB_00397
\N	DEPT-DESIGN	todo	inprogress	556	2025-09-26 11:11:51.57312	SUB_00398
\N	DEPT-DESIGN	in_progress	inprogress	557	2025-09-26 11:11:53.028489	SUB_00398
\N	DEPT-DESIGN	done	inprogress	558	2025-09-26 11:11:53.601629	SUB_00398
\N	DEPT-STRIKE-OFF	todo	inprogress	559	2025-09-26 11:11:56.585527	SUB_00398
\N	DEPT-STRIKE-OFF	in_progress	inprogress	560	2025-09-26 11:11:57.244854	SUB_00398
\N	DEPT-STRIKE-OFF	done	inprogress	561	2025-09-26 11:11:57.827011	SUB_00398
\N	DEPT-DELIVERY	todo	inprogress	562	2025-09-26 11:11:58.69113	SUB_00398
\N	DEPT-DELIVERY	in_progress	inprogress	563	2025-09-26 11:11:59.330085	SUB_00398
\N	DEPT-DELIVERY	done	inprogress	564	2025-09-26 11:11:59.886239	SUB_00398
\N	DEPT-DELIVERY	done	done	565	2025-09-26 11:12:00.553693	SUB_00398
\N	DEPT-DESIGN	todo	inprogress	566	2025-09-26 11:12:38.110658	SUB_00399
ORD-0001321	DEPT-DESIGN	todo	inprogress	567	2025-09-26 11:17:54.090763	SUB_00402
ORD-0001321	DEPT-DESIGN	in_progress	inprogress	568	2025-09-26 11:18:39.552836	SUB_00402
ORD-0001321	DEPT-DESIGN	done	inprogress	569	2025-09-26 11:18:41.6664	SUB_00402
ORD-0001321	DEPT-STRIKE-OFF	todo	inprogress	570	2025-09-26 11:18:46.68774	SUB_00402
ORD-0001321	DEPT-STRIKE-OFF	in_progress	inprogress	571	2025-09-26 11:18:47.508176	SUB_00402
ORD-0001321	DEPT-STRIKE-OFF	done	inprogress	572	2025-09-26 11:18:48.135352	SUB_00402
ORD-0001321	DEPT-DELIVERY	todo	inprogress	573	2025-09-26 11:18:49.180995	SUB_00402
ORD-0001321	DEPT-DELIVERY	in_progress	inprogress	574	2025-09-26 11:18:49.902927	SUB_00402
ORD-0001321	DEPT-DELIVERY	done	inprogress	575	2025-09-26 11:19:21.537836	SUB_00402
ORD-0001321	DEPT-DELIVERY	done	delivered	576	2025-09-26 11:19:27.014655	SUB_00402
ORD-0001323	DEPT-DESIGN	todo	inprogress	577	2025-09-26 11:34:05.467424	SUB_00404
ORD-0001323	DEPT-DESIGN	in_progress	inprogress	578	2025-09-26 11:34:08.959852	SUB_00404
ORD-0001323	DEPT-DESIGN	done	inprogress	579	2025-09-26 11:34:09.516593	SUB_00404
ORD-0001323	DEPT-STRIKE-OFF	todo	inprogress	580	2025-09-26 11:34:10.075543	SUB_00404
ORD-0001323	DEPT-STRIKE-OFF	in_progress	inprogress	581	2025-09-26 11:34:20.732817	SUB_00404
ORD-0001323	DEPT-STRIKE-OFF	done	inprogress	582	2025-09-26 11:34:21.588221	SUB_00404
ORD-0001323	DEPT-DELIVERY	todo	inprogress	583	2025-09-26 11:34:22.443507	SUB_00404
ORD-0001323	DEPT-DELIVERY	in_progress	inprogress	584	2025-09-26 11:34:23.104834	SUB_00404
ORD-0001323	DEPT-DELIVERY	done	inprogress	585	2025-09-26 11:34:23.725412	SUB_00404
ORD-0001323	DEPT-DELIVERY	done	delivered	586	2025-09-26 11:34:26.264572	SUB_00404
ORD-0001323	DEPT-DESIGN	todo	inprogress	587	2025-09-26 11:34:51.618938	SUB_00406
ORD-0001323	DEPT-DESIGN	in_progress	inprogress	588	2025-09-26 11:34:52.02923	SUB_00406
ORD-0001323	DEPT-DESIGN	done	inprogress	589	2025-09-26 11:34:52.528992	SUB_00406
ORD-0001323	DEPT-STRIKE-OFF	todo	inprogress	590	2025-09-26 11:34:52.954534	SUB_00406
ORD-0001323	DEPT-STRIKE-OFF	in_progress	inprogress	591	2025-09-26 11:34:53.124471	SUB_00406
ORD-0001323	DEPT-STRIKE-OFF	done	inprogress	592	2025-09-26 11:34:53.280772	SUB_00406
ORD-0001323	DEPT-DELIVERY	todo	inprogress	593	2025-09-26 11:34:53.496847	SUB_00406
ORD-0001323	DEPT-DELIVERY	in_progress	inprogress	594	2025-09-26 11:34:54.370306	SUB_00406
ORD-0001323	DEPT-DELIVERY	done	inprogress	595	2025-09-26 11:34:54.784938	SUB_00406
ORD-0001323	DEPT-DELIVERY	done	delivered	596	2025-09-26 11:35:05.758841	SUB_00406
ORD-0001227	DEPT-DESIGN	todo	inprogress	597	2025-09-26 11:49:26.769902	SUB_00409
ORD-0001227	DEPT-DESIGN	done	inprogress	598	2025-09-26 11:53:28.445821	SUB_00409
ORD-0001227	DEPT-STRIKE-OFF	todo	inprogress	599	2025-09-26 11:53:30.509185	SUB_00409
ORD-0001227	DEPT-STRIKE-OFF	in_progress	inprogress	600	2025-09-26 11:53:31.274319	SUB_00409
ORD-0001227	DEPT-STRIKE-OFF	done	inprogress	601	2025-09-26 11:53:32.216218	SUB_00409
ORD-0001227	DEPT-DELIVERY	todo	inprogress	602	2025-09-26 11:53:38.433537	SUB_00409
ORD-0001227	DEPT-DELIVERY	in_progress	inprogress	603	2025-09-26 11:53:39.108775	SUB_00409
ORD-0001227	DEPT-DELIVERY	done	inprogress	604	2025-09-26 11:53:40.043142	SUB_00409
ORD-0001227	DEPT-DELIVERY	done	delivered	605	2025-09-26 11:53:46.014368	SUB_00409
ORD-0001227	DEPT-DESIGN	todo	inprogress	606	2025-09-26 11:57:41.712094	SUB_00359
ORD-0001227	DEPT-DESIGN	in_progress	inprogress	607	2025-09-26 11:57:42.370962	SUB_00359
ORD-0001227	DEPT-DESIGN	done	inprogress	608	2025-09-26 11:57:43.072521	SUB_00359
ORD-0001227	DEPT-STRIKE-OFF	todo	inprogress	609	2025-09-26 11:58:10.114557	SUB_00359
ORD-0001227	DEPT-STRIKE-OFF	in_progress	inprogress	610	2025-09-26 11:58:11.150701	SUB_00359
ORD-0001227	DEPT-STRIKE-OFF	done	inprogress	611	2025-09-26 11:58:12.043087	SUB_00359
ORD-0001227	DEPT-DELIVERY	todo	inprogress	612	2025-09-26 11:58:12.737068	SUB_00359
ORD-0001227	DEPT-DELIVERY	in_progress	inprogress	613	2025-09-26 11:58:13.412731	SUB_00359
ORD-0001227	DEPT-DELIVERY	done	inprogress	614	2025-09-26 11:58:14.072043	SUB_00359
ORD-0001227	DEPT-DELIVERY	done	delivered	615	2025-09-26 11:58:14.777207	SUB_00359
ORD-0001227	DEPT-DELIVERY	done	delivered	616	2025-09-26 11:58:16.04646	SUB_00359
ORD-0001308	DEPT-DESIGN	todo	inprogress	617	2025-09-26 12:02:32.938414	SUB_00389
ORD-0001308	DEPT-DESIGN	in_progress	inprogress	618	2025-09-26 12:02:33.517617	SUB_00389
ORD-0001308	DEPT-DESIGN	done	inprogress	619	2025-09-26 12:02:36.739818	SUB_00389
ORD-0001308	DEPT-STRIKE-OFF	todo	inprogress	620	2025-09-26 12:02:37.532598	SUB_00389
ORD-0001308	DEPT-STRIKE-OFF	in_progress	inprogress	621	2025-09-26 12:02:38.09236	SUB_00389
ORD-0001308	DEPT-STRIKE-OFF	done	inprogress	622	2025-09-26 12:02:38.613605	SUB_00389
ORD-0001308	DEPT-DELIVERY	todo	inprogress	623	2025-09-26 12:02:39.335811	SUB_00389
ORD-0001308	DEPT-DELIVERY	in_progress	inprogress	624	2025-09-26 12:02:40.018288	SUB_00389
ORD-0001308	DEPT-DELIVERY	done	inprogress	625	2025-09-26 12:02:40.953426	SUB_00389
ORD-0001308	DEPT-DELIVERY	done	delivered	626	2025-09-26 12:02:44.073661	SUB_00389
ORD-0001308	DEPT-DESIGN	todo	inprogress	627	2025-09-26 12:02:50.744142	SUB_00410
ORD-0001308	DEPT-DESIGN	in_progress	inprogress	628	2025-09-26 12:02:50.890134	SUB_00410
ORD-0001308	DEPT-DESIGN	done	inprogress	629	2025-09-26 12:02:51.024629	SUB_00410
ORD-0001308	DEPT-STRIKE-OFF	todo	inprogress	630	2025-09-26 12:02:51.254788	SUB_00410
ORD-0001308	DEPT-STRIKE-OFF	in_progress	inprogress	631	2025-09-26 12:02:51.624529	SUB_00410
ORD-0001308	DEPT-STRIKE-OFF	done	inprogress	632	2025-09-26 12:02:51.779978	SUB_00410
ORD-0001308	DEPT-DELIVERY	todo	inprogress	633	2025-09-26 12:02:51.920759	SUB_00410
ORD-0001308	DEPT-DELIVERY	in_progress	inprogress	634	2025-09-26 12:02:52.074565	SUB_00410
ORD-0001308	DEPT-DELIVERY	done	inprogress	635	2025-09-26 12:02:52.230118	SUB_00410
ORD-0001308	DEPT-DELIVERY	done	delivered	636	2025-09-26 12:02:52.467301	SUB_00410
ORD-0001308	DEPT-DELIVERY	done	delivered	637	2025-09-26 12:02:52.672847	SUB_00410
ORD-0001308	DEPT-DELIVERY	done	delivered	638	2025-09-26 12:02:53.289729	SUB_00410
ORD-0001308	DEPT-DELIVERY	done	delivered	639	2025-09-26 12:02:53.450258	SUB_00410
ORD-0001308	DEPT-DELIVERY	done	delivered	640	2025-09-26 12:02:53.625367	SUB_00410
ORD-0001308	DEPT-DELIVERY	done	delivered	641	2025-09-26 12:02:53.852222	SUB_00410
ORD-0001306	DEPT-DESIGN	todo	inprogress	642	2025-09-26 12:08:21.540546	SUB_00388
ORD-0001306	DEPT-DESIGN	in_progress	inprogress	643	2025-09-26 12:08:21.756577	SUB_00388
ORD-0001306	DEPT-DESIGN	done	inprogress	644	2025-09-26 12:08:22.882351	SUB_00388
ORD-0001306	DEPT-STRIKE-OFF	todo	inprogress	645	2025-09-26 12:08:25.107331	SUB_00388
ORD-0001306	DEPT-STRIKE-OFF	in_progress	inprogress	646	2025-09-26 12:08:25.799751	SUB_00388
ORD-0001306	DEPT-STRIKE-OFF	done	inprogress	647	2025-09-26 12:08:26.718175	SUB_00388
ORD-0001306	DEPT-DELIVERY	todo	inprogress	648	2025-09-26 12:08:29.323623	SUB_00388
ORD-0001306	DEPT-DELIVERY	in_progress	inprogress	649	2025-09-26 12:08:29.915271	SUB_00388
ORD-0001306	DEPT-DELIVERY	done	inprogress	650	2025-09-26 12:08:30.471357	SUB_00388
ORD-0001306	DEPT-DELIVERY	done	delivered	651	2025-09-26 12:08:59.849645	SUB_00388
ORD-0001306	DEPT-DESIGN	todo	inprogress	652	2025-09-26 12:09:14.509188	SUB_00411
ORD-0001306	DEPT-DESIGN	in_progress	inprogress	653	2025-09-26 12:09:15.181383	SUB_00411
ORD-0001306	DEPT-DESIGN	done	inprogress	654	2025-09-26 12:09:15.821782	SUB_00411
ORD-0001306	DEPT-STRIKE-OFF	todo	inprogress	655	2025-09-26 12:09:20.730057	SUB_00411
ORD-0001306	DEPT-STRIKE-OFF	in_progress	inprogress	656	2025-09-26 12:09:21.424804	SUB_00411
ORD-0001306	DEPT-STRIKE-OFF	done	inprogress	657	2025-09-26 12:09:22.334675	SUB_00411
ORD-0001306	DEPT-DELIVERY	todo	inprogress	658	2025-09-26 12:09:36.505769	SUB_00411
ORD-0001306	DEPT-DELIVERY	in_progress	inprogress	659	2025-09-26 12:09:38.181882	SUB_00411
ORD-0001306	DEPT-DELIVERY	done	inprogress	660	2025-09-26 12:09:38.610651	SUB_00411
ORD-0001306	DEPT-DELIVERY	done	delivered	661	2025-09-26 12:09:39.797112	SUB_00411
ORD-0001328	DEPT-DESIGN	todo	inprogress	662	2025-09-26 19:20:34.052238	SUB_00412
ORD-0001328	DEPT-DESIGN	in_progress	inprogress	663	2025-09-26 19:20:35.758296	SUB_00412
ORD-0001328	DEPT-DESIGN	done	inprogress	664	2025-09-26 19:20:36.456959	SUB_00412
ORD-0001328	DEPT-STRIKE-OFF	todo	inprogress	665	2025-09-26 19:20:37.302694	SUB_00412
ORD-0001328	DEPT-STRIKE-OFF	in_progress	inprogress	666	2025-09-26 19:20:38.300252	SUB_00412
ORD-0001328	DEPT-STRIKE-OFF	done	inprogress	667	2025-09-26 19:20:39.586165	SUB_00412
ORD-0001328	DEPT-DELIVERY	todo	inprogress	668	2025-09-26 19:20:41.213051	SUB_00412
ORD-0001328	DEPT-DELIVERY	in_progress	inprogress	669	2025-09-26 19:20:42.561828	SUB_00412
ORD-0001328	DEPT-DELIVERY	done	inprogress	670	2025-09-26 19:20:44.062232	SUB_00412
ORD-0001328	DEPT-DELIVERY	done	delivered	671	2025-09-26 19:20:45.870441	SUB_00412
ORD-0001120	DEPT-DESIGN	todo	inprogress	672	2025-09-29 11:09:54.935848	SUB_00415
ORD-0001120	DEPT-DESIGN	in_progress	inprogress	673	2025-09-29 11:11:20.465887	SUB_00415
ORD-0001120	DEPT-DESIGN	done	inprogress	674	2025-09-29 11:11:21.167372	SUB_00415
ORD-0001120	DEPT-STRIKE-OFF	todo	inprogress	675	2025-09-29 11:11:21.85106	SUB_00415
ORD-0001120	DEPT-STRIKE-OFF	in_progress	inprogress	676	2025-09-29 11:11:22.73183	SUB_00415
ORD-0001120	DEPT-STRIKE-OFF	done	inprogress	677	2025-09-29 11:11:33.985789	SUB_00415
ORD-0001120	DEPT-DELIVERY	todo	inprogress	678	2025-09-29 11:11:35.00707	SUB_00415
ORD-0001120	DEPT-DELIVERY	in_progress	inprogress	679	2025-09-29 11:11:36.064447	SUB_00415
ORD-0001120	DEPT-DELIVERY	done	inprogress	680	2025-09-29 11:11:36.911829	SUB_00415
ORD-0001120	DEPT-DELIVERY	done	delivered	681	2025-09-29 11:11:38.008651	SUB_00415
ORD-0001303	DEPT-DESIGN	todo	inprogress	682	2025-09-29 13:46:54.325688	SUB_00417
ORD-0001303	DEPT-DESIGN	in_progress	inprogress	683	2025-09-29 13:48:30.317065	SUB_00417
ORD-0001303	DEPT-DESIGN	done	inprogress	684	2025-09-29 13:49:03.162605	SUB_00417
ORD-0001303	DEPT-STRIKE-OFF	todo	inprogress	685	2025-09-29 13:49:04.753236	SUB_00417
ORD-0001303	DEPT-STRIKE-OFF	in_progress	inprogress	686	2025-09-29 13:49:05.516818	SUB_00417
ORD-0001303	DEPT-STRIKE-OFF	done	inprogress	687	2025-09-29 13:49:19.323738	SUB_00417
ORD-0001303	DEPT-DELIVERY	todo	inprogress	688	2025-09-29 13:49:20.024472	SUB_00417
ORD-0001303	DEPT-DELIVERY	in_progress	inprogress	689	2025-09-29 13:49:21.031113	SUB_00417
ORD-0001303	DEPT-DELIVERY	done	inprogress	690	2025-09-29 13:49:21.741434	SUB_00417
ORD-0001303	DEPT-DELIVERY	done	delivered	691	2025-09-29 13:49:22.42892	SUB_00417
ORD-0001303	DEPT-DESIGN	todo	inprogress	692	2025-09-29 13:49:51.590756	SUB_00418
ORD-0001303	DEPT-DESIGN	in_progress	inprogress	693	2025-09-29 13:50:07.822021	SUB_00418
ORD-0001303	DEPT-DESIGN	done	inprogress	694	2025-09-29 13:50:08.303066	SUB_00418
ORD-0001303	DEPT-STRIKE-OFF	todo	inprogress	695	2025-09-29 13:50:08.914915	SUB_00418
ORD-0001303	DEPT-STRIKE-OFF	in_progress	inprogress	696	2025-09-29 13:50:09.392532	SUB_00418
ORD-0001303	DEPT-STRIKE-OFF	done	inprogress	697	2025-09-29 13:50:09.926589	SUB_00418
ORD-0001303	DEPT-DELIVERY	todo	inprogress	698	2025-09-29 13:50:10.614002	SUB_00418
ORD-0001303	DEPT-DELIVERY	in_progress	inprogress	699	2025-09-29 13:50:11.668664	SUB_00418
ORD-0001303	DEPT-DELIVERY	done	inprogress	700	2025-09-29 13:50:12.271333	SUB_00418
ORD-0001303	DEPT-DELIVERY	done	delivered	701	2025-09-29 13:50:16.132068	SUB_00418
ORD-0001303	DEPT-DESIGN	todo	inprogress	702	2025-09-29 13:50:51.208263	SUB_00419
ORD-0001335	DEPT-DESIGN	todo	inprogress	703	2025-09-29 13:51:22.240486	SUB_00420
ORD-0001335	DEPT-DESIGN	in_progress	inprogress	704	2025-09-29 13:51:22.925178	SUB_00420
ORD-0001335	DEPT-DESIGN	done	inprogress	705	2025-09-29 13:51:24.921791	SUB_00420
ORD-0001335	DEPT-STRIKE-OFF	todo	inprogress	706	2025-09-29 13:51:25.101236	SUB_00420
ORD-0001335	DEPT-STRIKE-OFF	in_progress	inprogress	707	2025-09-29 13:51:25.264549	SUB_00420
ORD-0001335	DEPT-STRIKE-OFF	done	inprogress	708	2025-09-29 13:51:25.488954	SUB_00420
ORD-0001335	DEPT-DELIVERY	todo	inprogress	709	2025-09-29 13:51:26.071362	SUB_00420
ORD-0001335	DEPT-DELIVERY	in_progress	inprogress	710	2025-09-29 13:51:26.662332	SUB_00420
ORD-0001335	DEPT-DELIVERY	done	inprogress	711	2025-09-29 13:51:27.236907	SUB_00420
ORD-0001335	DEPT-DELIVERY	done	delivered	712	2025-09-29 13:51:27.824004	SUB_00420
ORD-0001335	DEPT-DELIVERY	done	delivered	713	2025-09-29 13:51:28.555973	SUB_00420
ORD-0001361	DEPT-DESIGN	todo	inprogress	714	2025-09-29 19:01:48.229325	SUB_00427
ORD-0001361	DEPT-DESIGN	in_progress	inprogress	715	2025-09-29 19:01:50.040999	SUB_00427
ORD-0001361	DEPT-DESIGN	done	inprogress	716	2025-09-29 19:01:51.249904	SUB_00427
ORD-0001361	DEPT-STRIKE-OFF	todo	inprogress	717	2025-09-29 19:01:52.410567	SUB_00427
ORD-0001361	DEPT-STRIKE-OFF	in_progress	inprogress	718	2025-09-29 19:01:53.256922	SUB_00427
ORD-0001361	DEPT-STRIKE-OFF	done	inprogress	719	2025-09-29 19:01:53.989448	SUB_00427
ORD-0001361	DEPT-DELIVERY	todo	inprogress	720	2025-09-29 19:01:54.733761	SUB_00427
ORD-0001361	DEPT-DELIVERY	in_progress	inprogress	721	2025-09-29 19:01:55.871423	SUB_00427
ORD-0001361	DEPT-DELIVERY	done	inprogress	722	2025-09-29 19:01:56.979518	SUB_00427
ORD-0001361	DEPT-DELIVERY	done	delivered	723	2025-09-29 19:01:58.405072	SUB_00427
ORD-0001361	DEPT-DESIGN	todo	inprogress	724	2025-09-29 19:02:24.409983	SUB_00428
ORD-0001361	DEPT-DESIGN	in_progress	inprogress	725	2025-09-29 19:02:26.01779	SUB_00428
ORD-0001361	DEPT-DESIGN	done	inprogress	726	2025-09-29 19:02:26.983941	SUB_00428
ORD-0001361	DEPT-STRIKE-OFF	todo	inprogress	727	2025-09-29 19:02:30.206774	SUB_00428
ORD-0001361	DEPT-STRIKE-OFF	in_progress	inprogress	728	2025-09-29 19:02:31.272124	SUB_00428
ORD-0001361	DEPT-STRIKE-OFF	done	inprogress	729	2025-09-29 19:02:32.390287	SUB_00428
ORD-0001361	DEPT-DELIVERY	todo	inprogress	730	2025-09-29 19:02:33.177825	SUB_00428
ORD-0001361	DEPT-DELIVERY	in_progress	inprogress	731	2025-09-29 19:02:33.890553	SUB_00428
ORD-0001361	DEPT-DELIVERY	done	inprogress	732	2025-09-29 19:02:35.465197	SUB_00428
ORD-0001361	DEPT-DELIVERY	done	delivered	733	2025-09-29 19:02:45.870386	SUB_00428
ORD-0001360	DEPT-DESIGN	todo	inprogress	734	2025-09-30 13:16:04.26755	SUB_00425
ORD-0001360	DEPT-DESIGN	in_progress	inprogress	735	2025-09-30 13:16:09.332431	SUB_00425
ORD-0001360	DEPT-DESIGN	done	inprogress	736	2025-09-30 13:16:10.165783	SUB_00425
ORD-0001360	DEPT-STRIKE-OFF	todo	inprogress	737	2025-09-30 13:16:11.139298	SUB_00425
ORD-0001360	DEPT-STRIKE-OFF	in_progress	inprogress	738	2025-09-30 13:16:11.812415	SUB_00425
ORD-0001360	DEPT-STRIKE-OFF	done	inprogress	739	2025-09-30 13:16:12.616324	SUB_00425
ORD-0001360	DEPT-DELIVERY	todo	inprogress	740	2025-09-30 13:16:14.229989	SUB_00425
ORD-0001360	DEPT-DELIVERY	in_progress	inprogress	741	2025-09-30 13:16:15.291595	SUB_00425
ORD-0001360	DEPT-DELIVERY	done	inprogress	742	2025-09-30 13:16:16.385713	SUB_00425
ORD-0001360	DEPT-DELIVERY	done	delivered	743	2025-09-30 13:18:09.994795	SUB_00425
ORD-0001360	DEPT-DESIGN	todo	inprogress	744	2025-09-30 13:18:26.236348	SUB_00426
ORD-0001360	DEPT-DESIGN	in_progress	inprogress	745	2025-09-30 13:18:26.679179	SUB_00426
ORD-0001360	DEPT-DESIGN	done	inprogress	746	2025-09-30 13:18:27.407567	SUB_00426
ORD-0001360	DEPT-STRIKE-OFF	todo	inprogress	747	2025-09-30 13:18:28.09463	SUB_00426
ORD-0001360	DEPT-STRIKE-OFF	in_progress	inprogress	748	2025-09-30 13:18:28.707417	SUB_00426
ORD-0001360	DEPT-STRIKE-OFF	done	inprogress	749	2025-09-30 13:18:29.390407	SUB_00426
ORD-0001360	DEPT-DELIVERY	todo	inprogress	750	2025-09-30 13:18:29.974994	SUB_00426
ORD-0001360	DEPT-DELIVERY	in_progress	inprogress	751	2025-09-30 13:18:30.587867	SUB_00426
ORD-0001360	DEPT-DELIVERY	done	inprogress	752	2025-09-30 13:18:31.251252	SUB_00426
ORD-0001360	DEPT-DELIVERY	done	delivered	753	2025-09-30 13:18:31.843185	SUB_00426
ORD-0001360	DEPT-DELIVERY	done	delivered	754	2025-09-30 13:18:32.459567	SUB_00426
ORD-0001086	DEPT-DESIGN	todo	inprogress	755	2025-09-30 13:21:13.090953	SUB_00320
ORD-0001086	DEPT-DESIGN	in_progress	inprogress	756	2025-09-30 13:21:13.703322	SUB_00320
ORD-0001086	DEPT-DESIGN	done	inprogress	757	2025-09-30 13:21:14.226104	SUB_00320
ORD-0001086	DEPT-STRIKE-OFF	todo	inprogress	758	2025-09-30 13:21:14.657363	SUB_00320
ORD-0001086	DEPT-STRIKE-OFF	in_progress	inprogress	759	2025-09-30 13:21:15.180277	SUB_00320
ORD-0001086	DEPT-STRIKE-OFF	done	inprogress	760	2025-09-30 13:21:15.767219	SUB_00320
ORD-0001086	DEPT-DELIVERY	todo	inprogress	761	2025-09-30 13:21:16.402439	SUB_00320
ORD-0001086	DEPT-DELIVERY	in_progress	inprogress	762	2025-09-30 13:21:16.976717	SUB_00320
ORD-0001086	DEPT-DELIVERY	done	inprogress	763	2025-09-30 13:21:17.63669	SUB_00320
ORD-0001086	DEPT-DELIVERY	done	delivered	764	2025-09-30 13:21:19.312993	SUB_00320
ORD-0001086	DEPT-DELIVERY	done	delivered	765	2025-09-30 13:21:21.122486	SUB_00320
ORD-0001086	DEPT-DELIVERY	done	delivered	766	2025-09-30 13:21:23.043952	SUB_00320
ORD-0001339	DEPT-DESIGN	todo	inprogress	767	2025-09-30 13:31:27.707002	SUB_00424
ORD-0001339	DEPT-DESIGN	in_progress	inprogress	768	2025-09-30 13:31:28.394464	SUB_00424
ORD-0001339	DEPT-DESIGN	done	inprogress	769	2025-09-30 13:31:29.279548	SUB_00424
ORD-0001339	DEPT-STRIKE-OFF	todo	inprogress	770	2025-09-30 13:31:30.010594	SUB_00424
ORD-0001339	DEPT-STRIKE-OFF	in_progress	inprogress	771	2025-09-30 13:31:30.682082	SUB_00424
ORD-0001339	DEPT-STRIKE-OFF	done	inprogress	772	2025-09-30 13:31:31.354183	SUB_00424
ORD-0001339	DEPT-DELIVERY	todo	inprogress	773	2025-09-30 13:31:32.086076	SUB_00424
ORD-0001339	DEPT-DELIVERY	in_progress	inprogress	774	2025-09-30 13:31:32.770821	SUB_00424
ORD-0001339	DEPT-DELIVERY	done	inprogress	775	2025-09-30 13:31:33.508574	SUB_00424
ORD-0001339	DEPT-DELIVERY	done	delivered	776	2025-09-30 13:31:35.428171	SUB_00424
ORD-0001339	DEPT-DELIVERY	done	delivered	777	2025-09-30 13:31:36.353185	SUB_00424
ORD-0001339	DEPT-DELIVERY	done	delivered	778	2025-09-30 13:31:37.162784	SUB_00424
ORD-0001339	DEPT-DELIVERY	done	delivered	779	2025-09-30 13:31:37.989162	SUB_00424
ORD-0001339	DEPT-DELIVERY	done	delivered	780	2025-09-30 13:31:38.208663	SUB_00424
ORD-0001339	DEPT-DESIGN	todo	inprogress	781	2025-09-30 14:11:37.940942	SUB_00434
ORD-0001339	DEPT-DESIGN	in_progress	inprogress	782	2025-09-30 14:11:38.571773	SUB_00434
ORD-0001339	DEPT-DESIGN	done	inprogress	783	2025-09-30 14:11:39.226536	SUB_00434
ORD-0001339	DEPT-STRIKE-OFF	todo	inprogress	784	2025-09-30 14:11:39.924658	SUB_00434
ORD-0001339	DEPT-STRIKE-OFF	in_progress	inprogress	785	2025-09-30 14:11:42.926678	SUB_00434
ORD-0001339	DEPT-STRIKE-OFF	done	inprogress	786	2025-09-30 14:11:43.533532	SUB_00434
ORD-0001339	DEPT-DELIVERY	todo	inprogress	787	2025-09-30 14:11:44.235117	SUB_00434
ORD-0001339	DEPT-DELIVERY	in_progress	inprogress	788	2025-09-30 14:11:44.824774	SUB_00434
ORD-0001339	DEPT-DELIVERY	done	inprogress	789	2025-09-30 14:11:45.482302	SUB_00434
ORD-0001339	DEPT-DELIVERY	done	delivered	790	2025-09-30 14:11:47.19082	SUB_00434
ORD-0001339	DEPT-DELIVERY	done	delivered	791	2025-09-30 14:11:50.7154	SUB_00434
ORD-0001339	DEPT-DELIVERY	done	delivered	792	2025-09-30 14:11:51.90358	SUB_00434
ORD-0001339	DEPT-DELIVERY	done	delivered	793	2025-09-30 14:11:52.075204	SUB_00434
ORD-0001339	DEPT-DELIVERY	done	delivered	794	2025-09-30 14:11:52.299918	SUB_00434
ORD-0001339	DEPT-DESIGN	todo	inprogress	795	2025-09-30 14:13:19.152345	SUB_00435
ORD-0001339	DEPT-DESIGN	in_progress	inprogress	796	2025-09-30 14:13:19.88361	SUB_00435
ORD-0001339	DEPT-DESIGN	done	inprogress	797	2025-09-30 14:13:20.593436	SUB_00435
ORD-0001339	DEPT-STRIKE-OFF	todo	inprogress	798	2025-09-30 14:13:21.233079	SUB_00435
ORD-0001339	DEPT-STRIKE-OFF	in_progress	inprogress	799	2025-09-30 14:13:21.996278	SUB_00435
ORD-0001339	DEPT-STRIKE-OFF	done	inprogress	800	2025-09-30 14:13:22.895404	SUB_00435
ORD-0001339	DEPT-DELIVERY	todo	inprogress	801	2025-09-30 14:13:23.864848	SUB_00435
ORD-0001339	DEPT-DELIVERY	in_progress	inprogress	802	2025-09-30 14:13:24.568091	SUB_00435
ORD-0001339	DEPT-DELIVERY	done	inprogress	803	2025-09-30 14:13:25.653108	SUB_00435
ORD-0001339	DEPT-DELIVERY	done	delivered	804	2025-09-30 14:16:21.53108	SUB_00435
ORD-0001325	DEPT-DESIGN	todo	inprogress	805	2025-09-30 14:16:44.717437	SUB_00407
ORD-0001325	DEPT-DESIGN	in_progress	inprogress	806	2025-09-30 14:16:44.944622	SUB_00407
ORD-0001325	DEPT-DESIGN	done	inprogress	807	2025-09-30 14:16:45.335702	SUB_00407
ORD-0001325	DEPT-STRIKE-OFF	todo	inprogress	808	2025-09-30 14:16:46.783078	SUB_00407
ORD-0001325	DEPT-STRIKE-OFF	in_progress	inprogress	809	2025-09-30 14:16:47.571426	SUB_00407
ORD-0001325	DEPT-STRIKE-OFF	done	inprogress	810	2025-09-30 14:16:48.237425	SUB_00407
ORD-0001325	DEPT-DELIVERY	todo	inprogress	811	2025-09-30 14:16:49.554404	SUB_00407
ORD-0001325	DEPT-DELIVERY	in_progress	inprogress	812	2025-09-30 14:16:50.318741	SUB_00407
ORD-0001325	DEPT-DELIVERY	done	inprogress	813	2025-09-30 14:16:51.792395	SUB_00407
ORD-0001301	DEPT-DESIGN	todo	inprogress	814	2025-09-30 15:03:18.667823	SUB_00431
ORD-0001301	DEPT-DESIGN	in_progress	inprogress	815	2025-09-30 15:03:24.365303	SUB_00431
ORD-0001301	DEPT-DESIGN	done	inprogress	816	2025-09-30 15:03:24.977639	SUB_00431
ORD-0001301	DEPT-STRIKE-OFF	todo	inprogress	817	2025-09-30 15:03:25.634973	SUB_00431
ORD-0001301	DEPT-STRIKE-OFF	in_progress	inprogress	818	2025-09-30 15:03:26.06348	SUB_00431
ORD-0001301	DEPT-STRIKE-OFF	done	inprogress	819	2025-09-30 15:03:26.739432	SUB_00431
ORD-0001301	DEPT-DELIVERY	todo	inprogress	820	2025-09-30 15:03:27.241906	SUB_00431
ORD-0001301	DEPT-DELIVERY	in_progress	inprogress	821	2025-09-30 15:03:27.916676	SUB_00431
ORD-0001301	DEPT-DELIVERY	done	inprogress	822	2025-09-30 15:03:28.455902	SUB_00431
ORD-0001301	DEPT-DELIVERY	done	delivered	823	2025-09-30 15:03:29.609899	SUB_00431
ORD-0001301	DEPT-DELIVERY	done	delivered	824	2025-09-30 15:04:13.931776	SUB_00431
ORD-0001301	DEPT-DESIGN	todo	inprogress	825	2025-09-30 15:34:32.204289	SUB_00430
ORD-0001301	DEPT-DESIGN	in_progress	inprogress	826	2025-09-30 15:34:33.226504	SUB_00430
ORD-0001301	DEPT-DESIGN	done	inprogress	827	2025-09-30 15:34:33.919828	SUB_00430
ORD-0001301	DEPT-STRIKE-OFF	todo	inprogress	828	2025-09-30 15:34:34.562999	SUB_00430
ORD-0001301	DEPT-STRIKE-OFF	in_progress	inprogress	829	2025-09-30 15:34:35.595389	SUB_00430
ORD-0001301	DEPT-STRIKE-OFF	done	inprogress	830	2025-09-30 15:34:36.425389	SUB_00430
ORD-0001301	DEPT-DELIVERY	todo	inprogress	831	2025-09-30 15:34:37.104654	SUB_00430
ORD-0001301	DEPT-DELIVERY	in_progress	inprogress	832	2025-09-30 15:34:38.137744	SUB_00430
ORD-0001301	DEPT-DELIVERY	done	inprogress	833	2025-09-30 15:34:39.264185	SUB_00430
ORD-0001301	DEPT-DELIVERY	done	delivered	834	2025-09-30 15:34:40.550828	SUB_00430
ORD-0001301	DEPT-DELIVERY	done	delivered	835	2025-09-30 15:34:41.674236	SUB_00430
ORD-0001010	DEPT-DESIGN	todo	inprogress	836	2025-09-30 15:36:35.929564	SUB_00284
ORD-0001010	DEPT-DESIGN	todo	delivered	837	2025-09-30 15:36:37.599324	SUB_00284
ORD-0001010	DEPT-DESIGN	todo	delivered	838	2025-09-30 15:36:38.278112	SUB_00284
ORD-0001010	DEPT-DESIGN	todo	delivered	839	2025-09-30 15:36:47.78224	SUB_00284
ORD-0001010	DEPT-DESIGN	todo	delivered	840	2025-09-30 15:36:48.527377	SUB_00284
ORD-0001010	DEPT-DESIGN	todo	delivered	841	2025-09-30 15:36:49.1119	SUB_00284
ORD-0001010	DEPT-DESIGN	todo	delivered	842	2025-09-30 15:36:49.327002	SUB_00284
ORD-0001111	DEPT-DESIGN	todo	inprogress	843	2025-09-30 15:37:06.495816	SUB_00326
ORD-0001111	DEPT-DESIGN	todo	delivered	844	2025-09-30 15:37:08.383968	SUB_00326
ORD-0000776	DEPT-DESIGN	todo	inprogress	845	2025-09-30 15:43:14.337784	SUB_00436
ORD-0000776	DEPT-DESIGN	in_progress	inprogress	846	2025-09-30 15:58:07.060951	SUB_00436
ORD-0000776	DEPT-DESIGN	done	inprogress	847	2025-09-30 15:58:08.920943	SUB_00436
ORD-0000776	DEPT-STRIKE-OFF	todo	inprogress	848	2025-09-30 15:58:12.571281	SUB_00436
ORD-0000776	DEPT-STRIKE-OFF	in_progress	inprogress	849	2025-09-30 15:58:13.260321	SUB_00436
ORD-0000776	DEPT-STRIKE-OFF	done	inprogress	850	2025-09-30 15:58:13.907615	SUB_00436
ORD-0000776	DEPT-DELIVERY	todo	inprogress	851	2025-09-30 15:58:14.834617	SUB_00436
ORD-0000776	DEPT-DELIVERY	in_progress	inprogress	852	2025-09-30 15:58:15.669867	SUB_00436
ORD-0000776	DEPT-DELIVERY	done	inprogress	853	2025-09-30 15:58:16.37955	SUB_00436
ORD-0000776	DEPT-DELIVERY	done	delivered	854	2025-09-30 15:58:18.15258	SUB_00436
ORD-0000776	DEPT-DESIGN	todo	inprogress	855	2025-09-30 16:01:27.142549	SUB_00437
ORD-0000776	DEPT-DESIGN	in_progress	inprogress	856	2025-09-30 16:01:27.776606	SUB_00437
ORD-0000776	DEPT-DESIGN	done	inprogress	857	2025-09-30 16:01:28.459136	SUB_00437
ORD-0000776	DEPT-STRIKE-OFF	todo	inprogress	858	2025-09-30 16:01:29.13593	SUB_00437
ORD-0000776	DEPT-STRIKE-OFF	in_progress	inprogress	859	2025-09-30 16:01:29.777748	SUB_00437
ORD-0000776	DEPT-STRIKE-OFF	done	inprogress	860	2025-09-30 16:01:30.469171	SUB_00437
ORD-0000776	DEPT-DELIVERY	todo	inprogress	861	2025-09-30 16:01:31.601912	SUB_00437
ORD-0000776	DEPT-DELIVERY	in_progress	inprogress	862	2025-09-30 16:01:32.291599	SUB_00437
ORD-0000776	DEPT-DELIVERY	done	inprogress	863	2025-09-30 16:01:32.95238	SUB_00437
ORD-0000776	DEPT-DELIVERY	done	delivered	864	2025-09-30 16:01:35.71665	SUB_00437
ORD-0000776	DEPT-DELIVERY	done	delivered	865	2025-09-30 16:04:48.18654	SUB_00437
ORD-0000776	DEPT-DELIVERY	done	delivered	866	2025-09-30 16:04:49.341872	SUB_00437
ORD-0000776	DEPT-DELIVERY	done	delivered	867	2025-09-30 16:04:50.242677	SUB_00437
ORD-0000776	DEPT-DESIGN	todo	inprogress	868	2025-09-30 16:05:03.710115	SUB_00438
ORD-0000776	DEPT-DESIGN	in_progress	inprogress	869	2025-09-30 16:05:04.337623	SUB_00438
ORD-0000776	DEPT-DESIGN	done	inprogress	870	2025-09-30 16:05:05.654848	SUB_00438
ORD-0000776	DEPT-STRIKE-OFF	todo	inprogress	871	2025-09-30 16:05:07.37923	SUB_00438
ORD-0000776	DEPT-STRIKE-OFF	in_progress	inprogress	872	2025-09-30 16:05:08.327766	SUB_00438
ORD-0000776	DEPT-STRIKE-OFF	done	inprogress	873	2025-09-30 16:05:09.294824	SUB_00438
ORD-0000776	DEPT-DELIVERY	todo	inprogress	874	2025-09-30 16:05:13.48719	SUB_00438
ORD-0000776	DEPT-DELIVERY	in_progress	inprogress	875	2025-09-30 16:05:14.58754	SUB_00438
ORD-0000776	DEPT-DELIVERY	done	inprogress	876	2025-09-30 16:05:15.350887	SUB_00438
ORD-0000776	DEPT-DELIVERY	done	delivered	877	2025-09-30 16:05:17.335591	SUB_00438
ORD-0000776	DEPT-DELIVERY	done	delivered	878	2025-09-30 16:05:19.028029	SUB_00438
ORD-0000776	DEPT-DELIVERY	done	delivered	879	2025-09-30 16:05:20.083357	SUB_00438
ORD-0000776	DEPT-DELIVERY	done	delivered	880	2025-09-30 16:05:20.254372	SUB_00438
ORD-0000776	DEPT-DELIVERY	done	delivered	881	2025-09-30 16:05:20.440532	SUB_00438
ORD-0000776	DEPT-DELIVERY	done	delivered	882	2025-09-30 16:05:20.623416	SUB_00438
ORD-0000776	DEPT-DELIVERY	done	delivered	883	2025-09-30 16:05:20.859103	SUB_00438
ORD-0000770	DEPT-DESIGN	todo	inprogress	884	2025-09-30 16:07:47.480994	SUB_00439
ORD-0000770	DEPT-DESIGN	in_progress	inprogress	885	2025-09-30 16:07:48.54245	SUB_00439
ORD-0000770	DEPT-DESIGN	done	inprogress	886	2025-09-30 16:07:49.205177	SUB_00439
ORD-0000770	DEPT-STRIKE-OFF	todo	inprogress	887	2025-09-30 16:07:49.998228	SUB_00439
ORD-0000770	DEPT-STRIKE-OFF	in_progress	inprogress	888	2025-09-30 16:07:50.650344	SUB_00439
ORD-0000770	DEPT-STRIKE-OFF	done	inprogress	889	2025-09-30 16:07:51.263069	SUB_00439
ORD-0000770	DEPT-DELIVERY	todo	inprogress	890	2025-09-30 16:07:51.918884	SUB_00439
ORD-0000770	DEPT-DELIVERY	in_progress	inprogress	891	2025-09-30 16:07:52.563922	SUB_00439
ORD-0000770	DEPT-DELIVERY	done	inprogress	892	2025-09-30 16:07:53.185018	SUB_00439
ORD-0000770	DEPT-DELIVERY	done	delivered	893	2025-09-30 16:07:55.733109	SUB_00439
ORD-0000770	DEPT-DELIVERY	done	delivered	894	2025-09-30 16:07:56.401748	SUB_00439
ORD-0000770	DEPT-DELIVERY	done	delivered	895	2025-09-30 16:07:57.577825	SUB_00439
ORD-0000770	DEPT-DELIVERY	done	delivered	896	2025-09-30 16:07:57.798051	SUB_00439
ORD-0001366	DEPT-DESIGN	todo	inprogress	897	2025-10-02 10:45:40.066649	SUB_00441
ORD-0001366	DEPT-DESIGN	in_progress	inprogress	898	2025-10-02 10:45:41.024761	SUB_00441
ORD-0001366	DEPT-DESIGN	done	inprogress	899	2025-10-02 10:45:41.743687	SUB_00441
ORD-0001366	DEPT-STRIKE-OFF	todo	inprogress	900	2025-10-02 11:42:36.993721	SUB_00441
ORD-0001366	DEPT-STRIKE-OFF	in_progress	inprogress	901	2025-10-02 11:42:37.795961	SUB_00441
ORD-0001366	DEPT-STRIKE-OFF	done	inprogress	902	2025-10-02 11:42:38.442077	SUB_00441
ORD-0001366	DEPT-DELIVERY	todo	inprogress	903	2025-10-02 11:42:39.281619	SUB_00441
ORD-0001366	DEPT-DELIVERY	in_progress	inprogress	904	2025-10-02 11:42:39.860232	SUB_00441
ORD-0001366	DEPT-DELIVERY	done	inprogress	905	2025-10-02 11:42:40.477964	SUB_00441
ORD-0001366	DEPT-DELIVERY	done	delivered	906	2025-10-02 11:44:46.314664	SUB_00441
ORD-0000895	DEPT-DESIGN	todo	inprogress	907	2025-10-02 11:45:01.909543	SUB_00259
ORD-0000895	DEPT-DESIGN	in_progress	inprogress	908	2025-10-02 11:45:12.029767	SUB_00259
ORD-0000895	DEPT-DESIGN	done	inprogress	909	2025-10-02 11:46:00.769147	SUB_00259
ORD-0000895	DEPT-STRIKE-OFF	todo	inprogress	910	2025-10-02 11:48:37.667725	SUB_00259
ORD-0000895	DEPT-STRIKE-OFF	in_progress	inprogress	911	2025-10-02 11:48:38.341363	SUB_00259
ORD-0000895	DEPT-STRIKE-OFF	done	inprogress	912	2025-10-02 11:48:38.970101	SUB_00259
ORD-0000895	DEPT-DELIVERY	todo	inprogress	913	2025-10-02 11:48:41.957652	SUB_00259
ORD-0000895	DEPT-DELIVERY	in_progress	inprogress	914	2025-10-02 11:48:42.169653	SUB_00259
ORD-0000895	DEPT-DELIVERY	done	inprogress	915	2025-10-02 11:48:42.64512	SUB_00259
ORD-0000895	DEPT-DELIVERY	done	delivered	916	2025-10-02 11:48:43.356219	SUB_00259
ORD-0000898	DEPT-DESIGN	todo	inprogress	917	2025-10-02 11:51:08.473305	SUB_00260
ORD-0000898	DEPT-DESIGN	in_progress	inprogress	918	2025-10-02 11:51:09.708928	SUB_00260
ORD-0000898	DEPT-DESIGN	done	inprogress	919	2025-10-02 11:51:10.271884	SUB_00260
ORD-0001190	DEPT-DESIGN	todo	inprogress	920	2025-10-02 11:57:16.859941	SUB_00341
ORD-0001190	DEPT-DESIGN	in_progress	inprogress	921	2025-10-02 11:57:17.530453	SUB_00341
ORD-0001190	DEPT-DESIGN	done	inprogress	922	2025-10-02 11:57:18.163061	SUB_00341
ORD-0000811	DEPT-DESIGN	todo	inprogress	923	2025-10-02 12:20:58.914043	SUB_00442
ORD-0000811	DEPT-DESIGN	in_progress	inprogress	924	2025-10-02 12:20:59.114755	SUB_00442
ORD-0000811	DEPT-DESIGN	done	inprogress	925	2025-10-02 12:20:59.834225	SUB_00442
ORD-0000811	DEPT-STRIKE-OFF	todo	inprogress	926	2025-10-02 12:28:40.794262	SUB_00442
ORD-0000811	DEPT-STRIKE-OFF	in_progress	inprogress	927	2025-10-02 12:28:41.21937	SUB_00442
ORD-0000811	DEPT-STRIKE-OFF	done	inprogress	928	2025-10-02 12:28:41.443783	SUB_00442
ORD-0000811	DEPT-DELIVERY	todo	inprogress	929	2025-10-02 12:33:53.362945	SUB_00442
ORD-0000811	DEPT-DELIVERY	in_progress	inprogress	930	2025-10-02 12:33:53.95074	SUB_00442
ORD-0000811	DEPT-DELIVERY	done	inprogress	931	2025-10-02 12:33:54.553078	SUB_00442
ORD-0001365	DEPT-DESIGN	todo	inprogress	932	2025-10-02 18:57:29.476408	SUB_00440
ORD-0001365	DEPT-DESIGN	in_progress	inprogress	933	2025-10-02 18:57:30.990601	SUB_00440
ORD-0001365	DEPT-DESIGN	done	inprogress	934	2025-10-02 18:57:32.982965	SUB_00440
ORD-0001365	DEPT-STRIKE-OFF	todo	inprogress	935	2025-10-02 18:57:33.753535	SUB_00440
ORD-0001365	DEPT-STRIKE-OFF	in_progress	inprogress	936	2025-10-02 18:57:34.979199	SUB_00440
ORD-0001365	DEPT-STRIKE-OFF	done	inprogress	937	2025-10-02 18:57:35.545204	SUB_00440
ORD-0001365	DEPT-DELIVERY	todo	inprogress	938	2025-10-02 18:57:36.160489	SUB_00440
ORD-0001365	DEPT-DELIVERY	in_progress	inprogress	939	2025-10-02 18:57:37.026779	SUB_00440
ORD-0001365	DEPT-DELIVERY	done	inprogress	940	2025-10-02 18:57:37.70506	SUB_00440
ORD-0001365	DEPT-DELIVERY	done	delivered	941	2025-10-02 18:57:38.569212	SUB_00440
ORD-0001376	DEPT-DESIGN	todo	inprogress	942	2025-10-03 18:17:55.997852	SUB_00447
ORD-0001376	DEPT-DESIGN	in_progress	inprogress	943	2025-10-03 18:18:20.61126	SUB_00447
ORD-0001376	DEPT-DESIGN	done	inprogress	944	2025-10-03 18:18:21.26173	SUB_00447
ORD-0001376	DEPT-STRIKE-OFF	todo	inprogress	945	2025-10-03 18:18:22.553948	SUB_00447
ORD-0001376	DEPT-STRIKE-OFF	in_progress	inprogress	946	2025-10-03 18:18:23.620294	SUB_00447
ORD-0001376	DEPT-STRIKE-OFF	done	inprogress	947	2025-10-03 18:18:24.797826	SUB_00447
ORD-0001376	DEPT-DELIVERY	todo	inprogress	948	2025-10-03 18:18:26.360739	SUB_00447
ORD-0001376	DEPT-DELIVERY	in_progress	inprogress	949	2025-10-03 18:18:27.408411	SUB_00447
ORD-0001376	DEPT-DELIVERY	done	delivered	950	2025-10-03 18:18:28.874807	SUB_00447
ORD-0001376	DEPT-DESIGN	todo	inprogress	951	2025-10-03 18:19:07.204844	SUB_00448
ORD-0001376	DEPT-DESIGN	in_progress	inprogress	952	2025-10-03 18:19:07.858328	SUB_00448
ORD-0001376	DEPT-DESIGN	done	inprogress	953	2025-10-03 18:19:08.44481	SUB_00448
ORD-0001376	DEPT-STRIKE-OFF	todo	inprogress	954	2025-10-03 18:19:09.145936	SUB_00448
ORD-0001376	DEPT-STRIKE-OFF	in_progress	inprogress	955	2025-10-03 18:19:09.775578	SUB_00448
ORD-0001376	DEPT-STRIKE-OFF	done	inprogress	956	2025-10-03 18:19:10.443669	SUB_00448
ORD-0001376	DEPT-DELIVERY	todo	inprogress	957	2025-10-03 18:19:11.15461	SUB_00448
ORD-0001376	DEPT-DELIVERY	in_progress	inprogress	958	2025-10-03 18:19:11.885737	SUB_00448
ORD-0001376	DEPT-DELIVERY	done	delivered	959	2025-10-03 18:19:13.535847	SUB_00448
ORD-0001377	DEPT-DESIGN	todo	inprogress	960	2025-10-06 16:05:06.828595	SUB_00450
ORD-0001377	DEPT-DESIGN	in_progress	inprogress	961	2025-10-06 16:07:26.164557	SUB_00450
ORD-0001377	DEPT-DESIGN	done	inprogress	962	2025-10-06 16:07:49.80242	SUB_00450
ORD-0001377	DEPT-STRIKE-OFF	todo	inprogress	963	2025-10-06 16:07:52.155124	SUB_00450
ORD-0001377	DEPT-STRIKE-OFF	in_progress	inprogress	964	2025-10-06 16:07:52.828139	SUB_00450
ORD-0001377	DEPT-STRIKE-OFF	done	inprogress	965	2025-10-06 16:07:53.571678	SUB_00450
ORD-0001377	DEPT-DELIVERY	todo	inprogress	966	2025-10-06 16:07:54.747129	SUB_00450
ORD-0001377	DEPT-DELIVERY	in_progress	inprogress	967	2025-10-06 16:07:55.414854	SUB_00450
ORD-0001377	DEPT-DELIVERY	done	delivered	968	2025-10-06 16:07:56.100058	SUB_00450
ORD-0001377	DEPT-DESIGN	todo	inprogress	969	2025-10-06 16:08:28.337766	SUB_00449
ORD-0001377	DEPT-DESIGN	in_progress	inprogress	970	2025-10-06 16:08:29.008945	SUB_00449
ORD-0001377	DEPT-DESIGN	done	inprogress	971	2025-10-06 16:08:29.99745	SUB_00449
ORD-0001377	DEPT-STRIKE-OFF	todo	inprogress	972	2025-10-06 16:08:31.502733	SUB_00449
ORD-0001377	DEPT-STRIKE-OFF	in_progress	inprogress	973	2025-10-06 16:08:32.358762	SUB_00449
ORD-0001377	DEPT-STRIKE-OFF	done	inprogress	974	2025-10-06 16:08:35.726025	SUB_00449
ORD-0001377	DEPT-DELIVERY	todo	inprogress	975	2025-10-06 16:08:36.379018	SUB_00449
ORD-0001377	DEPT-DELIVERY	in_progress	inprogress	976	2025-10-06 16:08:37.044617	SUB_00449
ORD-0001377	DEPT-DELIVERY	done	delivered	977	2025-10-06 16:08:38.046328	SUB_00449
ORD-0001380	DEPT-DESIGN	todo	inprogress	978	2025-10-15 10:38:25.423018	SUB_00451
ORD-0001380	DEPT-DESIGN	in_progress	inprogress	979	2025-10-15 10:38:26.803531	SUB_00451
ORD-0001380	DEPT-DESIGN	done	inprogress	980	2025-10-15 10:38:28.201975	SUB_00451
ORD-0001380	DEPT-DELIVERY	todo	inprogress	981	2025-10-15 10:38:31.101109	SUB_00451
ORD-0001380	DEPT-DELIVERY	in_progress	inprogress	982	2025-10-15 10:38:32.802271	SUB_00451
ORD-0001380	DEPT-DELIVERY	done	delivered	983	2025-10-15 10:38:33.487967	SUB_00451
ORD-0001380	DEPT-DELIVERY	done	delivered	984	2025-10-15 10:38:38.547678	SUB_00451
ORD-0001380	DEPT-DELIVERY	done	delivered	985	2025-10-15 10:49:13.683552	SUB_00451
ORD-0001380	DEPT-DELIVERY	done	delivered	986	2025-10-15 10:49:32.736373	SUB_00451
ORD-0001381	DEPT-DESIGN	todo	inprogress	987	2025-10-15 10:51:17.676443	SUB_00452
ORD-0001381	DEPT-DESIGN	in_progress	inprogress	988	2025-10-15 10:51:18.562043	SUB_00452
ORD-0001381	DEPT-DESIGN	done	inprogress	989	2025-10-15 10:51:19.687492	SUB_00452
ORD-0001381	DEPT-DESIGN	todo	inprogress	990	2025-10-15 10:51:21.027953	SUB_00452
ORD-0001381	DEPT-DESIGN	in_progress	inprogress	991	2025-10-15 10:51:22.526184	SUB_00452
ORD-0001381	DEPT-DESIGN	done	inprogress	992	2025-10-15 10:51:23.552429	SUB_00452
ORD-0001381	DEPT-DESIGN	todo	inprogress	993	2025-10-15 10:51:24.658586	SUB_00452
ORD-0001381	DEPT-DESIGN	in_progress	inprogress	994	2025-10-15 10:51:25.997839	SUB_00452
ORD-0001381	DEPT-DESIGN	done	inprogress	995	2025-10-15 10:51:26.618507	SUB_00452
ORD-0001416	DEPT-DESIGN	todo	inprogress	996	2025-10-15 10:56:03.214183	SUB_00480
ORD-0001416	DEPT-DESIGN	in_progress	inprogress	997	2025-10-15 10:56:08.53973	SUB_00480
ORD-0001416	DEPT-DESIGN	done	inprogress	998	2025-10-15 10:56:10.100678	SUB_00480
ORD-0001416	DEPT-DESPATCH	todo	inprogress	999	2025-10-15 10:56:11.338709	SUB_00480
ORD-0001416	DEPT-DESPATCH	in_progress	inprogress	1000	2025-10-15 10:56:14.364633	SUB_00480
ORD-0001416	DEPT-DESPATCH	done	inprogress	1001	2025-10-15 10:56:15.462376	SUB_00480
ORD-0001416	DEPT-SLIT-OPEN	todo	inprogress	1002	2025-10-15 10:56:20.032756	SUB_00480
ORD-0001416	DEPT-SLIT-OPEN	in_progress	inprogress	1003	2025-10-15 10:56:23.124708	SUB_00480
ORD-0001416	DEPT-SLIT-OPEN	done	inprogress	1004	2025-10-15 10:56:23.997891	SUB_00480
ORD-0001416	DEPT-STRIKE-OFF	todo	inprogress	1005	2025-10-15 10:56:25.666412	SUB_00480
ORD-0001416	DEPT-STRIKE-OFF	in_progress	inprogress	1006	2025-10-15 10:56:27.273442	SUB_00480
ORD-0001416	DEPT-STRIKE-OFF	done	inprogress	1007	2025-10-15 10:56:28.264114	SUB_00480
ORD-0001416	DEPT-STRIKE-OFF	done	delivered	1008	2025-10-15 10:56:29.723686	SUB_00480
ORD-0001374	DEPT-DESIGN	todo	inprogress	1009	2025-10-15 11:01:06.757388	SUB_00444
ORD-0001374	DEPT-DESIGN	in_progress	inprogress	1010	2025-10-15 11:01:07.886769	SUB_00444
ORD-0001374	DEPT-DESIGN	done	inprogress	1011	2025-10-15 11:01:08.76861	SUB_00444
ORD-0001374	DEPT_SCREEN_ENGRAVE	todo	inprogress	1012	2025-10-15 11:02:30.385797	SUB_00444
ORD-0001374	DEPT_SCREEN_ENGRAVE	in_progress	inprogress	1013	2025-10-15 11:02:36.858462	SUB_00444
ORD-0001374	DEPT_SCREEN_ENGRAVE	done	inprogress	1014	2025-10-15 11:03:13.660291	SUB_00444
ORD-0001374	DEPT-DESPATCH	todo	inprogress	1015	2025-10-15 11:04:24.881898	SUB_00444
ORD-0001374	DEPT-DESPATCH	in_progress	inprogress	1016	2025-10-15 11:04:35.091727	SUB_00444
ORD-0001374	DEPT-DESPATCH	done	inprogress	1017	2025-10-15 11:04:35.756204	SUB_00444
ORD-0001374	DEPT-SLIT-OPEN	todo	inprogress	1018	2025-10-15 11:04:44.293152	SUB_00444
ORD-0001374	DEPT-SLIT-OPEN	in_progress	inprogress	1019	2025-10-15 11:04:53.676105	SUB_00444
ORD-0001374	DEPT-SLIT-OPEN	done	inprogress	1020	2025-10-15 11:04:54.313768	SUB_00444
ORD-0001374	DEPT-STRIKE-OFF	todo	inprogress	1021	2025-10-15 11:05:39.136231	SUB_00444
ORD-0001374	DEPT-STRIKE-OFF	in_progress	inprogress	1022	2025-10-15 11:05:39.917157	SUB_00444
ORD-0001374	DEPT-STRIKE-OFF	done	inprogress	1023	2025-10-15 11:05:40.558775	SUB_00444
ORD-0001374	DEPT-STRIKE-OFF	done	delivered	1024	2025-10-15 11:05:41.228049	SUB_00444
ORD-0001299	DEPT-DESIGN	todo	inprogress	1025	2025-10-15 11:10:13.345986	SUB_00432
ORD-0001299	DEPT-DESIGN	in_progress	inprogress	1026	2025-10-15 11:12:59.272633	SUB_00432
ORD-0001299	DEPT-DESIGN	done	inprogress	1027	2025-10-15 11:13:00.389128	SUB_00432
ORD-0001299	DEPT_SCREEN_ENGRAVE	todo	inprogress	1028	2025-10-15 11:13:18.85971	SUB_00432
ORD-0001299	DEPT_SCREEN_ENGRAVE	in_progress	inprogress	1029	2025-10-15 11:13:27.281726	SUB_00432
ORD-0001299	DEPT_SCREEN_ENGRAVE	done	inprogress	1030	2025-10-15 11:13:27.87905	SUB_00432
ORD-0001299	DEPT-DESPATCH	todo	inprogress	1031	2025-10-15 11:13:53.757977	SUB_00432
ORD-0001299	DEPT-DESPATCH	in_progress	inprogress	1032	2025-10-15 11:13:55.275114	SUB_00432
ORD-0001299	DEPT-DESPATCH	done	inprogress	1033	2025-10-15 11:13:56.93203	SUB_00432
ORD-0001299	DEPT-SLIT-OPEN	todo	inprogress	1034	2025-10-15 11:14:14.958395	SUB_00432
ORD-0001299	DEPT-SLIT-OPEN	in_progress	inprogress	1035	2025-10-15 11:14:16.574482	SUB_00432
ORD-0001299	DEPT-SLIT-OPEN	done	inprogress	1036	2025-10-15 11:14:17.482068	SUB_00432
ORD-0001299	DEPT-STRIKE-OFF	todo	inprogress	1037	2025-10-15 11:14:34.847639	SUB_00432
ORD-0001299	DEPT-STRIKE-OFF	in_progress	inprogress	1038	2025-10-15 11:14:35.907625	SUB_00432
ORD-0001299	DEPT-STRIKE-OFF	done	inprogress	1039	2025-10-15 11:14:36.631747	SUB_00432
ORD-0001299	DEPT-STRIKE-OFF	done	delivered	1040	2025-10-15 11:14:38.060536	SUB_00432
ORD-0001299	DEPT-DESIGN	todo	inprogress	1041	2025-10-15 11:15:15.564089	SUB_00433
ORD-0001299	DEPT-DESIGN	in_progress	inprogress	1042	2025-10-15 11:15:40.708163	SUB_00433
ORD-0001299	DEPT-DESIGN	done	inprogress	1043	2025-10-15 11:15:41.351484	SUB_00433
ORD-0001299	DEPT_SCREEN_ENGRAVE	todo	inprogress	1044	2025-10-15 11:15:42.308696	SUB_00433
ORD-0001299	DEPT_SCREEN_ENGRAVE	in_progress	inprogress	1045	2025-10-15 11:15:42.44458	SUB_00433
ORD-0001299	DEPT_SCREEN_ENGRAVE	done	inprogress	1046	2025-10-15 11:15:42.667849	SUB_00433
ORD-0001299	DEPT-DESPATCH	todo	inprogress	1047	2025-10-15 11:15:43.278977	SUB_00433
ORD-0001299	DEPT-DESPATCH	in_progress	inprogress	1048	2025-10-15 11:15:43.892883	SUB_00433
ORD-0001299	DEPT-DESPATCH	done	inprogress	1049	2025-10-15 11:15:44.530555	SUB_00433
ORD-0001299	DEPT-SLIT-OPEN	todo	inprogress	1050	2025-10-15 11:15:45.091083	SUB_00433
ORD-0001299	DEPT-SLIT-OPEN	in_progress	inprogress	1051	2025-10-15 11:15:45.792257	SUB_00433
ORD-0001299	DEPT-SLIT-OPEN	done	inprogress	1052	2025-10-15 11:15:46.366077	SUB_00433
ORD-0001299	DEPT-STRIKE-OFF	todo	inprogress	1053	2025-10-15 11:15:47.953487	SUB_00433
ORD-0001299	DEPT-STRIKE-OFF	in_progress	inprogress	1054	2025-10-15 11:15:48.704285	SUB_00433
ORD-0001299	DEPT-STRIKE-OFF	done	inprogress	1055	2025-10-15 11:15:49.397925	SUB_00433
ORD-0001299	DEPT-STRIKE-OFF	done	delivered	1056	2025-10-15 11:16:05.651803	SUB_00433
ORD-0001220	DEPT-DESIGN	todo	inprogress	1057	2025-10-15 11:18:28.405054	SUB_00355
ORD-0001220	DEPT-DESIGN	in_progress	inprogress	1058	2025-10-15 11:18:43.977506	SUB_00355
ORD-0001220	DEPT-DESIGN	done	inprogress	1059	2025-10-15 11:18:44.559335	SUB_00355
ORD-0001220	DEPT_SCREEN_ENGRAVE	todo	inprogress	1060	2025-10-15 11:18:47.74342	SUB_00355
ORD-0001220	DEPT_SCREEN_ENGRAVE	in_progress	inprogress	1061	2025-10-15 11:19:03.50713	SUB_00355
ORD-0001220	DEPT_SCREEN_ENGRAVE	done	inprogress	1062	2025-10-15 11:19:04.171476	SUB_00355
ORD-0001220	DEPT-DELIVERY	todo	inprogress	1063	2025-10-15 11:19:05.244789	SUB_00355
ORD-0001220	DEPT-DELIVERY	in_progress	inprogress	1064	2025-10-15 11:19:18.197134	SUB_00355
ORD-0001220	DEPT-DELIVERY	done	delivered	1065	2025-10-15 11:19:19.234803	SUB_00355
ORD-0001229	DEPT-DESIGN	in_progress	inprogress	1066	2025-10-15 11:37:20.725992	SUB_00360
ORD-0001229	DEPT-DESIGN	done	inprogress	1067	2025-10-15 11:37:21.785211	SUB_00360
ORD-0001229	DEPT_SCREEN_ENGRAVE	todo	inprogress	1068	2025-10-15 11:37:35.881219	SUB_00360
ORD-0001229	DEPT_SCREEN_ENGRAVE	in_progress	inprogress	1069	2025-10-15 11:37:40.010382	SUB_00360
ORD-0001229	DEPT_SCREEN_ENGRAVE	done	inprogress	1070	2025-10-15 11:37:40.623403	SUB_00360
ORD-0001229	DEPT-DELIVERY	todo	inprogress	1071	2025-10-15 11:37:41.941236	SUB_00360
ORD-0001229	DEPT-DELIVERY	in_progress	inprogress	1072	2025-10-15 11:37:43.694852	SUB_00360
ORD-0001229	DEPT-DELIVERY	done	inprogress	1073	2025-10-15 11:37:45.016528	SUB_00360
ORD-0001229	DEPT-DESPATCH	todo	inprogress	1074	2025-10-15 11:38:02.142164	SUB_00360
ORD-0001229	DEPT-DESPATCH	in_progress	inprogress	1075	2025-10-15 11:38:03.324976	SUB_00360
ORD-0001229	DEPT-DESPATCH	done	inprogress	1076	2025-10-15 11:38:04.084922	SUB_00360
ORD-0001229	DEPT-SLIT-OPEN	todo	inprogress	1077	2025-10-15 11:38:14.057072	SUB_00360
ORD-0001229	DEPT-SLIT-OPEN	in_progress	inprogress	1078	2025-10-15 11:38:15.324197	SUB_00360
ORD-0001229	DEPT-SLIT-OPEN	done	inprogress	1079	2025-10-15 11:38:15.953023	SUB_00360
ORD-0001229	DEPT-STRIKE-OFF	todo	inprogress	1080	2025-10-15 11:38:17.022143	SUB_00360
ORD-0001229	DEPT-STRIKE-OFF	in_progress	inprogress	1081	2025-10-15 11:38:18.047434	SUB_00360
ORD-0001229	DEPT-STRIKE-OFF	done	inprogress	1082	2025-10-15 11:38:19.486578	SUB_00360
ORD-0001229	DEPT-STRIKE-OFF	done	delivered	1083	2025-10-15 11:38:23.926218	SUB_00360
ORD-0000907	DEPT-DESIGN	todo	inprogress	1084	2025-10-15 11:40:02.373208	SUB_00485
ORD-0000907	DEPT-DESIGN	in_progress	inprogress	1085	2025-10-15 11:40:03.042316	SUB_00485
ORD-0000907	DEPT-DESIGN	done	inprogress	1086	2025-10-15 11:40:03.855723	SUB_00485
ORD-0000907	DEPT_SCREEN_ENGRAVE	todo	inprogress	1087	2025-10-15 11:40:05.057587	SUB_00485
ORD-0000907	DEPT_SCREEN_ENGRAVE	in_progress	inprogress	1088	2025-10-15 11:40:06.244537	SUB_00485
ORD-0000907	DEPT_SCREEN_ENGRAVE	done	inprogress	1089	2025-10-15 11:40:07.025274	SUB_00485
ORD-0000907	DEPT-DELIVERY	todo	inprogress	1090	2025-10-15 11:40:07.859255	SUB_00485
ORD-0000907	DEPT-DELIVERY	in_progress	inprogress	1091	2025-10-15 11:40:08.573806	SUB_00485
ORD-0000907	DEPT-DELIVERY	done	inprogress	1092	2025-10-15 11:40:09.376104	SUB_00485
ORD-0000907	DEPT-DESPATCH	todo	inprogress	1093	2025-10-15 11:40:10.344242	SUB_00485
ORD-0000907	DEPT-DESPATCH	in_progress	inprogress	1094	2025-10-15 11:40:11.18008	SUB_00485
ORD-0000907	DEPT-DESPATCH	done	inprogress	1095	2025-10-15 11:40:11.976519	SUB_00485
ORD-0000907	DEPT-SLIT-OPEN	todo	inprogress	1096	2025-10-15 11:40:12.946549	SUB_00485
ORD-0000907	DEPT-SLIT-OPEN	in_progress	inprogress	1097	2025-10-15 11:40:13.743562	SUB_00485
ORD-0000907	DEPT-SLIT-OPEN	done	inprogress	1098	2025-10-15 11:40:14.447505	SUB_00485
ORD-0000907	DEPT-STRIKE-OFF	todo	inprogress	1099	2025-10-15 11:40:15.375715	SUB_00485
ORD-0000907	DEPT-STRIKE-OFF	in_progress	inprogress	1100	2025-10-15 11:40:16.270714	SUB_00485
ORD-0000907	DEPT-STRIKE-OFF	done	inprogress	1101	2025-10-15 11:40:17.635607	SUB_00485
ORD-0000907	DEPT-STRIKE-OFF	done	delivered	1102	2025-10-15 11:40:23.315332	SUB_00485
ORD-0000960	DEPT-DESIGN	todo	inprogress	1103	2025-10-15 11:44:11.025481	SUB_00268
ORD-0000960	DEPT-DESIGN	in_progress	inprogress	1104	2025-10-15 11:44:26.794676	SUB_00268
ORD-0000960	DEPT-DESIGN	done	delivered	1105	2025-10-15 11:44:27.326173	SUB_00268
ORD-0000960	DEPT-DESIGN	done	delivered	1106	2025-10-15 11:44:28.249147	SUB_00268
ORD-0000960	DEPT-DESIGN	done	delivered	1107	2025-10-15 11:44:38.174149	SUB_00268
ORD-0000977	DEPT-DESIGN	todo	inprogress	1108	2025-10-15 11:51:12.33062	SUB_00272
ORD-0000977	DEPT-DESIGN	in_progress	inprogress	1109	2025-10-15 11:51:31.647353	SUB_00272
ORD-0000977	DEPT-DESIGN	done	inprogress	1110	2025-10-15 11:51:32.914579	SUB_00272
ORD-0000977	DEPT_SCREEN_ENGRAVE	todo	inprogress	1111	2025-10-15 11:51:35.289596	SUB_00272
ORD-0000977	DEPT_SCREEN_ENGRAVE	in_progress	inprogress	1112	2025-10-15 11:51:36.757349	SUB_00272
ORD-0000977	DEPT_SCREEN_ENGRAVE	done	inprogress	1113	2025-10-15 11:51:37.496083	SUB_00272
ORD-0000977	DEPT-DELIVERY	todo	inprogress	1114	2025-10-15 11:51:51.983702	SUB_00272
ORD-0000977	DEPT-DELIVERY	in_progress	inprogress	1115	2025-10-15 11:51:52.831144	SUB_00272
ORD-0000977	DEPT-DELIVERY	done	inprogress	1116	2025-10-15 11:51:53.329332	SUB_00272
ORD-0000977	DEPT-DESPATCH	todo	inprogress	1117	2025-10-15 11:51:54.33869	SUB_00272
ORD-0000977	DEPT-DESPATCH	in_progress	inprogress	1118	2025-10-15 11:51:55.137907	SUB_00272
ORD-0000977	DEPT-DESPATCH	done	inprogress	1119	2025-10-15 11:51:55.698817	SUB_00272
ORD-0000977	DEPT-SLIT-OPEN	todo	inprogress	1120	2025-10-15 11:51:56.427832	SUB_00272
ORD-0000977	DEPT-SLIT-OPEN	in_progress	inprogress	1121	2025-10-15 11:51:57.134384	SUB_00272
ORD-0000977	DEPT-SLIT-OPEN	done	inprogress	1122	2025-10-15 11:51:57.816541	SUB_00272
ORD-0000977	DEPT-STRIKE-OFF	todo	inprogress	1123	2025-10-15 11:51:59.879518	SUB_00272
ORD-0000977	DEPT-STRIKE-OFF	in_progress	inprogress	1124	2025-10-15 11:52:00.777569	SUB_00272
ORD-0000977	DEPT-STRIKE-OFF	done	inprogress	1125	2025-10-15 11:52:01.463876	SUB_00272
ORD-0000977	DEPT-STRIKE-OFF	done	delivered	1126	2025-10-15 11:52:05.639184	SUB_00272
ORD-0000813	DEPT-DESIGN	todo	inprogress	1127	2025-10-15 12:01:22.540722	SUB_00486
ORD-0000813	DEPT-DESIGN	in_progress	inprogress	1128	2025-10-15 12:01:39.401963	SUB_00486
ORD-0000813	DEPT-DESIGN	done	inprogress	1129	2025-10-15 12:01:40.056943	SUB_00486
ORD-0000813	DEPT_SCREEN_ENGRAVE	todo	inprogress	1130	2025-10-15 12:01:48.557575	SUB_00486
ORD-0000813	DEPT_SCREEN_ENGRAVE	in_progress	inprogress	1131	2025-10-15 12:01:49.580093	SUB_00486
ORD-0000813	DEPT_SCREEN_ENGRAVE	done	inprogress	1132	2025-10-15 12:01:58.277423	SUB_00486
ORD-0000813	DEPT-DELIVERY	todo	inprogress	1133	2025-10-15 12:01:58.885246	SUB_00486
ORD-0000813	DEPT-DELIVERY	in_progress	inprogress	1134	2025-10-15 12:01:59.86065	SUB_00486
ORD-0000813	DEPT-DELIVERY	done	inprogress	1135	2025-10-15 12:02:00.539296	SUB_00486
ORD-0000813	DEPT-DESPATCH	todo	inprogress	1136	2025-10-15 12:02:01.264183	SUB_00486
ORD-0000813	DEPT-DESPATCH	in_progress	inprogress	1137	2025-10-15 12:02:01.906833	SUB_00486
ORD-0000813	DEPT-DESPATCH	done	inprogress	1138	2025-10-15 12:02:02.713061	SUB_00486
ORD-0000813	DEPT-SLIT-OPEN	todo	inprogress	1139	2025-10-15 12:02:10.765536	SUB_00486
ORD-0000813	DEPT-SLIT-OPEN	in_progress	inprogress	1140	2025-10-15 12:02:12.026202	SUB_00486
ORD-0000813	DEPT-SLIT-OPEN	done	inprogress	1141	2025-10-15 12:02:13.033797	SUB_00486
ORD-0000813	DEPT-STRIKE-OFF	todo	inprogress	1142	2025-10-15 12:02:13.647911	SUB_00486
ORD-0000813	DEPT-STRIKE-OFF	in_progress	inprogress	1143	2025-10-15 12:02:14.284858	SUB_00486
ORD-0000813	DEPT-STRIKE-OFF	done	inprogress	1144	2025-10-15 12:02:15.180048	SUB_00486
ORD-0000813	DEPT-STRIKE-OFF	done	delivered	1145	2025-10-15 12:02:19.555247	SUB_00486
ORD-0001435	DEPT-DESIGN	todo	inprogress	1146	2025-10-27 13:10:40.267406	SUB_00495
ORD-0001435	DEPT-DESIGN	in_progress	inprogress	1147	2025-10-27 13:10:40.400951	SUB_00495
ORD-0001435	DEPT-DESIGN	done	inprogress	1148	2025-10-27 13:10:40.562867	SUB_00495
ORD-0001435	DEPT_SCREEN_ENGRAVE	todo	inprogress	1149	2025-10-27 13:10:40.726517	SUB_00495
ORD-0001435	DEPT_SCREEN_ENGRAVE	in_progress	inprogress	1150	2025-10-27 13:10:40.876363	SUB_00495
ORD-0001435	DEPT_SCREEN_ENGRAVE	done	inprogress	1151	2025-10-27 13:10:41.050958	SUB_00495
ORD-0001433	DEPT-DESIGN	todo	inprogress	1152	2025-11-13 12:59:49.384524	SUB_00527
ORD-0001535	DEPT-DESIGN	todo	inprogress	1153	2026-02-04 07:58:00.56193	SUB_00522
ORD-0001535	DEPT-DESIGN	in_progress	inprogress	1154	2026-02-04 07:58:08.067821	SUB_00522
ORD-0001535	DEPT-DESIGN	done	inprogress	1155	2026-02-04 07:58:08.979355	SUB_00522
ORD-0001535	DEPT_SCREEN_ENGRAVE	todo	inprogress	1156	2026-02-04 07:58:10.369049	SUB_00522
ORD-0001535	DEPT_SCREEN_ENGRAVE	in_progress	inprogress	1157	2026-02-04 07:58:12.03265	SUB_00522
ORD-0001535	DEPT_SCREEN_ENGRAVE	done	inprogress	1158	2026-02-04 07:58:12.696171	SUB_00522
ORD-0001535	DEPT-DELIVERY	todo	inprogress	1159	2026-02-04 07:58:13.47364	SUB_00522
ORD-0001535	DEPT-DELIVERY	in_progress	inprogress	1160	2026-02-04 07:58:14.48562	SUB_00522
ORD-0001535	DEPT-DELIVERY	done	inprogress	1161	2026-02-04 07:58:15.137139	SUB_00522
ORD-0001535	DEPT-DESPATCH	todo	inprogress	1162	2026-02-04 07:58:16.928235	SUB_00522
ORD-0001535	DEPT-DESPATCH	in_progress	inprogress	1163	2026-02-04 07:58:19.162385	SUB_00522
ORD-0001535	DEPT-DESPATCH	done	inprogress	1164	2026-02-04 07:58:19.868166	SUB_00522
ORD-0001535	DEPT-SLIT-OPEN	todo	inprogress	1165	2026-02-04 07:58:20.894863	SUB_00522
ORD-0001535	DEPT-SLIT-OPEN	in_progress	inprogress	1166	2026-02-04 07:58:22.138696	SUB_00522
ORD-0001535	DEPT-SLIT-OPEN	done	inprogress	1167	2026-02-04 07:58:22.731135	SUB_00522
ORD-0001535	DEPT-STRIKE-OFF	todo	inprogress	1168	2026-02-04 07:58:23.630506	SUB_00522
ORD-0001535	DEPT-STRIKE-OFF	in_progress	inprogress	1169	2026-02-04 07:58:24.717911	SUB_00522
ORD-0001535	DEPT-STRIKE-OFF	done	inprogress	1170	2026-02-04 07:58:25.34402	SUB_00522
ORD-0001535	DEPT-STRIKE-OFF	done	delivered	1171	2026-02-04 07:58:26.248561	SUB_00522
ORD-0001536	DEPT-DESIGN	todo	inprogress	1172	2026-02-04 08:16:57.317415	SUB_00523
ORD-0001536	DEPT-DESIGN	in_progress	inprogress	1173	2026-02-04 08:17:20.414223	SUB_00523
ORD-0001536	DEPT-DESIGN	done	inprogress	1174	2026-02-04 08:17:29.353875	SUB_00523
ORD-0001536	DEPT_SCREEN_ENGRAVE	todo	inprogress	1175	2026-02-04 08:17:30.697501	SUB_00523
ORD-0001536	DEPT_SCREEN_ENGRAVE	in_progress	inprogress	1176	2026-02-04 08:17:31.830684	SUB_00523
ORD-0001536	DEPT_SCREEN_ENGRAVE	done	inprogress	1177	2026-02-04 08:17:32.773882	SUB_00523
ORD-0001536	DEPT-DELIVERY	todo	inprogress	1178	2026-02-04 08:17:33.437556	SUB_00523
ORD-0001536	DEPT-DELIVERY	in_progress	inprogress	1179	2026-02-04 08:17:33.649624	SUB_00523
ORD-0001536	DEPT-DELIVERY	done	inprogress	1180	2026-02-04 08:17:34.452832	SUB_00523
ORD-0001536	DEPT-DESPATCH	todo	inprogress	1181	2026-02-04 08:17:35.120112	SUB_00523
ORD-0001536	DEPT-DESPATCH	in_progress	inprogress	1182	2026-02-04 08:17:35.797705	SUB_00523
ORD-0001536	DEPT-DESPATCH	done	inprogress	1183	2026-02-04 08:17:36.458189	SUB_00523
ORD-0001536	DEPT-SLIT-OPEN	todo	inprogress	1184	2026-02-04 08:17:37.089214	SUB_00523
ORD-0001536	DEPT-SLIT-OPEN	in_progress	inprogress	1185	2026-02-04 08:17:37.719203	SUB_00523
ORD-0001536	DEPT-SLIT-OPEN	done	inprogress	1186	2026-02-04 08:17:37.872569	SUB_00523
ORD-0001536	DEPT-STRIKE-OFF	todo	inprogress	1187	2026-02-04 08:17:38.062725	SUB_00523
ORD-0001536	DEPT-STRIKE-OFF	in_progress	inprogress	1188	2026-02-04 08:17:38.30518	SUB_00523
ORD-0001536	DEPT-STRIKE-OFF	done	inprogress	1189	2026-02-04 08:17:39.045646	SUB_00523
ORD-0001536	DEPT-STRIKE-OFF	done	delivered	1190	2026-02-04 08:17:39.659562	SUB_00523
ORD-0001795	DEPT-DESIGN	todo	inprogress	1191	2026-02-19 12:04:52.929747	SUB_00601
ORD-0001795	DEPT-DESIGN	in_progress	inprogress	1192	2026-02-19 12:04:54.777081	SUB_00601
ORD-0001795	DEPT-DESIGN	done	inprogress	1193	2026-02-19 12:04:56.27594	SUB_00601
ORD-0001795	DEPT-DELIVERY	todo	inprogress	1194	2026-02-19 12:04:57.783633	SUB_00601
ORD-0001795	DEPT-DELIVERY	in_progress	inprogress	1195	2026-02-19 12:05:00.91591	SUB_00601
ORD-0001795	DEPT-DELIVERY	done	inprogress	1196	2026-02-19 12:05:01.806682	SUB_00601
ORD-0001795	DEPT-DESPATCH	todo	inprogress	1197	2026-02-19 12:05:03.648607	SUB_00601
ORD-0001795	DEPT-DESPATCH	in_progress	inprogress	1198	2026-02-19 12:05:04.809854	SUB_00601
ORD-0001795	DEPT-DESPATCH	done	inprogress	1199	2026-02-19 12:05:05.538321	SUB_00601
ORD-0001795	DEPT-SLIT-OPEN	todo	inprogress	1200	2026-02-19 12:05:06.744057	SUB_00601
ORD-0001795	DEPT-SLIT-OPEN	in_progress	inprogress	1201	2026-02-19 12:05:07.763233	SUB_00601
ORD-0001795	DEPT-SLIT-OPEN	done	inprogress	1202	2026-02-19 12:05:08.452887	SUB_00601
ORD-0001795	DEPT-SLIT-OPEN	done	delivered	1203	2026-02-19 12:05:09.381657	SUB_00601
ORD-0001545	DEPT-DESIGN	todo	inprogress	1204	2026-02-25 11:17:17.030319	SUB_00610
ORD-0001546	DEPT-DESIGN	todo	inprogress	1205	2026-02-25 14:03:25.053522	SUB_00535
ORD-0001820	DEPT-DESIGN	todo	inprogress	1206	2026-02-26 18:58:32.063498	SUB_00611
ORD-0001824	DEPT-DESIGN	in_progress	inprogress	1208	2026-06-26 19:42:13.764997	SUB_00615
ORD-0001824	DEPT-DESIGN	done	inprogress	1209	2026-06-26 19:42:30.904974	SUB_00615
ORD-0001824	DEPT-DELIVERY	todo	inprogress	1210	2026-06-26 19:42:43.334752	SUB_00615
ORD-0001825	DEPT-DESIGN	todo	inprogress	1211	2026-06-29 15:55:10.325181	SUB_00616
ORD-0001826	DEPT-DESIGN	todo	inprogress	1212	2026-06-29 16:09:35.835984	SUB_00617
ORD-0001826	DEPT-DESIGN	in_progress	inprogress	1213	2026-06-29 16:09:37.248361	SUB_00617
ORD-0001826	DEPT-DESIGN	done	inprogress	1214	2026-06-29 16:09:38.240467	SUB_00617
ORD-0001826	DEPT-DELIVERY	todo	inprogress	1215	2026-06-29 16:09:39.681874	SUB_00617
ORD-0001826	DEPT-DELIVERY	in_progress	inprogress	1216	2026-06-29 16:09:40.42695	SUB_00617
ORD-0001826	DEPT-DELIVERY	done	inprogress	1217	2026-06-29 16:09:41.110567	SUB_00617
ORD-0001864	DEPT-DESIGN	todo	inprogress	1218	2026-07-09 13:54:36.961853	SUB_00625
ORD-0001864	DEPT-DESIGN	in_progress	inprogress	1219	2026-07-09 13:54:39.443324	SUB_00625
ORD-0001864	DEPT-DESIGN	done	inprogress	1220	2026-07-09 13:54:40.011538	SUB_00625
ORD-0001864	DEPT-DELIVERY	todo	inprogress	1221	2026-07-09 13:54:40.218418	SUB_00625
ORD-0001864	DEPT-DELIVERY	in_progress	inprogress	1222	2026-07-09 13:54:40.930245	SUB_00625
ORD-0001864	DEPT-DELIVERY	done	inprogress	1223	2026-07-09 13:54:41.135037	SUB_00625
ORD-0001864	DEPT-DESPATCH	todo	inprogress	1224	2026-07-09 13:54:45.556936	SUB_00625
ORD-0001864	DEPT-DESPATCH	in_progress	inprogress	1225	2026-07-09 13:54:46.357254	SUB_00625
ORD-0001864	DEPT-DESPATCH	done	inprogress	1226	2026-07-09 13:54:47.0284	SUB_00625
ORD-0001864	DEPT-SLIT-OPEN	todo	inprogress	1227	2026-07-09 13:54:47.447927	SUB_00625
ORD-0001864	DEPT-SLIT-OPEN	in_progress	inprogress	1228	2026-07-09 13:54:47.909189	SUB_00625
ORD-0001864	DEPT-SLIT-OPEN	done	inprogress	1229	2026-07-09 13:54:48.391768	SUB_00625
ORD-0001864	DEPT-SLIT-OPEN	done	delivered	1230	2026-07-09 13:54:48.841754	SUB_00625
ORD-0001864	DEPT-SLIT-OPEN	done	delivered	1231	2026-07-09 13:54:49.057743	SUB_00625
ORD-0001864	DEPT-SLIT-OPEN	done	delivered	1232	2026-07-09 13:54:49.39574	SUB_00625
ORD-0001864	DEPT-SLIT-OPEN	done	delivered	1233	2026-07-09 13:54:49.769494	SUB_00625
ORD-0001864	DEPT-SLIT-OPEN	done	delivered	1234	2026-07-09 13:54:49.939855	SUB_00625
ORD-0001864	DEPT-SLIT-OPEN	done	delivered	1235	2026-07-09 13:54:50.178025	SUB_00625
ORD-0001864	DEPT-SLIT-OPEN	done	delivered	1236	2026-07-09 13:54:50.402902	SUB_00625
ORD-0001864	DEPT-SLIT-OPEN	done	delivered	1237	2026-07-09 13:54:50.639439	SUB_00625
ORD-0001871	DEPT-DESIGN	todo	inprogress	1238	2026-07-09 18:07:28.134737	SUB_00631
ORD-0001871	DEPT-DESIGN	in_progress	inprogress	1239	2026-07-09 18:07:29.196127	SUB_00631
ORD-0001871	DEPT-DESIGN	done	inprogress	1240	2026-07-09 18:07:30.10793	SUB_00631
ORD-0001871	DEPT-DELIVERY	todo	inprogress	1241	2026-07-09 18:07:30.312302	SUB_00631
ORD-0001871	DEPT-DELIVERY	in_progress	inprogress	1242	2026-07-09 18:07:30.510631	SUB_00631
ORD-0001871	DEPT-DELIVERY	done	inprogress	1243	2026-07-09 18:07:30.708178	SUB_00631
ORD-0001871	DEPT-DESPATCH	todo	inprogress	1244	2026-07-09 18:07:30.882312	SUB_00631
ORD-0001871	DEPT-DESPATCH	in_progress	inprogress	1245	2026-07-09 18:07:31.068571	SUB_00631
ORD-0001871	DEPT-DESPATCH	done	inprogress	1246	2026-07-09 18:07:31.288785	SUB_00631
ORD-0001871	DEPT-SLIT-OPEN	todo	inprogress	1247	2026-07-09 18:07:35.586578	SUB_00631
ORD-0001871	DEPT-SLIT-OPEN	in_progress	inprogress	1248	2026-07-09 18:07:36.336113	SUB_00631
ORD-0001871	DEPT-SLIT-OPEN	done	inprogress	1249	2026-07-09 18:07:37.069079	SUB_00631
ORD-0001871	DEPT-SLIT-OPEN	done	delivered	1250	2026-07-09 18:07:38.023315	SUB_00631
ORD-0001871	DEPT-SLIT-OPEN	done	delivered	1251	2026-07-09 18:07:39.005183	SUB_00631
ORD-0001871	DEPT-SLIT-OPEN	done	delivered	1252	2026-07-09 18:07:40.024199	SUB_00631
ORD-0001871	DEPT-SLIT-OPEN	done	delivered	1253	2026-07-09 18:07:41.582633	SUB_00631
ORD-0001872	DEPT-DESIGN	todo	inprogress	1254	2026-07-10 11:43:54.998586	SUB_00632
ORD-0001872	DEPT-DESIGN	in_progress	inprogress	1255	2026-07-10 11:43:55.667921	SUB_00632
ORD-0001872	DEPT-DESIGN	done	inprogress	1256	2026-07-10 11:43:55.900572	SUB_00632
ORD-0001872	DEPT-DELIVERY	todo	inprogress	1257	2026-07-10 11:43:56.092946	SUB_00632
ORD-0001872	DEPT-DELIVERY	in_progress	inprogress	1258	2026-07-10 11:43:56.288597	SUB_00632
ORD-0001872	DEPT-DELIVERY	done	inprogress	1259	2026-07-10 11:43:56.473105	SUB_00632
ORD-0001872	DEPT-DESPATCH	todo	inprogress	1260	2026-07-10 11:43:56.706454	SUB_00632
ORD-0001872	DEPT-DESPATCH	in_progress	inprogress	1261	2026-07-10 11:43:57.390198	SUB_00632
ORD-0001872	DEPT-DESPATCH	done	inprogress	1262	2026-07-10 11:43:57.586255	SUB_00632
ORD-0001872	DEPT-SLIT-OPEN	todo	inprogress	1263	2026-07-10 11:43:57.810527	SUB_00632
ORD-0001872	DEPT-SLIT-OPEN	in_progress	inprogress	1264	2026-07-10 11:43:58.292929	SUB_00632
ORD-0001872	DEPT-SLIT-OPEN	done	inprogress	1265	2026-07-10 11:43:58.508216	SUB_00632
ORD-0001872	DEPT-SLIT-OPEN	done	delivered	1266	2026-07-10 11:43:58.640846	SUB_00632
ORD-0001872	DEPT-SLIT-OPEN	done	delivered	1267	2026-07-10 11:43:58.889178	SUB_00632
ORD-0001872	DEPT-SLIT-OPEN	done	delivered	1268	2026-07-10 11:43:59.118263	SUB_00632
ORD-0001872	DEPT-SLIT-OPEN	done	delivered	1269	2026-07-10 11:43:59.312097	SUB_00632
ORD-0001872	DEPT-SLIT-OPEN	done	delivered	1270	2026-07-10 11:43:59.651205	SUB_00632
ORD-0001872	DEPT-SLIT-OPEN	done	delivered	1271	2026-07-10 11:43:59.844426	SUB_00632
ORD-0001872	DEPT-SLIT-OPEN	done	delivered	1272	2026-07-10 11:44:00.043734	SUB_00632
ORD-0001872	DEPT-SLIT-OPEN	done	delivered	1273	2026-07-10 11:44:00.216676	SUB_00632
ORD-0001872	DEPT-SLIT-OPEN	done	delivered	1274	2026-07-10 11:44:00.479977	SUB_00632
ORD-0000001	DEPT-DESIGN	todo	inprogress	1275	2026-07-15 14:57:20.011147	SUB_00001
ORD-0000001	DEPT-DESIGN	in_progress	inprogress	1276	2026-07-15 14:57:20.491584	SUB_00001
ORD-0000001	DEPT-DESIGN	done	inprogress	1277	2026-07-15 14:57:20.79388	SUB_00001
ORD-0000001	DEPT-DELIVERY	todo	inprogress	1278	2026-07-15 14:57:20.894427	SUB_00001
ORD-0000001	DEPT-DELIVERY	in_progress	inprogress	1279	2026-07-15 14:57:21.114746	SUB_00001
ORD-0000001	DEPT-DELIVERY	done	inprogress	1280	2026-07-15 14:58:03.893823	SUB_00001
\.


--
-- TOC entry 5363 (class 0 OID 237810)
-- Dependencies: 255
-- Data for Name: orders_auditlog; Type: TABLE DATA; Schema: public; Owner: postgres
--

COPY public.orders_auditlog (order_id, activity_date, overall_status, dept_id, dept_status, activity_id) FROM stdin;
ORD-0000118	2025-06-23 11:30:15.659	in_progress	DEPT-DEL	in_progress	106
ORD-0000063	2025-06-23 11:34:36.376	in_progress	DEPT-DES	in_progress	107
ORD-0000063	2025-06-23 11:34:54.649	in_progress	DEPT-DES	done	108
ORD-0000063	2025-06-23 11:35:02.524	in_progress	DEPT-PRI	todo	109
ORD-0000063	2025-06-23 11:35:09.785	in_progress	DEPT-PRI	in_progress	110
ORD-0000063	2025-06-23 11:35:12.867	in_progress	DEPT-PRI	done	111
ORD-0000063	2025-06-23 11:35:15.429	in_progress	DEPT-PACK	todo	112
ORD-0000063	2025-06-23 11:35:18.126	in_progress	DEPT-PACK	in_progress	113
ORD-0000063	2025-06-23 11:35:20.942	in_progress	DEPT-PACK	done	114
ORD-0000155	2025-06-23 11:36:13.345	todo	\N	\N	115
ORD-0000064	2025-06-23 11:37:07.985	done	\N	\N	116
ORD-0000064	2025-06-23 12:28:31.25	in_progress	\N	\N	117
ORD-0000156	2025-06-23 12:32:44.894	todo	\N	\N	118
ORD-0000160	2025-06-23 12:50:47.095	todo	\N	\N	119
ORD-0000160	2025-06-23 13:51:36.053	in_progress	DEPT-DES	todo	120
ORD-0000160	2025-06-23 13:51:58.634	in_progress	DEPT-DES	in_progress	121
ORD-0000163	2025-06-23 13:54:01.647	todo	\N	\N	122
ORD-0000160	2025-06-23 13:54:57.463	in_progress	DEPT-DES	done	123
ORD-0000164	2025-06-23 13:56:20.223	todo	\N	\N	124
ORD-0000166	2025-06-24 08:25:28.314	todo	\N	\N	125
ORD-0000166	2025-06-24 08:25:59.085	in_progress	DEPT-DES	todo	126
ORD-0000166	2025-06-24 08:26:51.456	in_progress	DEPT-DES	in_progress	127
ORD-0000166	2025-06-24 08:27:10.82	in_progress	DEPT-DES	done	128
ORD-0000166	2025-06-24 08:27:16.548	in_progress	DEPT-PRI	todo	129
ORD-0000166	2025-06-24 08:27:32.702	in_progress	DEPT-PRI	in_progress	130
ORD-0000166	2025-06-24 08:27:35.681	in_progress	DEPT-PRI	done	131
ORD-0000166	2025-06-24 08:27:38.403	in_progress	DEPT-PACK	todo	132
ORD-0000166	2025-06-24 08:27:41.82	in_progress	DEPT-PACK	in_progress	133
ORD-0000166	2025-06-24 08:27:45.424	in_progress	DEPT-PACK	done	134
ORD-0000166	2025-06-24 08:27:48.774	in_progress	DEPT-DEL	todo	135
ORD-0000166	2025-06-24 08:27:51.834	in_progress	DEPT-DEL	in_progress	136
ORD-0000166	2025-06-24 08:27:54.64	in_progress	DEPT-DEL	done	137
ORD-0000166	2025-06-24 08:28:00.281	done	DEPT-DEL	done	138
ORD-0000169	2025-06-24 09:56:24.177	todo	\N	\N	139
ORD-0000163	2025-06-24 10:05:20.194	in_progress	DEPT-DES	todo	140
ORD-0000163	2025-06-24 10:05:24.418	in_progress	DEPT-DES	in_progress	141
ORD-0000163	2025-06-24 10:05:27.585	in_progress	DEPT-DES	done	142
ORD-0000173	2025-06-24 10:11:31.367	todo	\N	\N	143
ORD-0000173	2025-06-24 10:12:06.836	in_progress	DEPT-DES	todo	144
ORD-0000173	2025-06-24 10:12:37.544	in_progress	DEPT-DES	in_progress	145
ORD-0000173	2025-06-24 10:12:40.637	in_progress	DEPT-DES	done	146
ORD-0000173	2025-06-24 10:51:51.107	in_progress	DEPT-PRI	todo	147
ORD-0000173	2025-06-24 10:51:55.135	in_progress	DEPT-PRI	in_progress	148
ORD-0000173	2025-06-24 10:51:58.692	in_progress	DEPT-PRI	done	149
ORD-0000178	2025-06-25 11:44:41.48	todo	\N	\N	150
ORD-0000180	2025-06-25 14:20:49.008	todo	\N	\N	151
ORD-0000145	2025-06-25 14:52:08.593	done	\N	\N	152
ORD-0000190	2025-06-25 14:58:07.534	todo	\N	\N	153
ORD-0000169	2025-06-25 14:58:55.194	in_progress	DEPT-DES	todo	154
ORD-0000169	2025-06-25 14:58:58.589	in_progress	DEPT-DES	in_progress	155
ORD-0000193	2025-06-26 11:27:19.56	todo	\N	\N	156
ORD-0000178	2025-06-29 17:45:12.584	in_progress	DEPT-DES	todo	157
ORD-0000178	2025-06-29 17:45:38.096	in_progress	DEPT-DES	in_progress	158
ORD-0000178	2025-06-29 17:45:44.496	in_progress	DEPT-DES	done	159
ORD-0000178	2025-06-29 17:45:55.606	in_progress	DEPT-PRI	todo	160
ORD-0000178	2025-06-29 17:45:57.97	in_progress	DEPT-PRI	in_progress	161
ORD-0000178	2025-06-29 17:46:03.873	in_progress	DEPT-PRI	done	162
ORD-0000178	2025-06-29 17:46:06.616	in_progress	DEPT-PACK	todo	163
ORD-0000178	2025-06-29 17:46:11.764	in_progress	DEPT-PACK	in_progress	164
ORD-0000178	2025-06-29 17:46:14.111	in_progress	DEPT-PACK	done	165
ORD-0000178	2025-06-29 17:46:16.556	in_progress	DEPT-DEL	todo	166
ORD-0000178	2025-06-29 17:46:18.717	in_progress	DEPT-DEL	in_progress	167
ORD-0000178	2025-06-29 17:46:21.232	in_progress	DEPT-DEL	done	168
ORD-0000178	2025-06-29 17:46:23.924	done	DEPT-DEL	done	169
ORD-0000156	2025-07-01 09:42:00.087	in_progress	DEPT-DESIGN	todo	170
ORD-0000156	2025-07-01 09:42:04.884	in_progress	DEPT-DESIGN	in_progress	171
ORD-0000156	2025-07-01 09:42:09.837	in_progress	DEPT-DESIGN	done	172
ORD-0000156	2025-07-01 09:42:12.666	in_progress	DEPT-STRIKE-OFF	todo	173
ORD-0000156	2025-07-01 09:42:15.845	in_progress	DEPT-STRIKE-OFF	in_progress	174
ORD-0000156	2025-07-01 09:42:18.697	in_progress	DEPT-STRIKE-OFF	done	175
ORD-0000156	2025-07-01 09:42:23.149	in_progress	DEPT-SLIT-OPEN	todo	176
ORD-0000156	2025-07-01 09:42:26.034	in_progress	DEPT-SLIT-OPEN	in_progress	177
ORD-0000156	2025-07-01 09:42:28.492	in_progress	DEPT-SLIT-OPEN	done	178
ORD-0000156	2025-07-01 09:42:31.308	in_progress	DEPT-SCREEN_ENGRAVE	todo	179
ORD-0000156	2025-07-01 09:42:33.76	in_progress	DEPT-SCREEN_ENGRAVE	in_progress	180
ORD-0000156	2025-07-01 09:42:36.43	in_progress	DEPT-SCREEN_ENGRAVE	done	181
ORD-0000156	2025-07-01 09:42:38.845	in_progress	DEPT-PRINTING	todo	182
ORD-0000156	2025-07-01 09:42:41.144	in_progress	DEPT-PRINTING	in_progress	183
ORD-0000156	2025-07-01 09:42:43.649	in_progress	DEPT-PRINTING	done	184
ORD-0000156	2025-07-01 09:42:46.64	in_progress	DEPT-CURING	todo	185
ORD-0000156	2025-07-01 09:42:49.173	in_progress	DEPT-CURING	in_progress	186
ORD-0000156	2025-07-01 09:42:52.376	in_progress	DEPT-CURING	done	187
ORD-0000156	2025-07-01 09:42:55.045	in_progress	DEPT-DESPATCH	todo	188
ORD-0000156	2025-07-01 09:42:57.919	in_progress	DEPT-DESPATCH	in_progress	189
ORD-0000156	2025-07-01 09:43:00.836	in_progress	DEPT-DESPATCH	done	190
ORD-0000156	2025-07-01 09:43:03.672	done	DEPT-DESPATCH	done	191
ORD-0000180	2025-07-07 11:11:29.221	in_progress	DEPT-DESIGN	todo	192
ORD-0000180	2025-07-07 11:11:33.383	in_progress	DEPT-DESIGN	in_progress	193
ORD-0000180	2025-07-07 11:11:35.838	in_progress	DEPT-DESIGN	done	194
ORD-0000180	2025-07-07 11:11:39.14	in_progress	DEPT-STRIKE-OFF	todo	195
ORD-0000180	2025-07-07 11:11:42.402	in_progress	DEPT-STRIKE-OFF	in_progress	196
ORD-0000180	2025-07-07 11:11:48.298	in_progress	DEPT-STRIKE-OFF	done	197
ORD-0000190	2025-07-07 11:15:12.402	in_progress	DEPT-DESIGN	todo	198
ORD-0000190	2025-07-07 11:15:16.383	in_progress	DEPT-DESIGN	in_progress	199
ORD-0000190	2025-07-07 11:15:18.563	in_progress	DEPT-DESIGN	done	200
ORD-0000190	2025-07-07 11:15:20.383	in_progress	DEPT-STRIKE-OFF	todo	201
ORD-0000190	2025-07-07 11:15:23.448	in_progress	DEPT-STRIKE-OFF	in_progress	202
ORD-0000151	2025-07-07 11:21:09.307	in_progress	DEPT-DESIGN	todo	203
ORD-0000151	2025-07-07 11:21:11.599	in_progress	DEPT-DESIGN	in_progress	204
ORD-0000151	2025-07-07 11:21:13.803	in_progress	DEPT-DESIGN	done	205
ORD-0000151	2025-07-07 11:21:16.151	in_progress	DEPT-STRIKE-OFF	todo	206
ORD-0000151	2025-07-07 11:21:18.355	in_progress	DEPT-STRIKE-OFF	in_progress	207
ORD-0000151	2025-07-07 11:21:21.298	in_progress	DEPT-STRIKE-OFF	done	208
ORD-0000151	2025-07-07 11:21:25.708	in_progress	DEPT-SLIT-OPEN	todo	209
ORD-0000151	2025-07-07 11:21:27.93	in_progress	DEPT-SLIT-OPEN	in_progress	210
ORD-0000151	2025-07-07 11:21:30.701	in_progress	DEPT-SLIT-OPEN	done	211
ORD-0000151	2025-07-07 11:21:32.739	in_progress	DEPT-SCREEN_ENGRAVE	todo	212
ORD-0000151	2025-07-07 11:21:34.734	in_progress	DEPT-SCREEN_ENGRAVE	in_progress	213
ORD-0000151	2025-07-07 11:21:38.47	in_progress	DEPT-SCREEN_ENGRAVE	done	214
ORD-0000155	2025-07-07 12:38:42.132	in_progress	DEPT-DESIGN	todo	215
ORD-0000155	2025-07-07 12:38:45.256	in_progress	DEPT-DESIGN	in_progress	216
ORD-0000155	2025-07-07 12:38:47.138	in_progress	DEPT-DESIGN	done	217
ORD-0000155	2025-07-07 12:38:49.76	in_progress	DEPT-STRIKE-OFF	todo	218
ORD-0000155	2025-07-07 12:38:51.882	in_progress	DEPT-STRIKE-OFF	in_progress	219
ORD-0000164	2025-07-07 12:59:36.075	in_progress	DEPT-DESIGN	todo	220
ORD-0000164	2025-07-07 12:59:39	in_progress	DEPT-DESIGN	in_progress	221
ORD-0000164	2025-07-07 12:59:40.915	in_progress	DEPT-DESIGN	done	222
ORD-0000164	2025-07-07 12:59:43.696	in_progress	DEPT-STRIKE-OFF	todo	223
ORD-0000164	2025-07-07 12:59:45.567	in_progress	DEPT-STRIKE-OFF	in_progress	224
ORD-0000231	2025-07-07 17:00:09.637	todo	\N	\N	225
ORD-0000232	2025-07-07 17:03:59.398	todo	\N	\N	226
ORD-0000232	2025-07-07 17:20:58.954	in_progress	DEPT-DESIGN	todo	227
ORD-0000232	2025-07-07 17:21:01.332	in_progress	DEPT-DESIGN	in_progress	228
ORD-0000232	2025-07-07 17:21:03.35	in_progress	DEPT-DESIGN	done	229
ORD-0000232	2025-07-07 17:21:06.109	in_progress	DEPT-STRIKE-OFF	todo	230
ORD-0000232	2025-07-07 17:21:08.137	in_progress	DEPT-STRIKE-OFF	in_progress	231
ORD-0000231	2025-07-07 17:52:24.379	in_progress	DEPT-DESIGN	todo	232
ORD-0000231	2025-07-07 17:52:27.153	in_progress	DEPT-DESIGN	in_progress	233
ORD-0000231	2025-07-07 17:52:29.163	in_progress	DEPT-DESIGN	done	234
ORD-0000231	2025-07-07 17:52:31.245	in_progress	DEPT-STRIKE-OFF	todo	235
ORD-0000231	2025-07-07 17:52:33.313	in_progress	DEPT-STRIKE-OFF	in_progress	236
ORD-0000233	2025-07-07 18:10:30.402	todo	\N	\N	237
ORD-0000234	2025-07-07 18:12:05.275	todo	\N	\N	238
ORD-0000234	2025-07-07 18:48:01.191	in_progress	DEPT-DESIGN	todo	239
ORD-0000234	2025-07-07 18:48:03.824	in_progress	DEPT-DESIGN	in_progress	240
ORD-0000234	2025-07-07 18:48:05.755	in_progress	DEPT-DESIGN	done	241
ORD-0000234	2025-07-07 18:48:08.073	in_progress	DEPT-STRIKE-OFF	todo	242
ORD-0000234	2025-07-07 18:48:10.778	in_progress	DEPT-STRIKE-OFF	in_progress	243
ORD-0000193	2025-07-07 18:48:46.476	in_progress	DEPT-DESIGN	todo	244
ORD-0000193	2025-07-07 18:48:48.87	in_progress	DEPT-DESIGN	in_progress	245
ORD-0000193	2025-07-07 18:48:50.848	in_progress	DEPT-DESIGN	done	246
ORD-0000193	2025-07-07 18:48:52.805	in_progress	DEPT-STRIKE-OFF	todo	247
ORD-0000193	2025-07-07 18:48:54.712	in_progress	DEPT-STRIKE-OFF	in_progress	248
ORD-0000232	2025-07-08 08:44:23.417	in_progress	DEPT-STRIKE-OFF	done	249
ORD-0000232	2025-07-08 08:44:35.135	in_progress	DEPT-SLIT-OPEN	todo	250
ORD-0000232	2025-07-08 08:44:54.384	in_progress	DEPT-SLIT-OPEN	in_progress	251
ORD-0000232	2025-07-08 08:44:56.519	in_progress	DEPT-SLIT-OPEN	done	252
ORD-0000232	2025-07-08 08:44:58.715	in_progress	DEPT-SCREEN_ENGRAVE	todo	253
ORD-0000232	2025-07-08 08:45:00.558	in_progress	DEPT-SCREEN_ENGRAVE	in_progress	254
ORD-0000232	2025-07-08 08:45:02.68	in_progress	DEPT-SCREEN_ENGRAVE	done	255
ORD-0000232	2025-07-08 08:45:04.633	in_progress	DEPT-PRINTING	todo	256
ORD-0000232	2025-07-08 08:45:06.498	in_progress	DEPT-PRINTING	in_progress	257
ORD-0000232	2025-07-08 08:45:08.357	in_progress	DEPT-PRINTING	done	258
ORD-0000232	2025-07-08 08:45:10.207	in_progress	DEPT-CURING	todo	259
ORD-0000232	2025-07-08 08:45:12.052	in_progress	DEPT-CURING	in_progress	260
ORD-0000232	2025-07-08 08:45:13.765	in_progress	DEPT-CURING	done	261
ORD-0000232	2025-07-08 08:45:15.453	in_progress	DEPT-DESPATCH	todo	262
ORD-0000232	2025-07-08 08:45:17.942	in_progress	DEPT-DESPATCH	in_progress	263
ORD-0000232	2025-07-08 08:45:20.745	in_progress	DEPT-DESPATCH	done	264
ORD-0000232	2025-07-08 08:45:22.437	done	DEPT-DESPATCH	done	265
ORD-0000231	2025-07-08 08:46:48.035	in_progress	DEPT-STRIKE-OFF	done	266
ORD-0000234	2025-07-08 08:47:58.486	in_progress	DEPT-STRIKE-OFF	done	267
ORD-0000233	2025-07-08 08:58:49.616	in_progress	DEPT-DESIGN	todo	268
ORD-0000233	2025-07-08 08:58:51.773	in_progress	DEPT-DESIGN	in_progress	269
ORD-0000233	2025-07-08 08:58:54.169	in_progress	DEPT-DESIGN	done	270
ORD-0000233	2025-07-08 08:58:56.336	in_progress	DEPT-STRIKE-OFF	todo	271
ORD-0000233	2025-07-08 08:58:58.281	in_progress	DEPT-STRIKE-OFF	in_progress	272
ORD-0000237	2025-07-08 10:43:42.718	todo	\N	\N	273
ORD-0000238	2025-07-08 10:44:19.934	todo	\N	\N	274
ORD-0000239	2025-07-08 10:46:48.252	todo	\N	\N	275
ORD-0000240	2025-07-08 10:47:42.06	todo	\N	\N	276
ORD-0000239	2025-07-08 10:49:17.216	in_progress	DEPT-DESIGN	todo	277
ORD-0000239	2025-07-08 10:49:40.588	in_progress	DEPT-DESIGN	in_progress	278
ORD-0000239	2025-07-08 10:49:42.846	in_progress	DEPT-DESIGN	done	279
ORD-0000239	2025-07-08 10:49:45.692	in_progress	DEPT-STRIKE-OFF	todo	280
ORD-0000239	2025-07-08 10:49:47.608	in_progress	DEPT-STRIKE-OFF	in_progress	281
ORD-0000239	2025-07-08 10:49:50.009	in_progress	DEPT-STRIKE-OFF	done	282
ORD-0000237	2025-07-08 10:50:37.846	in_progress	DEPT-DESIGN	todo	283
ORD-0000237	2025-07-08 10:50:40.413	in_progress	DEPT-DESIGN	in_progress	284
ORD-0000237	2025-07-08 10:50:42.379	in_progress	DEPT-DESIGN	done	285
ORD-0000237	2025-07-08 10:50:44.269	in_progress	DEPT-STRIKE-OFF	todo	286
ORD-0000237	2025-07-08 10:50:46.259	in_progress	DEPT-STRIKE-OFF	in_progress	287
ORD-0000237	2025-07-08 10:52:02.796	in_progress	DEPT-STRIKE-OFF	done	288
ORD-0000240	2025-07-08 14:10:00.782	in_progress	DEPT-DESIGN	todo	289
ORD-0000240	2025-07-08 14:10:05.782	in_progress	DEPT-DESIGN	in_progress	290
ORD-0000240	2025-07-08 14:10:07.7	in_progress	DEPT-DESIGN	done	291
ORD-0000240	2025-07-08 14:10:09.718	in_progress	DEPT-STRIKE-OFF	todo	292
ORD-0000240	2025-07-08 14:10:12.102	in_progress	DEPT-STRIKE-OFF	in_progress	293
ORD-0000241	2025-07-08 16:04:21.922	todo	\N	\N	294
ORD-0000242	2025-07-08 16:05:01.919	todo	\N	\N	295
ORD-0000243	2025-07-08 16:15:28.652	todo	\N	\N	296
ORD-0000244	2025-07-08 16:16:14.024	todo	\N	\N	297
ORD-0000244	2025-07-08 18:30:05.676	in_progress	DEPT-DESIGN	todo	298
ORD-0000244	2025-07-08 18:30:07.729	in_progress	DEPT-DESIGN	in_progress	299
ORD-0000244	2025-07-08 18:30:09.478	in_progress	DEPT-DESIGN	done	300
ORD-0000244	2025-07-08 18:30:11.333	in_progress	DEPT-STRIKE-OFF	todo	301
ORD-0000244	2025-07-08 18:30:13.01	in_progress	DEPT-STRIKE-OFF	in_progress	302
ORD-0000244	2025-07-08 18:30:51.651	in_progress	DEPT-STRIKE-OFF	done	303
ORD-0000241	2025-07-08 18:49:19.348	in_progress	DEPT-DESIGN	todo	304
ORD-0000241	2025-07-08 18:49:22.559	in_progress	DEPT-DESIGN	in_progress	305
ORD-0000241	2025-07-08 18:49:25.018	in_progress	DEPT-DESIGN	done	306
ORD-0000241	2025-07-08 18:49:27.201	in_progress	DEPT-STRIKE-OFF	todo	307
ORD-0000241	2025-07-08 18:49:29.939	in_progress	DEPT-STRIKE-OFF	in_progress	308
ORD-0000231	2025-07-08 18:50:46.3	in_progress	DEPT-SLIT-OPEN	todo	309
ORD-0000240	2025-07-09 10:07:32.699	in_progress	DEPT-STRIKE-OFF	done	310
ORD-0000241	2025-07-09 10:15:00.913	in_progress	DEPT-STRIKE-OFF	done	311
ORD-0000241	2025-07-09 10:43:58.54	in_progress	DEPT-SLIT-OPEN	todo	312
ORD-0000241	2025-07-09 10:44:01.696	in_progress	DEPT-SLIT-OPEN	in_progress	313
ORD-0000233	2025-07-09 10:44:54.132	in_progress	DEPT-STRIKE-OFF	done	314
ORD-0000061	2025-07-09 10:52:26.312	done	\N	\N	315
ORD-0000155	2025-07-09 10:54:35.181	in_progress	DEPT-STRIKE-OFF	done	316
ORD-0000155	2025-07-09 10:54:41.023	in_progress	DEPT-SLIT-OPEN	todo	317
ORD-0000160	2025-07-09 10:55:17.691	in_progress	DEPT-STRIKE-OFF	todo	318
ORD-0000160	2025-07-09 10:58:09.891	in_progress	DEPT-STRIKE-OFF	in_progress	319
ORD-0000160	2025-07-09 10:59:10.427	in_progress	DEPT-STRIKE-OFF	done	320
ORD-0000160	2025-07-09 10:59:35.524	in_progress	DEPT-SLIT-OPEN	todo	321
ORD-0000112	2025-07-09 11:54:55.735	in_progress	DEPT-DES	in_progress	322
ORD-0000112	2025-07-09 11:54:58.185	in_progress	DEPT-DES	done	323
ORD-0000112	2025-07-09 11:54:59.956	in_progress	DEPT-STRIKE-OFF	todo	324
ORD-0000112	2025-07-09 11:55:02.867	in_progress	DEPT-STRIKE-OFF	in_progress	325
ORD-0000112	2025-07-09 12:03:20.817	in_progress	DEPT-STRIKE-OFF	done	326
ORD-0000240	2025-07-09 15:15:40.908	in_progress	DEPT-SLIT-OPEN	todo	327
ORD-0000240	2025-07-09 15:15:43.132	in_progress	DEPT-SLIT-OPEN	in_progress	328
ORD-0000240	2025-07-09 15:15:44.892	in_progress	DEPT-SLIT-OPEN	done	329
ORD-0000240	2025-07-09 15:15:46.747	in_progress	DEPT_SCREEN_ENGRAVE	todo	330
ORD-0000240	2025-07-09 15:15:48.649	in_progress	DEPT_SCREEN_ENGRAVE	in_progress	331
ORD-0000240	2025-07-09 15:15:50.73	in_progress	DEPT_SCREEN_ENGRAVE	done	332
ORD-0000240	2025-07-09 15:15:53.52	in_progress	DEPT-PRINTING	todo	333
ORD-0000240	2025-07-09 15:15:56.022	in_progress	DEPT-PRINTING	in_progress	334
ORD-0000240	2025-07-09 15:15:57.788	in_progress	DEPT-PRINTING	done	335
ORD-0000240	2025-07-09 15:15:59.586	in_progress	DEPT-CURING	todo	336
ORD-0000240	2025-07-09 15:16:02.114	in_progress	DEPT-CURING	in_progress	337
ORD-0000240	2025-07-09 15:16:04.135	in_progress	DEPT-CURING	done	338
ORD-0000240	2025-07-09 15:16:05.81	in_progress	DEPT-DESPATCH	todo	339
ORD-0000240	2025-07-09 15:16:07.825	in_progress	DEPT-DESPATCH	in_progress	340
ORD-0000240	2025-07-09 15:16:10.142	in_progress	DEPT-DESPATCH	done	341
ORD-0000240	2025-07-09 15:16:12.599	done	DEPT-DESPATCH	done	342
ORD-0000245	2025-07-09 15:17:38.366	todo	\N	\N	343
ORD-0000238	2025-07-09 15:18:04.872	in_progress	DEPT-DESIGN	todo	344
ORD-0000238	2025-07-09 15:18:06.916	in_progress	DEPT-DESIGN	in_progress	345
ORD-0000238	2025-07-09 15:18:08.803	in_progress	DEPT-DESIGN	done	346
ORD-0000238	2025-07-09 15:18:10.751	in_progress	DEPT-STRIKE-OFF	todo	347
ORD-0000238	2025-07-09 15:18:12.749	in_progress	DEPT-STRIKE-OFF	in_progress	348
ORD-0000238	2025-07-09 15:20:15.708	in_progress	DEPT-STRIKE-OFF	done	349
ORD-0000242	2025-07-09 17:01:59.963	in_progress	DEPT-DESIGN	todo	350
ORD-0000242	2025-07-09 17:02:02.217	in_progress	DEPT-DESIGN	in_progress	351
ORD-0000242	2025-07-09 17:02:03.851	in_progress	DEPT-DESIGN	done	352
ORD-0000242	2025-07-09 17:02:05.74	in_progress	DEPT-STRIKE-OFF	todo	353
ORD-0000242	2025-07-09 17:02:07.95	in_progress	DEPT-STRIKE-OFF	in_progress	354
ORD-0000242	2025-07-09 17:03:38.67	in_progress	DEPT-STRIKE-OFF	done	355
ORD-0000010	2025-07-11 16:04:48.465	in_progress	DEPT-DES	in_progress	356
ORD-0000010	2025-07-11 16:04:53.917	in_progress	DEPT-DES	done	357
ORD-0000244	2025-07-11 18:20:22.78	in_progress	DEPT-SLIT-OPEN	todo	358
ORD-0000244	2025-07-11 18:20:27.142	in_progress	DEPT-SLIT-OPEN	in_progress	359
ORD-0000244	2025-07-11 18:20:29.428	in_progress	DEPT-SLIT-OPEN	done	360
ORD-0000244	2025-07-11 18:23:09.358	in_progress	DEPT_SCREEN_ENGRAVE	todo	361
ORD-0000243	2025-07-11 19:13:32.829	in_progress	DEPT-DESIGN	todo	362
ORD-0000243	2025-07-11 19:13:59.262	in_progress	DEPT-DESIGN	in_progress	363
ORD-0000243	2025-07-11 19:14:01.213	in_progress	DEPT-DESIGN	done	364
ORD-0000243	2025-07-11 19:14:36.828	in_progress	DEPT-STRIKE-OFF	todo	365
ORD-0000249	2025-07-14 11:46:46.379	todo	\N	\N	366
ORD-0000250	2025-07-14 11:48:30.286	todo	\N	\N	367
ORD-0000242	2025-07-16 09:06:03.018	in_progress	DEPT-SLIT-OPEN	todo	368
ORD-0000242	2025-07-16 09:06:05.332	in_progress	DEPT-SLIT-OPEN	in_progress	369
ORD-0000242	2025-07-16 09:06:07.519	in_progress	DEPT-SLIT-OPEN	done	370
ORD-0000242	2025-07-16 09:06:09.259	in_progress	DEPT_SCREEN_ENGRAVE	todo	371
ORD-0000242	2025-07-16 09:06:10.792	in_progress	DEPT_SCREEN_ENGRAVE	in_progress	372
ORD-0000242	2025-07-16 09:06:12.792	in_progress	DEPT_SCREEN_ENGRAVE	done	373
ORD-0000242	2025-07-16 09:06:15.712	in_progress	DEPT-PRINTING	todo	374
ORD-0000242	2025-07-16 09:06:17.53	in_progress	DEPT-PRINTING	in_progress	375
ORD-0000242	2025-07-16 09:06:19.519	in_progress	DEPT-PRINTING	done	376
ORD-0000242	2025-07-16 09:06:21.218	in_progress	DEPT-CURING	todo	377
ORD-0000242	2025-07-16 09:06:23.209	in_progress	DEPT-CURING	in_progress	378
ORD-0000242	2025-07-16 09:06:25.017	in_progress	DEPT-CURING	done	379
ORD-0000242	2025-07-16 09:06:26.81	in_progress	DEPT-DESPATCH	todo	380
ORD-0000242	2025-07-16 09:06:28.537	in_progress	DEPT-DESPATCH	in_progress	381
ORD-0000242	2025-07-16 09:06:30.261	in_progress	DEPT-DESPATCH	done	382
ORD-0000242	2025-07-16 09:06:31.911	done	DEPT-DESPATCH	done	383
ORD-0000231	2025-07-16 09:25:28.033	in_progress	DEPT-SLIT-OPEN	in_progress	384
ORD-0000231	2025-07-16 09:25:30.104	in_progress	DEPT-SLIT-OPEN	done	385
ORD-0000231	2025-07-16 09:25:33.893	in_progress	DEPT_SCREEN_ENGRAVE	todo	386
ORD-0000231	2025-07-16 09:25:35.808	in_progress	DEPT_SCREEN_ENGRAVE	in_progress	387
ORD-0000231	2025-07-16 09:25:37.912	in_progress	DEPT_SCREEN_ENGRAVE	done	388
ORD-0000231	2025-07-16 10:45:30.281	in_progress	DEPT-PRINTING	todo	389
ORD-0000231	2025-07-16 10:45:32.058	in_progress	DEPT-PRINTING	in_progress	390
ORD-0000231	2025-07-16 10:45:33.618	in_progress	DEPT-PRINTING	done	391
ORD-0000231	2025-07-16 10:45:35.377	in_progress	DEPT-CURING	todo	392
ORD-0000231	2025-07-16 10:45:51.527	in_progress	DEPT-CURING	in_progress	393
ORD-0000231	2025-07-16 10:45:53.251	in_progress	DEPT-CURING	done	394
ORD-0000231	2025-07-16 10:45:54.818	in_progress	DEPT-DESPATCH	todo	395
ORD-0000231	2025-07-16 10:45:56.394	in_progress	DEPT-DESPATCH	in_progress	396
ORD-0000231	2025-07-16 10:45:57.936	in_progress	DEPT-DESPATCH	done	397
ORD-0000231	2025-07-16 10:45:59.742	completed	DEPT-DESPATCH	done	398
ORD-0000239	2025-07-16 11:00:10.421	in_progress	DEPT-SLIT-OPEN	todo	399
ORD-0000239	2025-07-16 11:00:12.148	in_progress	DEPT-SLIT-OPEN	in_progress	400
ORD-0000239	2025-07-16 11:00:13.526	in_progress	DEPT-SLIT-OPEN	done	401
ORD-0000239	2025-07-16 11:00:15.622	in_progress	DEPT_SCREEN_ENGRAVE	todo	402
ORD-0000239	2025-07-16 11:00:17.335	in_progress	DEPT_SCREEN_ENGRAVE	in_progress	403
ORD-0000239	2025-07-16 11:00:18.941	in_progress	DEPT_SCREEN_ENGRAVE	done	404
ORD-0000239	2025-07-16 11:00:20.522	in_progress	DEPT-PRINTING	todo	405
ORD-0000239	2025-07-16 11:00:23.821	in_progress	DEPT-PRINTING	in_progress	406
ORD-0000239	2025-07-16 11:00:25.514	in_progress	DEPT-PRINTING	done	407
ORD-0000239	2025-07-16 11:00:26.75	in_progress	DEPT-CURING	todo	408
ORD-0000239	2025-07-16 11:00:28.301	in_progress	DEPT-CURING	in_progress	409
ORD-0000239	2025-07-16 11:00:29.609	in_progress	DEPT-CURING	done	410
ORD-0000239	2025-07-16 11:00:30.773	in_progress	DEPT-DESPATCH	todo	411
ORD-0000239	2025-07-16 11:00:51.584	in_progress	DEPT-DESPATCH	in_progress	412
ORD-0000239	2025-07-16 11:00:53.786	in_progress	DEPT-DESPATCH	done	413
ORD-0000239	2025-07-16 11:00:55.55	done	DEPT-DESPATCH	done	414
ORD-0000145	2025-07-16 11:08:43.627	done	\N	\N	415
ORD-0000113	2025-07-16 11:09:05.474	in_progress	DEPT-PRI	done	416
ORD-0000113	2025-07-16 11:09:07.173	in_progress	DEPT-SLIT-OPEN	todo	417
ORD-0000113	2025-07-16 11:09:09.173	in_progress	DEPT-SLIT-OPEN	in_progress	418
ORD-0000113	2025-07-16 11:09:10.696	in_progress	DEPT-SLIT-OPEN	done	419
ORD-0000113	2025-07-16 11:09:12.63	in_progress	DEPT_SCREEN_ENGRAVE	todo	420
ORD-0000113	2025-07-16 11:09:14.227	in_progress	DEPT_SCREEN_ENGRAVE	in_progress	421
ORD-0000113	2025-07-16 11:09:15.772	in_progress	DEPT_SCREEN_ENGRAVE	done	422
ORD-0000113	2025-07-16 11:09:17.719	in_progress	DEPT-PRINTING	todo	423
ORD-0000113	2025-07-16 11:09:19.655	in_progress	DEPT-PRINTING	in_progress	424
ORD-0000113	2025-07-16 11:09:21.394	in_progress	DEPT-PRINTING	done	425
ORD-0000113	2025-07-16 11:09:23.898	in_progress	DEPT-CURING	todo	426
ORD-0000113	2025-07-16 11:09:25.276	in_progress	DEPT-CURING	in_progress	427
ORD-0000113	2025-07-16 11:09:26.59	in_progress	DEPT-CURING	done	428
ORD-0000113	2025-07-16 11:09:27.928	in_progress	DEPT-DESPATCH	todo	429
ORD-0000113	2025-07-16 11:09:29.08	in_progress	DEPT-DESPATCH	in_progress	430
ORD-0000113	2025-07-16 11:09:30.365	in_progress	DEPT-DESPATCH	done	431
ORD-0000113	2025-07-16 11:09:32.162	done	DEPT-DESPATCH	done	432
ORD-0000254	2025-07-17 09:45:43.36	todo	\N	\N	433
ORD-0000255	2025-07-17 09:52:27.302	todo	\N	\N	434
ORD-0000256	2025-07-17 10:02:42.872	todo	\N	\N	435
ORD-0000257	2025-07-17 10:12:03.716	todo	\N	\N	436
ORD-0000258	2025-07-17 10:16:24.043	todo	\N	\N	437
ORD-0000255	2025-07-17 10:17:34.217	in_progress	DEPT-DESIGN	todo	438
ORD-0000255	2025-07-17 10:17:37.69	in_progress	DEPT-DESIGN	in_progress	439
ORD-0000255	2025-07-17 10:17:39.732	in_progress	DEPT-DESIGN	done	440
ORD-0000255	2025-07-17 10:18:52.856	in_progress	DEPT-STRIKE-OFF	todo	441
ORD-0000255	2025-07-17 10:18:56.368	in_progress	DEPT-STRIKE-OFF	in_progress	442
ORD-0000258	2025-07-17 10:19:19.278	in_progress	DEPT-DESIGN	todo	443
ORD-0000258	2025-07-17 10:33:02.662	in_progress	DEPT-DESIGN	in_progress	444
ORD-0000258	2025-07-17 10:37:00.022	in_progress	DEPT-DESIGN	done	445
ORD-0000258	2025-07-17 10:51:58.14	in_progress	DEPT-STRIKE-OFF	todo	446
ORD-0000258	2025-07-17 10:52:12.924	in_progress	DEPT-STRIKE-OFF	in_progress	447
ORD-0000250	2025-07-17 10:52:24	in_progress	DEPT-DESIGN	todo	448
ORD-0000250	2025-07-17 10:52:25.837	in_progress	DEPT-DESIGN	in_progress	449
ORD-0000250	2025-07-17 10:52:27.597	in_progress	DEPT-DESIGN	done	450
ORD-0000260	2025-07-18 11:33:23.809	todo	\N	\N	451
ORD-0000257	2025-07-29 11:32:59.074	in_progress	DEPT-DESIGN	todo	452
ORD-0000257	2025-07-29 11:33:02.119	in_progress	DEPT-DESIGN	in_progress	453
ORD-0000257	2025-07-29 11:33:05.624	in_progress	DEPT-DESIGN	done	454
ORD-0000257	2025-07-29 11:33:07.67	in_progress	DEPT-STRIKE-OFF	todo	455
ORD-0000257	2025-07-29 11:33:11.883	in_progress	DEPT-STRIKE-OFF	in_progress	456
ORD-0000261	2025-07-30 12:41:59.916	in_progress	DEPT-DESIGN	todo	457
\.


--
-- TOC entry 5365 (class 0 OID 237815)
-- Dependencies: 257
-- Data for Name: production_attendance; Type: TABLE DATA; Schema: public; Owner: postgres
--

COPY public.production_attendance (worker_id, worker_type, log_date, status) FROM stdin;
EMP001	permanent	2026-07-26	Present
EMP002	permanent	2026-07-26	Present
EMP003	permanent	2026-07-26	Present
EMP004	permanent	2026-07-26	Present
EMP005	permanent	2026-07-26	Present
EMP006	permanent	2026-07-26	Absent
OUT-001	outsourced	2026-07-26	Present
OUT-002	outsourced	2026-07-26	Present
OUT-003	outsourced	2026-07-26	Present
OUT-004	outsourced	2026-07-26	Present
EMP001	permanent	2026-07-31	Present
EMP002	permanent	2026-07-31	Present
EMP006	permanent	2026-07-31	Present
EMP004	permanent	2026-08-01	Present
EMP001	permanent	2026-08-04	Present
\.


--
-- TOC entry 5366 (class 0 OID 237821)
-- Dependencies: 258
-- Data for Name: production_employees; Type: TABLE DATA; Schema: public; Owner: postgres
--

COPY public.production_employees (id, name, role, department, shift, mobile) FROM stdin;
EMP001	Arun Kumar	Senior Printer	Digital Printing	Day	9876543210
EMP002	Priya Dharshini	QC Specialist	Quality Control	Day	9876543211
EMP003	Karthik Raja	Machine Operator	Digital Printing	Night	9876543212
EMP004	Anitha Ramesh	Dyeing Specialist	Chemical Dyeing	Day	9876543213
EMP005	Rajesh Kannan	Stenter Operator	Stenter & Drying	Night	9876543214
EMP006	Suresh Kumar	Operator	Calendering Press	Day	9876543215
\.


--
-- TOC entry 5367 (class 0 OID 237831)
-- Dependencies: 259
-- Data for Name: production_logs; Type: TABLE DATA; Schema: public; Owner: postgres
--

COPY public.production_logs (id, machine_id, log_date, worker_type, worker_id, processed_qty, order_ref) FROM stdin;
8	MAC-01	2026-07-26	permanent	EMP001	450.00	ORD-2026-881
9	MAC-01	2026-07-26	outsourced	OUT-001	320.00	ORD-2026-882
10	MAC-02	2026-07-26	permanent	EMP003	600.00	ORD-2026-790
11	MAC-03	2026-07-26	permanent	EMP002	280.00	ORD-2026-905
12	MAC-03	2026-07-26	outsourced	OUT-002	410.00	ORD-2026-910
13	MAC-04	2026-07-26	permanent	EMP004	530.00	ORD-2026-944
14	MAC-04	2026-07-26	outsourced	OUT-003	390.00	ORD-2026-950
15	MAC-01	2026-07-26	permanent	EMP005	300.00	342
16	MAC-01	2026-07-26	permanent	EMP006	500.00	1234
17	MAC-02	2026-07-26	outsourced	OUT-004	100.00	ORD-2026-882
18	MAC-01	2026-07-31	permanent	TEST_EMP_1785484713208	250.00	ORD-TEST-001
19	MAC-01	2026-07-31	permanent	EMP001	100.00	SUB_00143
20	MAC-03	2026-07-31	permanent	EMP002	250.00	SUB_00291
21	MAC-04	2026-07-31	permanent	EMP006	250.00	SUB_00291
22	MAC-04	2026-08-01	permanent	EMP004	200.00	SUB_00257
23	MAC-03	2026-08-04	permanent	EMP001	200.00	SUB_00308
\.


--
-- TOC entry 5369 (class 0 OID 237838)
-- Dependencies: 261
-- Data for Name: production_machines; Type: TABLE DATA; Schema: public; Owner: postgres
--

COPY public.production_machines (id, name, status, speed, last_maintenance) FROM stdin;
MAC-01	Kornit Allegro Digital Printer	Running	150m/min	2026-06-15
MAC-02	Reggiani Renoir Superfast	Maintenance	200m/min	2026-07-01
MAC-03	Mimaki Tiger-1800B	Running	120m/min	2026-05-20
MAC-04	Zimmer Colaris Digital Printer	Running	180m/min	2026-06-30
\.


--
-- TOC entry 5370 (class 0 OID 237845)
-- Dependencies: 262
-- Data for Name: production_outsourced; Type: TABLE DATA; Schema: public; Owner: postgres
--

COPY public.production_outsourced (id, name, agency, task, shift) FROM stdin;
OUT-001	Manoj S	Apex Labor Solutions	Yarn Sorting & Feeding	Day
OUT-002	Suresh Kumar	Prime Staffing	Dye Mixing Assistant	Night
OUT-003	Murugan K	Apex Labor Solutions	Fabric Press Helper	Day
OUT-004	Lakshmi Narayanan	Global Workforce	Fabric Inspection	Day
\.


--
-- TOC entry 5371 (class 0 OID 237855)
-- Dependencies: 263
-- Data for Name: production_schedule; Type: TABLE DATA; Schema: public; Owner: postgres
--

COPY public.production_schedule (schedule_id, sub_order_id, machine_id, start_date, end_date, scheduled_qty, status, created_at) FROM stdin;
\.


--
-- TOC entry 5373 (class 0 OID 237867)
-- Dependencies: 265
-- Data for Name: raw_material_inventory; Type: TABLE DATA; Schema: public; Owner: postgres
--

COPY public.raw_material_inventory (inventory_id, material_id, quantity_on_hand, allocated_quantity, updated_at) FROM stdin;
3	3	250.00	0.00	2026-06-25 21:01:53.593564
9	9	100.00	0.00	2026-06-26 19:33:03.961742
8	8	560.00	0.00	2026-06-26 11:39:22.337582
10	10	24.00	10.00	2026-07-02 16:16:06.725949
23	12	100.00	0.00	2026-07-10 15:36:01.481413
5	5	2000.00	900.00	2026-06-25 21:01:53.593564
4	4	163.00	100.00	2026-06-25 21:01:53.593564
6	6	200.00	50.00	2026-06-25 21:01:53.593564
\.


--
-- TOC entry 5375 (class 0 OID 237875)
-- Dependencies: 267
-- Data for Name: raw_material_master; Type: TABLE DATA; Schema: public; Owner: postgres
--

COPY public.raw_material_master (material_id, material_name, material_category, unit_of_measure, min_stock_level, cost_per_unit, created_at, updated_at) FROM stdin;
3	Reactive Blue Dye	Dye	kg	10.00	650.00	2026-06-25 21:01:53.586844	2026-06-25 21:01:53.586844
4	Direct Red Dye	Dye	kg	10.00	480.00	2026-06-25 21:01:53.586844	2026-06-25 21:01:53.586844
6	Soda Ash (Fixing Agent)	Chemical	kg	25.00	32.00	2026-06-25 21:01:53.586844	2026-06-25 21:01:53.586844
5	Cotton Grey Fabric (30in)	Grey Fabric	meter	500.00	45.00	2026-06-25 21:01:53.586844	2026-06-26 11:38:54.413475
8	Rayon	Yarn	meter	250.00	60.00	2026-06-26 11:39:22.337582	2026-06-26 11:39:22.337582
9	yarn	Yarn	kg	50.00	250.00	2026-06-26 19:33:03.961742	2026-06-26 19:33:03.961742
10	sss	Cotton	kg	23.00	0.00	2026-07-02 16:16:06.725949	2026-07-02 16:16:06.725949
12	40s Cotton Yarn	Yarn	kg	100.00	0.00	2026-07-10 15:36:01.481413	2026-07-10 15:36:01.481413
\.


--
-- TOC entry 5377 (class 0 OID 237887)
-- Dependencies: 269
-- Data for Name: reject_reason_master; Type: TABLE DATA; Schema: public; Owner: postgres
--

COPY public.reject_reason_master (id, reason_name) FROM stdin;
1	Quality
2	Time
3	Price
\.


--
-- TOC entry 5378 (class 0 OID 237892)
-- Dependencies: 270
-- Data for Name: sample; Type: TABLE DATA; Schema: public; Owner: postgres
--

COPY public.sample (sample_id, received_date, expected_delivery_date, cus_id, design_id, lead_status, is_sample, weight, ground, dc_challan_no, dc_date, received_weight, total_weight, design_style, print_type, colour_fabric, diameter, roll_length, order_date, converted_order_id, quote_price, importance, reject_reason) FROM stdin;
LD-0002047	2026-07-27 18:19:15.216091	\N	C-0009	C/1301/2	received	t	20.00	blue flenece	7998	2026-07-12	100.00	100.00	bow	REACTIVE	\N	\N	\N	2026-07-27 12:48:00	\N	\N	\N	\N
LD-0002050	2026-07-27 18:44:05.965721	\N	C-0001	C/1300/2	received	t	20.00	blue flenece	450	\N	\N	200.00	ANIMAL-BIG	pigment	\N	\N	\N	2026-07-27 07:42:00	\N	\N	\N	\N
LD-0002053	2026-07-28 11:57:06.430371	\N	C-0003	C/1768/9	received	t	30.00	white flenece	2092	2026-07-22	990.00	1000.00	bow	REACTIVE	\N	\N	\N	2026-07-26 21:25:00	\N	\N	\N	\N
LD-0002052	2026-07-28 11:56:30.07907	\N	C-0003	C/1768/6	received	t	20.00	white flenece	2092	2026-07-22	990.00	1000.00	ANIMAL-BIG	pig+fl	\N	\N	\N	2026-07-26 21:25:00	\N	\N	\N	\N
LD-0002054	2026-07-28 13:04:36.350008	\N	C-0003	C/1638/1	received	t	50.00	blue flenece	2092	2026-07-27	50.00	50.00	CAT-BLUE-820 SIZE	REACTIVE	\N	\N	\N	2026-07-28 13:03:00	\N	\N	\N	\N
LD-0002055	2026-07-28 13:09:54.836975	\N	C-0012	c/4632/1	received	t	50.00	white s/j	639	2026-07-26	100.00	100.00	LEAF THOKKA-BROWN	pigment	\N	32	12	2026-07-28 02:05:00	\N	\N	\N	\N
LD-0002057	2026-07-28 13:13:19.943242	\N	C-0012	c/4574/2	received	t	30.00	blue flenece	935	2026-07-27	998.00	1000.00	LEMONE	pigment	\N	28	10	2026-07-28 02:11:00	\N	\N	\N	\N
LD-0002056	2026-07-28 13:13:19.938014	\N	C-0012	c/4574/1	received	t	50.00	blue flenece	935	2026-07-27	998.00	1000.00	h-sts/brown	REACTIVE	\N	28	5	2026-07-28 02:11:00	\N	\N	\N	\N
LD-0002058	2026-07-28 14:58:17.477616	\N	C-0012	C/1768/6	received	t	40.00	WHITE L/J (OPEN)	9987	2026-07-27	999.00	1000.00	LEAF THOKKA-BROWN	REACTIVE	\N	28	8	2026-07-28 09:27:00	\N	\N	\N	\N
LD-0002059	2026-07-28 19:06:22.911065	\N	C-0008	C/1638/1	received	t	50.00	white flenece	6543	2026-07-26	998.00	1000.00	bow	REACTIVE	\N	28	10	2026-07-28 19:05:00	\N	\N	\N	\N
LD-0002061	2026-07-28 19:08:28.352076	\N	C-0012	c/1913/2	received	t	20.00	WHITE L/J (OPEN)	3526	2026-01-12	998.00	1000.00	CAT-BLUE-820 SIZE	pig+fl	\N	28	5	2026-07-28 02:36:00	\N	\N	\N	\N
LD-0002060	2026-07-28 19:07:48.752145	\N	C-0012	c/1912/2	received	t	40.00	WHITE L/J (OPEN)	3526	2026-01-12	998.00	1000.00	ANIMAL-BIG	pigment	\N	28	10	2026-07-28 02:36:00	\N	\N	\N	\N
LD-0002062	2026-07-29 18:50:53.514584	\N	C-0004	C/1300/2	received	t	50.00	white fleece(open)	\N	\N	100.00	\N	bow	\N	\N	\N	\N	2026-07-29 18:50:00	\N	\N	\N	\N
LD-0002063	2026-08-04 15:28:10.66155	\N	C-0001	D/1236/1	received	t	20.00	white	6786	2026-08-03	499.00	500.00	honey bee	Screen Print	Cotton Satin 40s	10	20	2026-08-04 09:55:00	\N	\N	\N	\N
LD-0002064	2026-08-04 15:30:32.614591	\N	C-0001	C/1300/2	received	t	20.00	white	432	2026-08-03	490.00	500.00	LEAF THOKKA-BROWN ( C/1313/4)	discharge	\N	12	100	2026-08-04 15:28:00	\N	\N	\N	\N
LD-0002065	2026-08-04 15:31:40.541348	\N	C-0001	c/5731	received	t	20.00	Cotton Satin 40s	5930	2026-08-03	990.00	1000.00	honey bee	Digital Print	\N	12	10	2026-08-04 10:00:00	\N	\N	\N	\N
\.


--
-- TOC entry 5381 (class 0 OID 237903)
-- Dependencies: 273
-- Data for Name: sub_order; Type: TABLE DATA; Schema: public; Owner: postgres
--

COPY public.sub_order (design_id, design_style, print_type, colour_fabric, diameter, roll_length, inward_weight, delivered_weight, outward_dc_challan_no, loss, loss_percentage, bill_no, suborder_date, expected_delivery_date, suborder_remarks, suborder_dept_flow_status, dept_id, dept_status, dept_received_date, dept_work_complete_date, order_comments, dept_comments, dept_seq, dept_strike_off_approval, order_id, sub_order_id, actual_delivery_date, tax1, tax2, suborder_price, hsn_code, supply_type, igst, customer_name, dc_challan_no, dc_date, ground) FROM stdin;
C/1638/1	V-STS-GREY	pigment	rfd l/j OPEN	\N	1	5.6	\N	\N	\N	\N	\N	2026-01-02 00:00:00	2026-01-02 00:00:00	\N	todo	\N	\N	\N	\N	\N	\N	\N	\N	ORD-0000005	SUB_00010	\N	\N	\N	\N	\N	\N	\N	vishnu knits	\N	\N	\N
C/1637/2	DINOSAR PRINT	PUFF	rfd terry OPEN	\N	2	9.4	\N	\N	\N	\N	\N	2026-01-02 00:00:00	2026-01-02 00:00:00	\N	todo	\N	\N	\N	\N	\N	\N	\N	\N	ORD-0000005	SUB_00011	\N	\N	\N	\N	\N	\N	\N	vishnu knits	\N	\N	\N
C/1638/6	TREE-SUN	pigment	rfd terry OPEN	\N	2	10	\N	\N	\N	\N	\N	2026-01-02 00:00:00	2026-01-02 00:00:00	\N	todo	\N	\N	\N	\N	\N	\N	\N	\N	ORD-0000005	SUB_00012	\N	\N	\N	\N	\N	\N	\N	vishnu knits	\N	\N	\N
SETTINGS	\N	\N	\N	\N	1	5	\N	\N	\N	\N	\N	2026-01-02 00:00:00	2026-01-02 00:00:00	\N	todo	\N	\N	\N	\N	\N	\N	\N	\N	ORD-0000005	SUB_00013	\N	\N	\N	\N	\N	\N	\N	vishnu knits	\N	\N	\N
B/8072/5	sand-dl	pigment	\N	28	9	168.000	\N	\N	\N	\N	\N	2026-01-05 00:00:00	\N	\N	todo	\N	\N	\N	\N	\N	\N	\N	\N	ORD-DEMO-0908	SO-DEMO-0911	\N	\N	\N	\N	\N	\N	\N	Laxmi Garments	\N	\N	\N
B/9779/3	honey bee	pigment	\N	28	9	168.000	\N	\N	\N	\N	\N	2026-01-05 00:00:00	\N	\N	todo	\N	\N	\N	\N	\N	\N	\N	\N	ORD-DEMO-0908	SO-DEMO-0912	\N	\N	\N	\N	\N	\N	\N	Laxmi Garments	\N	\N	\N
B/8503/5	yellow-ice cream	pigment	\N	28	9	169.200	\N	\N	\N	\N	\N	2026-01-05 00:00:00	\N	\N	todo	\N	\N	\N	\N	\N	\N	\N	\N	ORD-DEMO-0908	SO-DEMO-0913	\N	\N	\N	\N	\N	\N	\N	Laxmi Garments	\N	\N	\N
C/1740/4	MICKEY	Discharge	\N	\N	1	11.900	\N	\N	\N	\N	\N	2026-01-02 00:00:00	\N	\N	todo	\N	\N	\N	\N	\N	\N	\N	\N	ORD-DEMO-0902	SO-DEMO-0902	\N	\N	\N	\N	\N	\N	\N	AKR Industries (P)	\N	\N	\N
\N	\N	\N	white s/j	\N	1	15.8	\N	\N	\N	\N	\N	2026-01-02 00:00:00	2026-01-02 00:00:00	\N	todo	\N	\N	\N	\N	\N	\N	\N	\N	ORD-0000004	SUB_00008	\N	\N	\N	\N	\N	\N	\N	VALUE FASHIONS	\N	\N	\N
C/1768/6	ANIMAL-BIG	pigment	rfd s/j	\N	4	64	\N	\N	\N	\N	\N	2026-01-02 00:00:00	2026-01-02 00:00:00	\N	todo	\N	\N	\N	\N	\N	\N	\N	\N	ORD-0000004	SUB_00009	\N	\N	\N	\N	\N	\N	\N	VALUE FASHIONS	\N	\N	\N
C/1741/4	MICKEY-PINK	pigment	\N	\N	1	11.300	\N	\N	\N	\N	\N	2026-01-02 00:00:00	\N	\N	todo	\N	\N	\N	\N	\N	\N	\N	\N	ORD-DEMO-0902	SO-DEMO-0903	\N	\N	\N	\N	\N	\N	\N	AKR Industries (P)	\N	\N	\N
c/1126/5	flower	pigment	\N	72	15	300	\N	\N	\N	\N	\N	\N	2026-07-21 15:24:00	\N	todo	\N	\N	\N	\N	\N	\N	\N	\N	ORD-0000051	SUB_00056	\N	\N	\N	\N	\N	\N	\N	jaya chitra graments	\N	\N	\N
C/1494/4	CAT-BLUE-820 SIZE	REACTIVE	WHITE L/J (OPEN)	68	5	123	120	789	\N	\N	\N	2026-01-02 00:00:00	2026-01-02 00:00:00	\N	delivered	\N	\N	\N	\N	\N	\N	\N	\N	ORD-0000002	SUB_00004	2026-07-18 15:39:51.268	\N	\N	\N	\N	\N	\N	RRK COTTONS INDIA	\N	\N	\N
\N	LEAF THOKKA-BROWN	pigment	white fleece(open)	\N	22	407.7	407	1567	\N	\N	\N	2026-01-02 00:00:00	2026-01-02 00:00:00	\N	delivered	DEPT-DELIVERY	done	2026-07-15 14:58:00	\N	\N	\N	\N	\N	ORD-0000001	SUB_00001	2026-07-15 17:46:02.01	\N	\N	\N	\N	\N	\N	HIGH BREEDD FASHIONS	\N	\N	\N
C/1637/2	LEAF THOKKA-BROWN	REACTIVE	\N	32	1	153.3	\N	\N	\N	\N	\N	\N	\N	\N	todo	\N	\N	\N	\N	\N	\N	\N	\N	ORD-0000076	SUB_00080	\N	\N	\N	\N	\N	\N	\N	HIGH BREEDD FASHIONS	\N	\N	\N
C/1638/1	LEAF THOKKA-BROWN	pig+fl	\N	32	8	153.3	\N	\N	\N	\N	\N	\N	\N	\N	todo	\N	\N	\N	\N	\N	\N	\N	\N	ORD-0000078	SUB_00082	\N	\N	\N	\N	\N	\N	\N	AASEERVATH TEXTILE	\N	\N	\N
C/1301/2	h-sts/brown	pigment	white s/j	32	8	153.3	\N	\N	\N	\N	\N	2026-01-02 00:00:00	2026-01-02 00:00:00	\N	todo	\N	\N	\N	\N	\N	\N	\N	\N	ORD-0000003	SUB_00005	\N	\N	\N	\N	\N	\N	\N	Arrow tex	\N	\N	\N
C/1300/2	h-sts/blue	pigment	white s/j	32	7	153.3	\N	\N	\N	\N	\N	2026-01-02 00:00:00	2026-01-02 00:00:00	\N	todo	\N	\N	\N	\N	\N	\N	\N	\N	ORD-0000003	SUB_00006	\N	\N	\N	\N	\N	\N	\N	Arrow tex	\N	\N	\N
C/1638/1	CAT-BLUE-820 SIZE	pigment	\N	68	8	153.3	\N	\N	\N	\N	\N	\N	2026-08-16 17:36:00	\N	todo	\N	\N	\N	\N	\N	\N	\N	\N	ORD-0000030	SUB_00035	\N	\N	\N	\N	\N	\N	\N	star knit wear	\N	\N	\N
RA	LEAF THOKKA-BROWN	REACTIVE	\N	32	28	708.1	\N	\N	\N	\N	\N	\N	2026-07-31 19:15:00	\N	todo	\N	\N	\N	\N	\N	\N	\N	\N	ORD-0000045	SUB_00044	\N	\N	\N	\N	\N	\N	\N	HIGH BREEDD FASHIONS	\N	\N	\N
C/1768/6	LEAF THOKKA-BROWN	REACTIVE	\N	12	7	200	\N	\N	\N	\N	\N	\N	\N	\N	todo	\N	\N	\N	\N	\N	\N	\N	\N	ORD-0000081	SUB_00085	\N	\N	\N	\N	\N	\N	\N	AASEERVATH TEXTILE	\N	\N	\N
\N	\N	pigment	\N	\N	\N	1406.000	\N	\N	\N	\N	\N	2026-01-02 00:00:00	\N	\N	todo	\N	\N	\N	\N	\N	\N	\N	\N	ORD-DEMO-0903	SO-DEMO-0904	\N	\N	\N	\N	\N	\N	\N	Star Knit Wear	\N	\N	\N
C/1436/5	RK/25-26/CDL/E/43-DEAR-TREE	pigment	\N	32	17	779.800	\N	\N	\N	\N	\N	2026-01-02 00:00:00	\N	\N	todo	\N	\N	\N	\N	\N	\N	\N	\N	ORD-DEMO-0904	SO-DEMO-0905	\N	\N	\N	\N	\N	\N	\N	Rhythm Knit India (Unit 2)	\N	\N	\N
C/14	CAT-BLUE-820 SIZE	REACTIVE	WHITE L/J (OPEN)	68	28	708.1	708	1875	\N	\N	\N	2026-01-02 00:00:00	2026-01-02 00:00:00	\N	delivered	\N	\N	\N	\N	\N	\N	\N	\N	ORD-0000002	SUB_00002	2026-07-15 17:50:00	\N	\N	\N	\N	\N	\N	RRK COTTONS INDIA	\N	\N	\N
C/1499/4	BOW -LAVENDER/820	REACTIVE	WHITE L/J (OPEN)	68	16	420	420	1675	\N	\N	\N	2026-01-02 00:00:00	2026-01-02 00:00:00	\N	delivered	\N	\N	\N	\N	\N	\N	\N	\N	ORD-0000002	SUB_00003	2026-07-15 19:00:16.8	\N	\N	\N	\N	\N	\N	RRK COTTONS INDIA	\N	\N	\N
C/1522/1	RK/25-26/PON/B/15-BIG HEART	FL+PIG	\N	30	14	328.800	\N	\N	\N	\N	\N	2026-01-02 00:00:00	\N	\N	todo	\N	\N	\N	\N	\N	\N	\N	\N	ORD-DEMO-0904	SO-DEMO-0906	\N	\N	\N	\N	\N	\N	\N	Rhythm Knit India (Unit 2)	\N	\N	\N
C/8969/5	RK/25-26/CDL/E/43-ADV-BLACK	REFRACTIVE	\N	16	11	214.000	\N	\N	\N	\N	\N	2026-01-02 00:00:00	\N	\N	todo	\N	\N	\N	\N	\N	\N	\N	\N	ORD-DEMO-0904	SO-DEMO-0907	\N	\N	\N	\N	\N	\N	\N	Rhythm Knit India (Unit 2)	\N	\N	\N
C/1778/4	CAMO-BLUE	pigment	\N	\N	\N	38.200	\N	\N	\N	\N	\N	2026-01-03 00:00:00	\N	\N	todo	\N	\N	\N	\N	\N	\N	\N	\N	ORD-DEMO-0905	SO-DEMO-0908	\N	\N	\N	\N	\N	\N	\N	Revanth Impex	\N	\N	\N
\N	\N	\N	\N	78	\N	5185.000	\N	\N	\N	\N	\N	2026-01-03 00:00:00	\N	\N	todo	\N	\N	\N	\N	\N	\N	\N	\N	ORD-DEMO-0906	SO-DEMO-0909	\N	\N	\N	\N	\N	\N	\N	Aasfeervatu Textile	\N	\N	\N
C/1760/5	RK/25-26/CDL/S/83	pigment	\N	30	1	14.400	\N	\N	\N	\N	\N	2026-01-03 00:00:00	\N	\N	todo	\N	\N	\N	\N	\N	\N	\N	\N	ORD-DEMO-0907	SO-DEMO-0910	\N	\N	\N	\N	\N	\N	\N	Rhythm Knit India (Unit 2)	\N	\N	\N
\N	\N	\N	\N	\N	\N	\N	\N	\N	\N	\N	\N	\N	\N	\N	todo	\N	\N	\N	\N	\N	\N	\N	\N	ORD-0000082	SUB_00086	\N	\N	\N	\N	\N	\N	\N	HIGH BREEDD FASHIONS	\N	\N	\N
\N	\N	\N	\N	\N	\N	\N	\N	\N	\N	\N	\N	\N	\N	\N	todo	\N	\N	\N	\N	\N	\N	\N	\N	ORD-0000083	SUB_00087	\N	\N	\N	\N	\N	\N	\N	HIGH BREEDD FASHIONS	\N	\N	\N
C/1768/6	CAT-BLUE-820 SIZE	REACTIVE	\N	22	\N	\N	\N	\N	\N	\N	\N	\N	\N	\N	todo	\N	\N	\N	\N	\N	\N	\N	\N	ORD-0000091	SUB_00095	\N	\N	\N	\N	\N	\N	\N	HIGH BREEDD FASHIONS	129	2026-07-21 05:30:00	blue flenece
C/1768/6	\N	\N	\N	20	12	78	\N	\N	\N	\N	\N	\N	\N	\N	todo	\N	\N	\N	\N	\N	\N	\N	\N	ORD-0000095	SUB_00100	\N	\N	\N	\N	\N	\N	\N	HIGH BREEDD FASHIONS	7991	\N	\N
C/1768/6	\N	\N	\N	12	12	\N	\N	\N	\N	\N	\N	\N	\N	\N	todo	\N	\N	\N	\N	\N	\N	\N	\N	ORD-0000095	SUB_00101	\N	0.00	0.00	0.00	\N	\N	0	HIGH BREEDD FASHIONS	7991	\N	\N
\N	\N	\N	\N	[{"diameter":"12","roll_length":"10","inward_weight":"120"},{"diameter":"18","roll_length":"10","inward_weight":"180"}]	20	300	\N	\N	\N	\N	\N	\N	\N	\N	todo	\N	\N	\N	\N	\N	\N	\N	\N	ORD-0000101	SUB_00109	\N	\N	\N	\N	\N	\N	\N	HIGH BREEDD FASHIONS	134	\N	\N
C/1768/6	CAT-BLUE-820 SIZE	discharge	\N	24	10	240	\N	\N	\N	\N	\N	\N	\N	\N	todo	\N	\N	\N	\N	\N	\N	\N	\N	ORD-0000100	SUB_00107	\N	\N	\N	\N	\N	\N	\N	HIGH BREEDD FASHIONS	7991	2026-07-20 05:30:00	blue flenece
C/1768/6	CAT-BLUE-820 SIZE	discharge	\N	32	10	\N	\N	\N	\N	\N	\N	\N	\N	\N	todo	\N	\N	\N	\N	\N	\N	\N	\N	ORD-0000100	SUB_00108	\N	0.00	0.00	0.00	\N	\N	0	HIGH BREEDD FASHIONS	7991	2026-07-20 05:30:00	blue flenece
C/1556/2	LEMONE	pigment	\N	68	22	27.100	26	765	\N	\N	\N	2026-01-02 00:00:00	\N	\N	delivered	\N	\N	\N	\N	\N	\N	\N	\N	ORD-DEMO-0901	SO-DEMO-0901	2026-07-23 14:05:21.475	\N	\N	\N	\N	\N	\N	Create Knit Fashion	\N	\N	\N
C/1300/2	\N	pig+fl	\N	12	1	49	\N	\N	\N	\N	\N	\N	\N	\N	todo	\N	\N	\N	\N	\N	\N	\N	\N	ORD-0000119	SUB_00128	\N	\N	\N	\N	\N	\N	\N	HIGH BREEDD FASHIONS	7991	2026-07-19 05:30:00	\N
\N	\N	\N	\N	\N	\N	300	\N	\N	\N	\N	\N	\N	\N	\N	todo	\N	\N	\N	\N	\N	\N	\N	\N	ORD-0000122	SUB_00131	\N	\N	\N	\N	\N	\N	\N	HIGH BREEDD FASHIONS	\N	\N	\N
\N	\N	\N	\N	\N	\N	900	\N	\N	\N	\N	\N	\N	\N	\N	todo	\N	\N	\N	\N	\N	\N	\N	\N	ORD-0000122	SUB_00132	\N	\N	\N	\N	\N	\N	\N	HIGH BREEDD FASHIONS	\N	\N	\N
\N	\N	\N	\N	\N	\N	300	\N	\N	\N	\N	\N	\N	\N	\N	todo	\N	\N	\N	\N	\N	\N	\N	\N	ORD-0000126	SUB_00136	\N	\N	\N	\N	\N	\N	\N	\N	\N	\N	\N
\N	\N	\N	\N	\N	\N	800	\N	\N	\N	\N	\N	\N	\N	\N	todo	\N	\N	\N	\N	\N	\N	\N	\N	ORD-0000126	SUB_00137	\N	\N	\N	\N	\N	\N	\N	\N	\N	\N	\N
C/1638/1	LEAF THOKKA-BROWN	REACTIVE	\N	32	8	407.7	407	1234	\N	\N	\N	\N	\N	\N	delivered	\N	\N	\N	\N	\N	\N	\N	\N	ORD-0000074	SUB_00078	2026-07-23 13:50:35.771	\N	\N	\N	\N	\N	\N	RRK COTTONS INDIA	\N	\N	\N
C/1638/1	h-sts/brown	REACTIVE	\N	28	20	400	\N	\N	\N	\N	\N	\N	2026-07-31 16:11:00	\N	todo	\N	\N	\N	\N	\N	\N	\N	\N	ORD-0000129	SUB_00140	\N	\N	\N	\N	\N	\N	\N	Arrow tex	456	2026-07-22 05:30:00	white s/j
C/1637/2	h-sts/brown	pig+fl	\N	12	28	400	\N	\N	\N	\N	\N	\N	2026-07-30 12:46:00	\N	todo	\N	\N	\N	\N	\N	\N	\N	\N	ORD-0000132	SUB_00143	\N	\N	\N	\N	\N	\N	\N	HIGH BREEDD FASHIONS	6765	2026-07-24 05:30:00	white s/j
C/1301/2	bow	REACTIVE	\N	28	10	80	\N	\N	\N	\N	\N	\N	\N	\N	todo	\N	\N	\N	\N	\N	\N	\N	\N	LD-0002047	SUB_00229	\N	\N	\N	\N	\N	\N	\N	Rhythm knit india (unit 2)	7998	2026-07-12 05:30:00	blue flenece
C/1637/2	Cat-Blue	\N	\N	[{"diameter":"22","roll_length":"10","inward_weight":"100"},{"diameter":"32","roll_length":"20","inward_weight":"300"}]	30	400	\N	\N	\N	\N	\N	\N	\N	\N	todo	\N	\N	\N	\N	\N	\N	\N	\N	ORD-0000141	SUB_00155	\N	\N	\N	\N	\N	\N	\N	RRK COTTONS INDIA	543	2026-07-24 05:30:00	\N
C/1638/1	LEAF THOKKA-BROWN	pig+fl	\N	72	8	708.1	650	5432	\N	\N	\N	\N	\N	\N	delivered	\N	\N	\N	\N	\N	\N	\N	\N	ORD-0000085	SUB_00089	2026-07-25 15:44:38.695	\N	\N	\N	\N	\N	\N	HIGH BREEDD FASHIONS	7991	2026-07-21 05:30:00	WHITE L/J (OPEN)
C/1300/2	bow	REACTIVE	\N	32	100	280	\N	\N	\N	\N	\N	\N	\N	\N	todo	\N	\N	\N	\N	\N	\N	\N	\N	LD-0002078	SUB_00211	\N	\N	\N	\N	\N	\N	\N	HIGH BREEDD FASHIONS	7991	2026-07-25 05:30:00	white flenece
C/1638/1	h-sts/brown	REACTIVE	\N	32	10	320	320	7654	\N	\N	\N	\N	\N	\N	delivered	\N	\N	\N	\N	\N	\N	\N	\N	LD-0002057	SUB_00190	2026-07-29 14:18:41.454	\N	\N	\N	\N	\N	\N	HIGH BREEDD FASHIONS	893	2026-07-17 05:30:00	white fleece(open)
C/1768/9	bow	REACTIVE	\N	32	10	450	\N	\N	\N	\N	\N	\N	\N	\N	todo	\N	\N	\N	\N	\N	\N	\N	\N	ORD-0000237	SUB_00240	\N	\N	\N	\N	\N	\N	\N	Arrow tex	2092	2026-07-22 05:30:00	white flenece
C/1768/6	ANIMAL-BIG	pig+fl	\N	32	12	450	\N	\N	\N	\N	\N	\N	\N	\N	todo	\N	\N	\N	\N	\N	\N	\N	\N	ORD-0000237	SUB_00241	\N	\N	\N	\N	\N	\N	\N	Arrow tex	2092	2026-07-22 05:30:00	white flenece
c/4632/1	LEAF THOKKA-BROWN	pigment	\N	32	12	50	\N	\N	\N	\N	\N	\N	\N	\N	todo	\N	\N	\N	\N	\N	\N	\N	\N	ORD-0000242	SUB_00254	\N	\N	\N	\N	\N	\N	\N	laxmi garments	639	2026-07-26 05:30:00	white s/j
c/4574/1	h-sts/brown	REACTIVE	\N	28	5	450	\N	\N	\N	\N	\N	\N	\N	\N	todo	\N	\N	\N	\N	\N	\N	\N	\N	ORD-0000245	SUB_00257	\N	\N	\N	\N	\N	\N	\N	laxmi garments	935	2026-07-27 05:30:00	blue flenece
c/4574/2	LEMONE	pigment	\N	28	10	470	\N	\N	\N	\N	\N	\N	\N	\N	todo	\N	\N	\N	\N	\N	\N	\N	\N	ORD-0000245	SUB_00259	\N	\N	\N	\N	\N	\N	\N	laxmi garments	935	2026-07-27 05:30:00	blue flenece
c/1913/2	CAT-BLUE-820 SIZE	pig+fl	\N	28	10	300	\N	\N	\N	\N	\N	\N	\N	\N	todo	\N	\N	\N	\N	\N	\N	\N	\N	ORD-0000272	SUB_00290	\N	\N	\N	\N	\N	\N	\N	laxmi garments	3526	2026-01-12 05:30:00	WHITE L/J (OPEN)
c/1912/2	ANIMAL-BIG	pigment	\N	28	10	500	\N	\N	\N	\N	\N	\N	\N	\N	todo	\N	\N	\N	\N	\N	\N	\N	\N	ORD-0000272	SUB_00291	\N	\N	\N	\N	\N	\N	\N	laxmi garments	3526	2026-01-12 05:30:00	WHITE L/J (OPEN)
\N	\N	\N	grey melange s/j	\N	1	15.6	10	675	\N	\N	\N	2026-01-02 00:00:00	2026-01-02 00:00:00	\N	delivered	\N	\N	\N	\N	\N	\N	\N	\N	ORD-0000004	SUB_00007	2026-07-29 13:54:42.343	\N	\N	\N	\N	\N	\N	VALUE FASHIONS	\N	\N	\N
D/1236/1	honey bee	Screen Print	Cotton Satin 40s	10	20	400	\N	\N	\N	\N	\N	\N	\N	\N	todo	\N	\N	\N	\N	\N	\N	\N	\N	ORD-0000291	SUB_00308	\N	\N	\N	\N	\N	\N	\N	HIGH BREEDD FASHIONS	6786	2026-08-03 05:30:00	white
c/5731	honey bee	Digital Print	\N	12	10	200	\N	\N	\N	\N	\N	\N	\N	\N	todo	\N	\N	\N	\N	\N	\N	\N	\N	ORD-0000295	SUB_00311	\N	\N	\N	\N	\N	\N	\N	HIGH BREEDD FASHIONS	5930	2026-08-03 05:30:00	Cotton Satin 40s
\.


--
-- TOC entry 5382 (class 0 OID 237910)
-- Dependencies: 274
-- Data for Name: sub_order_bom; Type: TABLE DATA; Schema: public; Owner: postgres
--

COPY public.sub_order_bom (bom_id, sub_order_id, material_id, required_qty, created_at) FROM stdin;
3	SUB_00625	5	150	2026-07-10 13:21:53.897442
4	SUB_00625	2	10000	2026-07-10 13:21:53.897442
7	SUB_00632	10	10	2026-07-10 15:33:39.479705
8	SUB_00631	5	750	2026-07-10 19:49:50.052192
9	SUB_00631	4	100	2026-07-10 19:49:50.052192
10	SUB_00631	6	50	2026-07-10 19:49:50.052192
\.


--
-- TOC entry 5384 (class 0 OID 237921)
-- Dependencies: 276
-- Data for Name: textile1; Type: TABLE DATA; Schema: public; Owner: postgres
--

COPY public.textile1 (design_id, design_name, design_desc, image_path, is_active, active_from, active_till) FROM stdin;
B/8402/6	Yellow Fish	Yellow fish is a colour	assets\\1747109927653-i1.jpg	t	2025-05-01	2025-05-30
B/8402/7	sun flower	flower is beautiful	assets\\1747111410041-i2.jpg	t	2024-04-16	2025-05-08
B/8400/9	lotus	lotus is our national flower	assets\\1747111445200-i4.jpg	t	2025-05-01	2025-05-08
B/8402/9	rose	rose 	assets\\1747111479384-i5.jpg	t	2025-05-01	2025-05-02
B/8400/3	roja	Roja is flower	assets\\1747112555209-i2.jpg	t	2025-05-22	2025-05-10
B/8402/11	Yellow Fish	Yellow fish is a colour	\N	t	2025-05-22	2025-05-10
B/8402/13	jasmine	jasmine smell is very nice	assets\\1747134572870-i6.jpg	t	2025-05-22	2025-06-18
B/8402/6	Yellow Fish	Yellow fish is a colour	assets\\1747109927653-i1.jpg	t	2025-05-01	2025-05-30
B/8402/7	sun flower	flower is beautiful	assets\\1747111410041-i2.jpg	t	2024-04-16	2025-05-08
B/8400/9	lotus	lotus is our national flower	assets\\1747111445200-i4.jpg	t	2025-05-01	2025-05-08
B/8402/9	rose	rose 	assets\\1747111479384-i5.jpg	t	2025-05-01	2025-05-02
B/8400/3	roja	Roja is flower	assets\\1747112555209-i2.jpg	t	2025-05-22	2025-05-10
B/8402/11	Yellow Fish	Yellow fish is a colour	\N	t	2025-05-22	2025-05-10
B/8402/13	jasmine	jasmine smell is very nice	assets\\1747134572870-i6.jpg	t	2025-05-22	2025-06-18
B/8402/6	Yellow Fish	Yellow fish is a colour	assets\\1747109927653-i1.jpg	t	2025-05-01	2025-05-30
B/8402/7	sun flower	flower is beautiful	assets\\1747111410041-i2.jpg	t	2024-04-16	2025-05-08
B/8400/9	lotus	lotus is our national flower	assets\\1747111445200-i4.jpg	t	2025-05-01	2025-05-08
B/8402/9	rose	rose 	assets\\1747111479384-i5.jpg	t	2025-05-01	2025-05-02
B/8400/3	roja	Roja is flower	assets\\1747112555209-i2.jpg	t	2025-05-22	2025-05-10
B/8402/11	Yellow Fish	Yellow fish is a colour	\N	t	2025-05-22	2025-05-10
B/8402/13	jasmine	jasmine smell is very nice	assets\\1747134572870-i6.jpg	t	2025-05-22	2025-06-18
B/8402/6	Yellow Fish	Yellow fish is a colour	assets\\1747109927653-i1.jpg	t	2025-05-01	2025-05-30
B/8402/7	sun flower	flower is beautiful	assets\\1747111410041-i2.jpg	t	2024-04-16	2025-05-08
B/8400/9	lotus	lotus is our national flower	assets\\1747111445200-i4.jpg	t	2025-05-01	2025-05-08
B/8402/9	rose	rose 	assets\\1747111479384-i5.jpg	t	2025-05-01	2025-05-02
B/8400/3	roja	Roja is flower	assets\\1747112555209-i2.jpg	t	2025-05-22	2025-05-10
B/8402/11	Yellow Fish	Yellow fish is a colour	\N	t	2025-05-22	2025-05-10
B/8402/13	jasmine	jasmine smell is very nice	assets\\1747134572870-i6.jpg	t	2025-05-22	2025-06-18
B/8402/6	Yellow Fish	Yellow fish is a colour	assets\\1747109927653-i1.jpg	t	2025-05-01	2025-05-30
B/8402/7	sun flower	flower is beautiful	assets\\1747111410041-i2.jpg	t	2024-04-16	2025-05-08
B/8400/9	lotus	lotus is our national flower	assets\\1747111445200-i4.jpg	t	2025-05-01	2025-05-08
B/8402/9	rose	rose 	assets\\1747111479384-i5.jpg	t	2025-05-01	2025-05-02
B/8400/3	roja	Roja is flower	assets\\1747112555209-i2.jpg	t	2025-05-22	2025-05-10
B/8402/11	Yellow Fish	Yellow fish is a colour	\N	t	2025-05-22	2025-05-10
B/8402/13	jasmine	jasmine smell is very nice	assets\\1747134572870-i6.jpg	t	2025-05-22	2025-06-18
B/8402/30	lilly	lilly is in white colour	assets\\1747200255230-i6.jpg	t	2025-05-16	2025-05-30
B/8402/6	Yellow Fish	Yellow fish is a colour	assets\\1747109927653-i1.jpg	t	2025-05-01	2025-05-30
B/8402/7	sun flower	flower is beautiful	assets\\1747111410041-i2.jpg	t	2024-04-16	2025-05-08
B/8400/9	lotus	lotus is our national flower	assets\\1747111445200-i4.jpg	t	2025-05-01	2025-05-08
B/8402/9	rose	rose 	assets\\1747111479384-i5.jpg	t	2025-05-01	2025-05-02
B/8400/3	roja	Roja is flower	assets\\1747112555209-i2.jpg	t	2025-05-22	2025-05-10
B/8402/11	Yellow Fish	Yellow fish is a colour	\N	t	2025-05-22	2025-05-10
B/8402/13	jasmine	jasmine smell is very nice	assets\\1747134572870-i6.jpg	t	2025-05-22	2025-06-18
B/8402/30	lilly	lilly is in white colour	assets\\1747200255230-i6.jpg	t	2025-05-16	2025-05-30
B/8402/6	Yellow Fish	Yellow fish is a colour	assets\\1747109927653-i1.jpg	t	2025-05-01	2025-05-30
B/8402/7	sun flower	flower is beautiful	assets\\1747111410041-i2.jpg	t	2024-04-16	2025-05-08
B/8400/9	lotus	lotus is our national flower	assets\\1747111445200-i4.jpg	t	2025-05-01	2025-05-08
B/8402/9	rose	rose 	assets\\1747111479384-i5.jpg	t	2025-05-01	2025-05-02
B/8400/3	roja	Roja is flower	assets\\1747112555209-i2.jpg	t	2025-05-22	2025-05-10
B/8402/11	Yellow Fish	Yellow fish is a colour	\N	t	2025-05-22	2025-05-10
B/8402/13	jasmine	jasmine smell is very nice	assets\\1747134572870-i6.jpg	t	2025-05-22	2025-06-18
B/8402/30	lilly	lilly is in white colour	assets\\1747200255230-i6.jpg	t	2025-05-16	2025-05-30
B/8402/6	Yellow Fish	Yellow fish is a colour	assets\\1747109927653-i1.jpg	t	2025-05-01	2025-05-30
B/8402/7	sun flower	flower is beautiful	assets\\1747111410041-i2.jpg	t	2024-04-16	2025-05-08
B/8400/9	lotus	lotus is our national flower	assets\\1747111445200-i4.jpg	t	2025-05-01	2025-05-08
B/8402/9	rose	rose 	assets\\1747111479384-i5.jpg	t	2025-05-01	2025-05-02
B/8400/3	roja	Roja is flower	assets\\1747112555209-i2.jpg	t	2025-05-22	2025-05-10
B/8402/11	Yellow Fish	Yellow fish is a colour	\N	t	2025-05-22	2025-05-10
B/8402/13	jasmine	jasmine smell is very nice	assets\\1747134572870-i6.jpg	t	2025-05-22	2025-06-18
B/8402/30	lilly	lilly is in white colour	assets\\1747200255230-i6.jpg	t	2025-05-16	2025-05-30
B/8402/6	Yellow Fish	Yellow fish is a colour	assets\\1747109927653-i1.jpg	t	2025-05-01	2025-05-30
B/8402/7	sun flower	flower is beautiful	assets\\1747111410041-i2.jpg	t	2024-04-16	2025-05-08
B/8400/9	lotus	lotus is our national flower	assets\\1747111445200-i4.jpg	t	2025-05-01	2025-05-08
B/8402/9	rose	rose 	assets\\1747111479384-i5.jpg	t	2025-05-01	2025-05-02
B/8400/3	roja	Roja is flower	assets\\1747112555209-i2.jpg	t	2025-05-22	2025-05-10
B/8402/11	Yellow Fish	Yellow fish is a colour	\N	t	2025-05-22	2025-05-10
B/8402/13	jasmine	jasmine smell is very nice	assets\\1747134572870-i6.jpg	t	2025-05-22	2025-06-18
B/8402/30	lilly	lilly is in white colour	assets\\1747200255230-i6.jpg	t	2025-05-16	2025-05-30
B/8402/6	Yellow Fish	Yellow fish is a colour	assets\\1747109927653-i1.jpg	t	2025-05-01	2025-05-30
B/8402/7	sun flower	flower is beautiful	assets\\1747111410041-i2.jpg	t	2024-04-16	2025-05-08
B/8400/9	lotus	lotus is our national flower	assets\\1747111445200-i4.jpg	t	2025-05-01	2025-05-08
B/8402/9	rose	rose 	assets\\1747111479384-i5.jpg	t	2025-05-01	2025-05-02
B/8400/3	roja	Roja is flower	assets\\1747112555209-i2.jpg	t	2025-05-22	2025-05-10
B/8402/11	Yellow Fish	Yellow fish is a colour	\N	t	2025-05-22	2025-05-10
B/8402/13	jasmine	jasmine smell is very nice	assets\\1747134572870-i6.jpg	t	2025-05-22	2025-06-18
B/8402/30	lilly	lilly is in white colour	assets\\1747200255230-i6.jpg	t	2025-05-16	2025-05-30
B/8500/30	Hibiscus	Hibiscus is in red colour	assets\\1747200892554-i6.jpg	t	2025-05-09	2025-05-01
B/8402/6	Yellow Fish	Yellow fish is a colour	assets\\1747109927653-i1.jpg	t	2025-05-01	2025-05-30
B/8402/7	sun flower	flower is beautiful	assets\\1747111410041-i2.jpg	t	2024-04-16	2025-05-08
B/8400/9	lotus	lotus is our national flower	assets\\1747111445200-i4.jpg	t	2025-05-01	2025-05-08
B/8402/9	rose	rose 	assets\\1747111479384-i5.jpg	t	2025-05-01	2025-05-02
B/8400/3	roja	Roja is flower	assets\\1747112555209-i2.jpg	t	2025-05-22	2025-05-10
B/8402/11	Yellow Fish	Yellow fish is a colour	\N	t	2025-05-22	2025-05-10
B/8402/13	jasmine	jasmine smell is very nice	assets\\1747134572870-i6.jpg	t	2025-05-22	2025-06-18
B/8402/30	lilly	lilly is in white colour	assets\\1747200255230-i6.jpg	t	2025-05-16	2025-05-30
B/8500/30	Hibiscus	Hibiscus is in red colour	assets\\1747200892554-i6.jpg	t	2025-05-09	2025-05-01
B/8402/6	Yellow Fish	Yellow fish is a colour	assets\\1747109927653-i1.jpg	t	2025-05-01	2025-05-30
B/8402/7	sun flower	flower is beautiful	assets\\1747111410041-i2.jpg	t	2024-04-16	2025-05-08
B/8400/9	lotus	lotus is our national flower	assets\\1747111445200-i4.jpg	t	2025-05-01	2025-05-08
B/8402/9	rose	rose 	assets\\1747111479384-i5.jpg	t	2025-05-01	2025-05-02
B/8400/3	roja	Roja is flower	assets\\1747112555209-i2.jpg	t	2025-05-22	2025-05-10
B/8402/11	Yellow Fish	Yellow fish is a colour	\N	t	2025-05-22	2025-05-10
B/8402/13	jasmine	jasmine smell is very nice	assets\\1747134572870-i6.jpg	t	2025-05-22	2025-06-18
B/8402/30	lilly	lilly is in white colour	assets\\1747200255230-i6.jpg	t	2025-05-16	2025-05-30
B/8500/30	Hibiscus	Hibiscus is in red colour	assets\\1747200892554-i6.jpg	t	2025-05-09	2025-05-01
B/8402/6	Yellow Fish	Yellow fish is a colour	assets\\1747109927653-i1.jpg	t	2025-05-01	2025-05-30
B/8402/7	sun flower	flower is beautiful	assets\\1747111410041-i2.jpg	t	2024-04-16	2025-05-08
B/8400/9	lotus	lotus is our national flower	assets\\1747111445200-i4.jpg	t	2025-05-01	2025-05-08
B/8402/9	rose	rose 	assets\\1747111479384-i5.jpg	t	2025-05-01	2025-05-02
B/8400/3	roja	Roja is flower	assets\\1747112555209-i2.jpg	t	2025-05-22	2025-05-10
B/8402/11	Yellow Fish	Yellow fish is a colour	\N	t	2025-05-22	2025-05-10
B/8402/13	jasmine	jasmine smell is very nice	assets\\1747134572870-i6.jpg	t	2025-05-22	2025-06-18
B/8402/30	lilly	lilly is in white colour	assets\\1747200255230-i6.jpg	t	2025-05-16	2025-05-30
B/8500/30	Hibiscus	Hibiscus is in red colour	assets\\1747200892554-i6.jpg	t	2025-05-09	2025-05-01
B/8402/6	Yellow Fish	Yellow fish is a colour	assets\\1747109927653-i1.jpg	t	2025-05-01	2025-05-30
B/8402/7	sun flower	flower is beautiful	assets\\1747111410041-i2.jpg	t	2024-04-16	2025-05-08
B/8400/9	lotus	lotus is our national flower	assets\\1747111445200-i4.jpg	t	2025-05-01	2025-05-08
B/8402/9	rose	rose 	assets\\1747111479384-i5.jpg	t	2025-05-01	2025-05-02
B/8400/3	roja	Roja is flower	assets\\1747112555209-i2.jpg	t	2025-05-22	2025-05-10
B/8402/11	Yellow Fish	Yellow fish is a colour	\N	t	2025-05-22	2025-05-10
B/8402/13	jasmine	jasmine smell is very nice	assets\\1747134572870-i6.jpg	t	2025-05-22	2025-06-18
B/8402/30	lilly	lilly is in white colour	assets\\1747200255230-i6.jpg	t	2025-05-16	2025-05-30
B/8500/30	Hibiscus	Hibiscus is in red colour	assets\\1747200892554-i6.jpg	t	2025-05-09	2025-05-01
B/8402/6	Yellow Fish	Yellow fish is a colour	assets\\1747109927653-i1.jpg	t	2025-05-01	2025-05-30
B/8402/7	sun flower	flower is beautiful	assets\\1747111410041-i2.jpg	t	2024-04-16	2025-05-08
B/8400/9	lotus	lotus is our national flower	assets\\1747111445200-i4.jpg	t	2025-05-01	2025-05-08
B/8402/9	rose	rose 	assets\\1747111479384-i5.jpg	t	2025-05-01	2025-05-02
B/8400/3	roja	Roja is flower	assets\\1747112555209-i2.jpg	t	2025-05-22	2025-05-10
B/8402/11	Yellow Fish	Yellow fish is a colour	\N	t	2025-05-22	2025-05-10
B/8402/13	jasmine	jasmine smell is very nice	assets\\1747134572870-i6.jpg	t	2025-05-22	2025-06-18
B/8402/30	lilly	lilly is in white colour	assets\\1747200255230-i6.jpg	t	2025-05-16	2025-05-30
B/8500/30	Hibiscus	Hibiscus is in red colour	assets\\1747200892554-i6.jpg	t	2025-05-09	2025-05-01
B/8402/6	Yellow Fish	Yellow fish is a colour	assets\\1747109927653-i1.jpg	t	2025-05-01	2025-05-30
B/8402/7	sun flower	flower is beautiful	assets\\1747111410041-i2.jpg	t	2024-04-16	2025-05-08
B/8400/9	lotus	lotus is our national flower	assets\\1747111445200-i4.jpg	t	2025-05-01	2025-05-08
B/8402/9	rose	rose 	assets\\1747111479384-i5.jpg	t	2025-05-01	2025-05-02
B/8400/3	roja	Roja is flower	assets\\1747112555209-i2.jpg	t	2025-05-22	2025-05-10
B/8402/11	Yellow Fish	Yellow fish is a colour	\N	t	2025-05-22	2025-05-10
B/8402/13	jasmine	jasmine smell is very nice	assets\\1747134572870-i6.jpg	t	2025-05-22	2025-06-18
B/8402/30	lilly	lilly is in white colour	assets\\1747200255230-i6.jpg	t	2025-05-16	2025-05-30
B/8500/30	Hibiscus	Hibiscus is in red colour	assets\\1747200892554-i6.jpg	t	2025-05-09	2025-05-01
B/8402/6	Yellow Fish	Yellow fish is a colour	assets\\1747109927653-i1.jpg	t	2025-05-01	2025-05-30
B/8402/7	sun flower	flower is beautiful	assets\\1747111410041-i2.jpg	t	2024-04-16	2025-05-08
B/8400/9	lotus	lotus is our national flower	assets\\1747111445200-i4.jpg	t	2025-05-01	2025-05-08
B/8402/9	rose	rose 	assets\\1747111479384-i5.jpg	t	2025-05-01	2025-05-02
B/8400/3	roja	Roja is flower	assets\\1747112555209-i2.jpg	t	2025-05-22	2025-05-10
B/8402/11	Yellow Fish	Yellow fish is a colour	\N	t	2025-05-22	2025-05-10
B/8402/13	jasmine	jasmine smell is very nice	assets\\1747134572870-i6.jpg	t	2025-05-22	2025-06-18
B/8402/30	lilly	lilly is in white colour	assets\\1747200255230-i6.jpg	t	2025-05-16	2025-05-30
B/8500/30	Hibiscus	Hibiscus is in red colour	assets\\1747200892554-i6.jpg	t	2025-05-09	2025-05-01
B/8402/6	Yellow Fish	Yellow fish is a colour	assets\\1747109927653-i1.jpg	t	2025-05-01	2025-05-30
B/8402/7	sun flower	flower is beautiful	assets\\1747111410041-i2.jpg	t	2024-04-16	2025-05-08
B/8400/9	lotus	lotus is our national flower	assets\\1747111445200-i4.jpg	t	2025-05-01	2025-05-08
B/8402/9	rose	rose 	assets\\1747111479384-i5.jpg	t	2025-05-01	2025-05-02
B/8400/3	roja	Roja is flower	assets\\1747112555209-i2.jpg	t	2025-05-22	2025-05-10
B/8402/11	Yellow Fish	Yellow fish is a colour	\N	t	2025-05-22	2025-05-10
B/8402/13	jasmine	jasmine smell is very nice	assets\\1747134572870-i6.jpg	t	2025-05-22	2025-06-18
B/8402/30	lilly	lilly is in white colour	assets\\1747200255230-i6.jpg	t	2025-05-16	2025-05-30
B/8500/30	Hibiscus	Hibiscus is in red colour	assets\\1747200892554-i6.jpg	t	2025-05-09	2025-05-01
123	white rose	very beautiful flower	assets\\1747204426373-i6.jpg	t	2025-05-03	2025-05-03
1234	sun flower	sun flower is in yellow colour	assets\\1747304468440-i5.jpg	t	2025-05-29	2025-05-27
B/8402/6	Yellow Fish	Yellow fish is a colour	assets\\1747379439932-i5.jpg	t	2025-05-30	2025-06-04
322	postgres	postgres	assets\\1747379841559-i4.jpg	t	2025-05-10	2025-05-13
444	Daisey	daisey is beautiful flower	assets\\1747380126734-i4.jpg	f	2025-05-09	2025-05-02
555	admin	admin	assets\\1747616489177-i6.jpg	f	2025-05-17	2025-05-31
1234	Yellow Fish	Yellow fish is a colour	assets\\1747621953535-i6.jpg	t	2025-05-17	2025-05-31
B/8402/6	lilly	lilly	assets\\1747973573483-i3.jpg	t	2025-05-06	2025-05-07
\.


--
-- TOC entry 5385 (class 0 OID 237932)
-- Dependencies: 277
-- Data for Name: textile_order_bkp; Type: TABLE DATA; Schema: public; Owner: postgres
--

COPY public.textile_order_bkp (order_id, order_price, order_datime, design_id, overall_status, order_delivery_date, active, customer_name, dept_id, dept_status, dept_received_date, dept_work_complete_date, order_comments, dept_comments) FROM stdin;
ORD-0000023	20000.00	2025-06-01 13:38:00	4656	in_progress	2025-09-27	t	karthi	1	in_progress	\N	2025-06-16 00:00:00	order updated	Reviewed
ORD-0000025	23000.00	2025-06-03 23:18:00	4656	todo	2025-06-21	t	seetha	1	todo	\N	2025-06-15 14:46:12.472	order updated	Reviewed
ORD-0000030	400000.00	2025-05-30 07:39:00	4656	todo	2025-12-01	t	ramu	\N	\N	\N	\N	order updated	Reviewed
ORD-0000010	6000.00	2025-03-20 18:50:00	322	in_progress	2025-06-29	t	raju	1	in_progress	\N	2025-06-16 00:00:00	order updated	Reviewed
ORD-0000017	5000.00	2025-06-15 20:32:00	H123	in_progress	2025-06-11	t	saran babu	1	in_progress	\N	2025-06-16 00:00:00	order updated	Reviewed
ORD-0000065	7000.00	2025-01-13 14:44:00	4656	in progress	2025-06-30	t	sree	\N	\N	\N	\N	\N	\N
ORD-0000009	100000.00	2025-02-04 23:08:00	H123	todo	2025-11-30	t	ravi	1	todo	\N	2025-06-15 14:46:12.472	order updated	Reviewed
ORD-0000061	30000.00	2025-06-09 20:45:00	4656	in progress	2025-06-22	t	carrot	1	todo	\N	2025-06-15 14:46:12.472	order updated	Reviewed
ORD-0000063	5000.00	2025-05-30 22:48:00	455	in_progress	2025-06-23	t	Anu	1	in_progress	\N	2025-06-16 00:00:00	Urgent delivery required	 process
ORD-0000067	10000.00	2025-06-01 04:11:00	455	done	2025-06-15	t	admin	1	in_progress	\N	2025-06-16 00:00:00	\N	\N
ORD-0000064	4000.00	2025-06-22 21:58:00	455	in_progress	2025-06-14	t	brinjal	1	in_progress	\N	2025-06-16 00:00:00	Urgent delivery required	 process
ORD-0000018	9000.00	2025-06-07 17:06:00	4656	in progress	2025-06-12	t	sivan	1	todo	\N	2025-06-15 14:46:12.472	order updated	Reviewed
ORD-0000012	9000.00	2024-12-29 12:28:00	4656	in progress	2025-02-21	t	arun	1	todo	\N	2025-06-15 14:46:12.472	order updated	Reviewed
\.


--
-- TOC entry 5386 (class 0 OID 237937)
-- Dependencies: 278
-- Data for Name: textile_orders; Type: TABLE DATA; Schema: public; Owner: postgres
--

COPY public.textile_orders (order_id, order_price, order_datime, design_id, overall_status, order_delivery_date, active, customer_name, dept_id, dept_status, dept_received_date, dept_work_complete_date, order_comments, dept_comments, dept_seq, dept_strike_off_approval) FROM stdin;
ORD-0000023	20000.00	2025-06-01 13:38:00	4656	in_progress	2025-09-27 00:00:00	t	karthi	\N	\N	\N	\N	order updated	Reviewed	\N	\N
ORD-0000018	9000.00	2025-06-06 19:06:00	4656	in_progress	2025-06-08 00:00:00	t	sivan	\N	\N	\N	\N	order updated	Reviewed	\N	\N
ORD-0000138	300000.00	2025-03-20 14:15:00	H123	done	2025-06-30 00:00:00	t	priya	DEPT-PACK	done	2025-06-20 14:17:22.862	2025-06-20 00:00:00	\N	\N	3	\N
ORD-0000084	100000.00	2025-06-01 12:22:00	455	in_progress	2025-06-30 00:00:00	t	postgres	DEPT-PACK	done	2025-06-19 13:07:59.8494	2025-06-19 13:07:59.8494	\N	\N	3	\N
ORD-0000140	700000.00	2025-06-01 15:13:00	H123	done	2025-09-20 00:00:00	t	madhu	DEPT-PACK	done	2025-06-20 15:15:34.774	2025-06-20 00:00:00	\N	\N	3	\N
ORD-0000134	750000.00	2025-06-01 12:33:00	4656	completed	2025-06-23 00:00:00	t	Dharan	DEPT-PACK	done	2025-06-20 12:36:23.423	\N	\N	\N	3	\N
ORD-0000128	80000.00	2025-01-20 11:09:00	4656	completed	2025-09-20 00:00:00	t	bava	DEPT-PACK	done	2025-06-20 11:10:33.016	2025-06-20 11:10:38.612	\N	\N	3	\N
ORD-0000114	100000.00	2025-05-19 15:30:00	555	in_progress	2025-06-30 00:00:00	t	revathi	DEPT-PACK	done	2025-06-19 15:50:26.317689	2025-06-19 15:50:26.317689	\N	\N	3	\N
ORD-0000126	700000.00	2025-01-20 10:39:00	455	in_progress	2025-06-30 00:00:00	t	tester	DEPT-PACK	done	2025-06-20 10:42:14.095	2025-06-20 10:42:41.456	\N	\N	3	\N
ORD-0000119	60000.00	2025-06-01 15:43:00	4656	in_progress	2025-06-23 00:00:00	t	subha	DEPT-PACK	done	2025-06-19 18:08:09.69423	2025-06-19 18:08:09.69423	\N	\N	3	\N
ORD-0000123	500000.00	2025-01-20 02:51:00	322	in_progress	2025-06-29 00:00:00	t	vijay	DEPT-PACK	done	2025-06-20 09:49:31.435	2025-06-20 09:49:38.304	\N	\N	3	\N
ORD-0000142	950000.00	2025-02-08 10:47:00	H123	in_progress	2025-06-28 00:00:00	t	Ramya	DEPT-DES	done	2025-06-20 17:24:36.684	2025-06-20 00:00:00	\N	\N	1	\N
ORD-0000137	2000000.00	2025-06-01 14:11:00	H123	done	2025-07-30 00:00:00	t	swetha	DEPT-PACK	done	2025-06-20 15:07:00.008	2025-06-20 00:00:00	\N	\N	3	\N
ORD-0000127	40000.00	2025-06-01 11:00:00	322	completed	2025-09-20 00:00:00	t	janani	DEPT-PACK	done	2025-06-20 11:01:27.855	2025-06-20 11:01:35.188	\N	\N	3	\N
ORD-0000132	550000.00	2025-01-20 12:09:00	555	completed	2025-06-30 00:00:00	t	kavya	DEPT-PACK	done	2025-06-20 12:11:59.932	\N	\N	\N	3	\N
ORD-0000124	500000.00	2025-05-31 22:06:00	4656	in_progress	2025-06-28 00:00:00	t	nithya	DEPT-PACK	done	2025-06-20 09:54:39.767	2025-06-20 09:55:26.987	\N	\N	3	\N
ORD-0000141	40000.00	2025-06-01 16:17:00	555	done	2025-10-20 00:00:00	t	sakthi	DEPT-PACK	done	2025-06-20 16:32:44.456	2025-06-20 00:00:00	\N	\N	3	\N
ORD-0000145	400000.00	2025-06-11 19:11:00	4656	done	2025-06-27 02:00:00	t	Raja	DEPT-DEL	done	2025-06-23 11:12:10.523	2025-06-23 00:00:00	\N	\N	4	\N
ORD-0000144	300000.00	2025-07-20 10:52:00	322	done	2025-10-23 18:30:00	t	keerthi	DEPT-PACK	done	2025-06-20 17:05:23.586	2025-06-20 00:00:00	\N	\N	3	\N
ORD-0000064	40000.00	2025-06-21 23:58:00	455	in_progress	2025-06-12 07:30:00	t	cabbage	DEPT-PACK	done	2025-06-20 12:51:20.892	2025-06-20 00:00:00	Urgent delivery required	 process	3	\N
ORD-0000067	10000.00	2025-05-31 22:41:00	455	in_progress	2025-06-14 00:00:00	t	admin	DEPT-PACK	done	2025-06-23 10:52:13.811	2025-06-23 00:00:00	\N	\N	3	\N
ORD-0000017	5000.00	2025-06-15 09:32:00	H123	in_progress	2025-06-09 18:30:00	t	saran babu	DEPT-PACK	done	2025-06-20 12:49:44.793	2025-06-20 00:00:00	order updated	Reviewed	3	\N
ORD-0000166	50000.00	2025-06-05 00:00:00	4656	done	2025-06-30 00:00:00	t	chithra	DEPT-DEL	done	2025-06-24 08:27:48.765	2025-06-24 00:00:00	\N	\N	4	\N
ORD-0000063	5000.00	2025-05-30 17:18:00	455	in_progress	2025-06-22 00:00:00	t	Anu	DEPT-PACK	done	2025-06-23 11:35:15.406	2025-06-23 00:00:00	Urgent delivery required	 process	3	\N
ORD-0000118	80000.00	2025-06-02 15:40:00	555	in_progress	2025-06-30 00:00:00	t	Akash	DEPT-DEL	done	2025-06-23 11:29:13.081	2025-06-23 00:00:00	\N	\N	4	\N
ORD-0000030	400000.00	2025-05-30 07:39:00	4656	in_progress	2025-12-01 00:00:00	t	ramu	DEPT-DES	todo	2025-06-19 11:41:54.691368	\N	order updated	Reviewed	1	\N
ORD-0000163	455000.00	2025-06-04 00:00:00	H123	in_progress	2025-09-23 00:00:00	t	Arjun	DEPT-DES	done	2025-06-24 10:05:20.178	2025-06-24 00:00:00	\N	\N	1	\N
ORD-0000173	400000.00	2025-06-01 00:00:00	4656	in_progress	2025-11-19 00:00:00	t	Boomika	DEPT-PRI	done	2025-06-24 10:51:51.09	2025-06-24 00:00:00	\N	\N	2	\N
ORD-0000178	40000.00	2025-06-11 11:44:00	4656	done	2025-10-25 01:46:00	t	sindhu	DEPT-DEL	done	2025-06-29 17:46:16.536	2025-06-29 00:00:00	\N	\N	4	\N
ORD-0000156	50000.00	2025-06-04 00:00:00	455	done	2025-09-12 00:00:00	t	leela	DEPT-DESPATCH	done	2025-07-01 09:42:55.03	2025-07-01 00:00:00	\N	\N	7	\N
ORD-0000180	60000.00	2025-06-04 14:20:00	888	in_progress	2025-11-25 16:20:00	t	swathi	DEPT-STRIKE-OFF	done	2025-07-07 11:11:39.129	2025-07-07 00:00:00	\N	\N	2	\N
ORD-0000190	600000.00	2025-06-02 14:57:00	888	in_progress	2025-11-24 14:57:00	t	shruthi	DEPT-STRIKE-OFF	approved	2025-07-07 11:15:20.372	\N	\N	\N	2	\N
ORD-0000151	50000.00	2025-06-02 00:00:00	4656	in_progress	2025-06-10 00:00:00	t	shree	DEPT-SCREEN_ENGRAVE	done	2025-07-07 11:21:32.719	2025-07-07 00:00:00	\N	\N	4	\N
ORD-0000061	30000.00	2025-06-09 20:45:00	4656	done	2025-06-22 00:00:00	t	carrot	\N	\N	\N	\N	order updated	Reviewed	\N	\N
ORD-0000112	100000.00	2025-06-02 13:51:00	555	in_progress	2025-09-10 00:00:00	t	susi	DEPT-STRIKE-OFF	done	2025-07-09 11:54:59.948	2025-07-09 00:00:00	\N	\N	2	approved
ORD-0000121	80000.00	2025-01-19 18:06:00	455	in_progress	2025-06-23 00:00:00	t	raghul	DEPT-DES	todo	2025-06-19 18:51:23.743488	\N	\N	\N	1	\N
ORD-0000256	40000.00	2025-07-17 10:02:00	888	todo	2025-08-21 10:02:00	t	mowresh	\N	\N	\N	\N	\N	\N	\N	\N
ORD-0000010	6000.00	2025-03-20 13:20:00	322	in_progress	2025-06-28 00:00:00	t	raju	DEPT-DES	done	2025-06-19 12:51:08.654875	2025-07-11 00:00:00	order updated	Reviewed	1	\N
ORD-0000233	70000.00	2025-07-01 12:40:00	666	in_progress	2025-07-17 12:40:00	t	sathya	DEPT-STRIKE-OFF	done	2025-07-08 08:58:56.31	2025-07-09 00:00:00	\N	\N	2	approved
ORD-0000260	5553.00	2025-06-10 11:33:00	777	todo	2025-07-29 11:33:00	t	thanu	\N	\N	\N	\N	\N	\N	\N	\N
ORD-0000255	40000.00	2025-07-15 09:52:00	555	in_progress	2025-10-17 09:52:00	t	sastika	DEPT-STRIKE-OFF	in_progress	2025-07-17 10:18:52.842	\N	\N	\N	2	\N
ORD-0000012	9000.00	2024-12-29 06:58:00	4656	done	2025-02-20 00:00:00	t	arun	DEPT-PRI	in_progress	2025-06-19 11:38:29.902613	\N	order updated	Reviewed	2	\N
ORD-0000009	100000.00	2025-02-04 23:08:00	H123	in_progress	2025-11-30 00:00:00	t	ravi	DEPT-DES	todo	2025-06-19 12:04:04.099017	\N	order updated	Reviewed	1	\N
ORD-0000065	7000.00	2025-01-13 09:14:00	4656	in_progress	2025-06-29 00:00:00	t	sree	DEPT-DES	todo	2025-06-19 12:08:45.418005	\N	\N	\N	1	\N
ORD-0000025	23000.00	2025-06-03 17:48:00	4656	in_progress	2025-06-20 00:00:00	t	seetha	DEPT-PRI	in_progress	2025-06-19 12:15:52.603689	\N	order updated	Reviewed	2	\N
ORD-0000103	50000.00	2025-06-01 13:25:00	555	in_progress	2025-10-19 00:00:00	t	zaara	DEPT-PRI	in_progress	2025-06-19 13:36:23.723911	\N	\N	\N	2	\N
ORD-0000237	40000.00	2025-07-02 10:43:00	777	in_progress	2025-07-30 10:43:00	t	sasti	DEPT-STRIKE-OFF	done	2025-07-08 10:50:44.254	2025-07-08 00:00:00	\N	\N	2	approved
ORD-0000096	20000.00	2025-06-01 13:00:00	4656	in_progress	2025-06-30 00:00:00	t	postgres1	DEPT-DES	todo	2025-06-19 13:44:54.551708	\N	\N	\N	1	\N
ORD-0000105	5000.00	2025-02-19 13:34:00	555	in_progress	2025-08-07 00:00:00	t	Dhanush	DEPT-PRI	in_progress	2025-06-19 15:37:08.788605	\N	\N	\N	2	\N
ORD-0000122	50000.00	2025-05-31 21:11:00	4656	in_progress	2025-05-30 00:00:00	t	surya	DEPT-DES	todo	2025-06-20 08:12:48.78517	\N	\N	\N	1	\N
ORD-0000100	30000.00	2025-05-05 13:21:00	322	in_progress	2025-06-30 00:00:00	t	developer	DEPT-PRI	in_progress	2025-06-19 18:49:45.584903	\N	\N	\N	2	\N
ORD-0000143	50000.00	2025-04-20 16:18:00	4656	in_progress	2025-06-30 00:00:00	t	Ranjani	DEPT-PRI	todo	2025-06-20 17:08:32.257	\N	\N	\N	2	\N
ORD-0000152	500000.00	2025-06-01 00:00:00	322	in_progress	2025-06-24 00:00:00	t	Hari	DEPT-PACK	todo	2025-06-23 10:51:27.09	\N	\N	\N	3	\N
ORD-0000154	1000000.00	2025-05-31 13:00:00	455	in_progress	2025-06-10 13:00:00	t	selvi	DEPT-DES	in_progress	2025-06-23 11:21:27.116	\N	\N	\N	1	\N
ORD-0000169	530000.00	2025-06-19 00:00:00	455	in_progress	2025-09-25 00:00:00	t	krish	DEPT-DES	in_progress	2025-06-25 14:58:55.181	\N	\N	\N	1	\N
ORD-0000240	30000.00	2025-08-07 10:47:00	666	done	2025-09-13 10:47:00	t	Aadhi	DEPT-DESPATCH	done	2025-07-09 15:16:05.794	2025-07-09 00:00:00	\N	\N	7	approved
ORD-0000245	45000.00	2025-07-01 15:17:00	777	todo	2025-09-09 15:17:00	t	Shakshi	\N	\N	\N	\N	\N	\N	\N	\N
ORD-0000193	500000.00	2025-01-26 11:26:00	888	in_progress	2025-06-25 11:27:00	t	thanu	DEPT-STRIKE-OFF	in_progress	2025-07-07 18:48:52.797	\N	\N	\N	2	\N
ORD-0000232	60000.00	2025-07-18 17:02:00	444	done	2025-07-03 17:02:00	t	sindhu	DEPT-DESPATCH	done	2025-07-08 08:45:15.434	2025-07-08 00:00:00	\N	\N	7	approved
ORD-0000164	40000.00	2025-03-03 00:00:00	455	in_progress	2025-11-23 00:00:00	t	preetha	DEPT-STRIKE-OFF	in_progress	2025-07-07 12:59:43.68	\N	\N	\N	2	approved
ORD-0000160	30000.00	2025-06-04 00:00:00	4656	in_progress	2025-09-19 00:00:00	t	balaji	DEPT-SLIT-OPEN	todo	2025-07-09 10:59:35.507	\N	\N	\N	3	approved
ORD-0000241	6000.00	2025-07-09 16:04:00	777	in_progress	2025-09-08 16:04:00	t	varun	DEPT-SLIT-OPEN	in_progress	2025-07-09 10:43:58.528	\N	\N	\N	3	approved
ORD-0000234	30000.00	2025-07-03 18:11:00	666	in_progress	2025-07-24 18:12:00	t	sandhaya	DEPT-STRIKE-OFF	done	2025-07-07 18:48:08.064	2025-07-08 00:00:00	\N	\N	2	approved
ORD-0000155	400000.00	2025-06-01 00:00:00	455	in_progress	2025-06-16 00:00:00	t	preethi	DEPT-SLIT-OPEN	todo	2025-07-09 10:54:41.017	\N	\N	\N	3	approved
ORD-0000244	40000.00	2025-07-01 16:15:00	555	in_progress	2025-09-08 16:16:00	t	Alya	DEPT_SCREEN_ENGRAVE	todo	2025-07-11 18:23:09.353	\N	\N	\N	4	approved
ORD-0000238	60000.00	2025-07-09 10:44:00	777	in_progress	2025-07-31 10:44:00	t	Dharan	DEPT-STRIKE-OFF	done	2025-07-09 15:18:10.733	2025-07-09 00:00:00	\N	\N	2	approved
ORD-0000257	400000.00	2025-07-17 10:11:00	777	in_progress	2025-08-17 10:11:00	t	Deepak	DEPT-STRIKE-OFF	in_progress	2025-07-29 11:33:07.664	\N	\N	\N	2	\N
ORD-077	5550.00	2025-07-30 12:30:23.279481	B/78	todo	2025-08-05 12:59:00	t	\N	\N	\N	\N	\N	\N	\N	\N	\N
ORD-078	7000.00	2025-07-30 12:34:09.056972	B/1400/02	todo	2025-08-19 02:06:00	t	\N	\N	\N	\N	\N	\N	\N	\N	\N
ORD-0000258	6000.00	2025-07-17 10:16:00	777	in_progress	2025-10-17 10:16:00	t	preethi	DEPT-STRIKE-OFF	in_progress	2025-07-17 10:51:58.129	\N	\N	\N	2	\N
ORD-0000239	30000.00	2025-07-10 10:46:00	666	done	2025-08-21 10:46:00	t	Aarthi	DEPT-DESPATCH	done	2025-07-16 11:00:30.756	2025-07-16 00:00:00	\N	\N	7	\N
ORD-0000243	12000.00	2025-07-01 16:15:00	666	in_progress	2025-07-30 16:15:00	t	sanjeev	DEPT-STRIKE-OFF	todo	2025-07-11 19:14:36.818	\N	\N	\N	2	\N
ORD-0000249	40000.00	2025-02-04 11:46:00	444	todo	2025-07-16 11:46:00	t	arun	\N	\N	\N	\N	\N	\N	\N	\N
ORD-0000231	3000.00	2025-07-16 16:59:00	666	completed	2025-07-16 16:59:00	t	ashwin	DEPT-DESPATCH	done	2025-07-16 10:45:54.801	2025-07-16 00:00:00	\N	\N	7	approved
ORD-0000242	60000.00	2025-07-10 16:04:00	777	done	2025-10-08 16:04:00	t	saravana	DEPT-DESPATCH	done	2025-07-16 09:06:26.795	2025-07-16 00:00:00	\N	\N	7	approved
ORD-079	5555.00	2025-07-30 12:35:04.062631	555	todo	2025-09-16 03:07:00	t	\N	\N	\N	\N	\N	\N	\N	\N	\N
ORD-0000113	30000.00	2025-06-01 14:05:00	555	done	2025-06-30 00:00:00	t	ragu	DEPT-DESPATCH	done	2025-07-16 11:09:27.92	2025-07-16 00:00:00	\N	\N	7	\N
ORD-0000254	50000.00	2025-07-08 09:45:00	777	todo	2025-11-17 09:45:00	t	sasti	\N	\N	\N	\N	\N	\N	\N	\N
ORD-0000250	50000.00	2025-07-15 11:48:00	666	in_progress	2025-07-16 11:48:00	t	Shakshi	DEPT-DESIGN	done	2025-07-17 10:52:23.983	2025-07-17 10:52:27.582	\N	\N	1	\N
ORD-0000261	7000.00	2025-07-30 12:40:38.196008	B/1400/02	in_progress	2025-08-19 02:06:00	t	\N	DEPT-DESIGN	todo	2025-07-30 12:41:59.905	\N	\N	\N	1	\N
ORD-0000262	4550.00	2025-07-30 13:10:09.60428	555	todo	2025-08-14 13:52:00	t	\N	\N	\N	\N	\N	\N	\N	\N	\N
ORD-0000263	5550.00	2025-07-30 13:11:24.402229	B/78	todo	2025-08-05 12:59:00	t	\N	\N	\N	\N	\N	\N	\N	\N	\N
\.


--
-- TOC entry 5388 (class 0 OID 237954)
-- Dependencies: 280
-- Data for Name: vendor; Type: TABLE DATA; Schema: public; Owner: postgres
--

COPY public.vendor (vendor_id, vendor_name, email, street, city, state, country, pincode, contact_phone, active, landline1, landline2, created_on, updated_on) FROM stdin;
VEN-00018									t			2025-11-10 18:18:00	2025-11-25 18:18:00
VEN-00033	Sendoor	sendoor@gmail.com	Kamaraj street	gobi	tamil nadu	India	638107	7865634334	t	0426647433	3354634640	2025-11-11 12:48:00	2025-12-02 12:48:00
v-4336	sneha	sneha@gmail.com	vivekanandha street	salem	Tamil Nadu	India	638302	76555544445	t	0432299654	335463464656	2025-11-10 00:00:00	2025-11-25 00:00:00
VEN-00039									t			\N	\N
VEN-00006	Anbu	anbu@gmail.com	RK Road	Tirupur	tamil nadu	India	638100	33354443664	t	0426647433	335463464656	2025-12-05 08:23:00	2025-11-10 08:23:00
VEN-00081	priya	\N	\N	\N	\N	\N	\N	\N	\N	\N	\N	\N	\N
VEN-00005	Anamika	anbu@gmail.com	RK Road	salem	tamil nadu	India	638144	33354443664	t	0426647433	3354634640	2025-12-04 15:53:00	2025-11-09 15:53:00
VEN-00102	\N	\N	\N	\N	\N	\N	\N	\N	\N	\N	\N	\N	\N
VEN-00103	\N	\N	\N	\N	\N	\N	\N	\N	\N	\N	\N	\N	\N
VEN-00139	\N	\N	\N	\N	\N	\N	\N	\N	\N	\N	\N	\N	\N
VEN-00140	preethi	\N	\N	\N	\N	\N	\N	\N	\N	\N	\N	\N	\N
VEN-00155	\N	\N	\N	\N	\N	\N	\N	\N	\N	\N	\N	\N	\N
VEN-00020	priya	priya@gmail.com	MK Road	Tirupur	Tamil Nadu	India	638110	765555444444	t	0432299654	6455453353	2025-11-10 12:58:00	2025-11-26 12:58:00
VEN-00156	sam	sam@gmail.com	vivekanandha street	gobi	Tamil Nadu	India	643355	46767677677	\N	04567977666	65532355544	2025-11-25 16:11:00	2025-12-05 16:11:00
VEN-00190	\N	\N	\N	\N	\N	\N	\N	\N	\N	\N	\N	\N	\N
VEN-00217	\N	\N	\N	\N	\N	\N	\N	\N	\N	\N	\N	\N	\N
VEN-00346	\N	\N	\N	\N	\N	\N	\N	\N	\N	\N	\N	\N	\N
VEN-00013	sneha	sneha@gmail.com	KR Roads	Tirupur	tamil nadu	India	638143	09878766665	t	0432299654	3354634640	2025-11-19 12:38:00	2025-12-04 12:38:00
\.


--
-- TOC entry 5389 (class 0 OID 237963)
-- Dependencies: 281
-- Data for Name: vendor_contract; Type: TABLE DATA; Schema: public; Owner: postgres
--

COPY public.vendor_contract (contract_id, configuration_items, contract_start_date, contract_end_date, contract_category, contract_subcategory, contract_summary, contract_sign_date) FROM stdin;
\.


--
-- TOC entry 5391 (class 0 OID 237970)
-- Dependencies: 283
-- Data for Name: yarn_ledger; Type: TABLE DATA; Schema: public; Owner: postgres
--

COPY public.yarn_ledger (id, cus_id, yarn_type, quantity, transaction_type, order_id, created_at) FROM stdin;
1	C-0003	white flenece	450.00	INWARD	SUB_00240	2026-07-28 12:02:41.568725
2	C-0003	white flenece	450.00	INWARD	SUB_00240	2026-07-28 12:06:25.987253
3	C-0003	white flenece	450.00	INWARD	SUB_00240	2026-07-28 12:07:38.002075
4	C-0003	white flenece	450.00	INWARD	SUB_00241	2026-07-28 12:07:38.016069
5	C-0003	white flenece	450.00	INWARD	SUB_00240	2026-07-28 12:08:53.904195
6	C-0003	white flenece	450.00	INWARD	SUB_00241	2026-07-28 12:08:53.915395
7	C-0003	white flenece	450.00	INWARD	SUB_00240	2026-07-28 12:19:24.527446
8	C-0003	white flenece	450.00	INWARD	SUB_00241	2026-07-28 12:19:24.538842
9	C-0003	white flenece	450.00	INWARD	SUB_00240	2026-07-28 12:47:32.535148
10	C-0003	white flenece	450.00	INWARD	SUB_00241	2026-07-28 12:47:32.547009
11	C-0012	white s/j	50.00	INWARD	SUB_00254	2026-07-28 13:10:33.637108
12	C-0012	white s/j	50.00	INWARD	SUB_00254	2026-07-28 13:11:10.464737
13	C-0012	blue flenece	450.00	INWARD	SUB_00257	2026-07-28 13:13:44.39869
14	C-0012	blue flenece	450.00	INWARD	SUB_00257	2026-07-28 13:46:07.1319
15	C-0012	blue flenece	470.00	INWARD	SUB_00259	2026-07-28 13:46:07.164055
16	C-0012	WHITE L/J (OPEN)	300.00	INWARD	SUB_00290	2026-07-28 19:09:01.39604
17	C-0012	WHITE L/J (OPEN)	300.00	INWARD	SUB_00290	2026-07-28 19:09:58.587296
18	C-0012	WHITE L/J (OPEN)	500.00	INWARD	SUB_00291	2026-07-28 19:09:58.597779
19	C-0004	white fleece(open)	50.00	OUTWARD	LD-0002062 (Sample)	2026-07-29 18:50:53.579152
20	C-0001	white	20.00	OUTWARD	LD-0002063 (Sample)	2026-08-04 15:28:10.667882
21	C-0001	white	20.00	OUTWARD	LD-0002063 (Sample)	2026-08-04 15:28:26.73966
22	C-0001	white	400.00	INWARD	SUB_00308	2026-08-04 15:28:26.758203
23	C-0001	white	20.00	OUTWARD	LD-0002064 (Sample)	2026-08-04 15:30:32.617485
24	C-0001	Cotton Satin 40s	20.00	OUTWARD	LD-0002065 (Sample)	2026-08-04 15:31:40.544476
25	C-0001	Cotton Satin 40s	20.00	OUTWARD	LD-0002065 (Sample)	2026-08-04 15:32:18.434629
26	C-0001	Cotton Satin 40s	200.00	INWARD	SUB_00311	2026-08-04 15:32:18.452128
\.



--
-- TOC entry 5168 (class 2606 OID 245837)
-- Name: accounts_invoices accounts_invoices_pkey; Type: CONSTRAINT; Schema: public; Owner: postgres
--

ALTER TABLE ONLY public.accounts_invoices
    ADD CONSTRAINT accounts_invoices_pkey PRIMARY KEY (invoice_id);


--
-- TOC entry 5170 (class 2606 OID 245849)
-- Name: accounts_payments accounts_payments_pkey; Type: CONSTRAINT; Schema: public; Owner: postgres
--

ALTER TABLE ONLY public.accounts_payments
    ADD CONSTRAINT accounts_payments_pkey PRIMARY KEY (payment_id);


--
-- TOC entry 5096 (class 2606 OID 237995)
-- Name: contact_us contact_us_pkey; Type: CONSTRAINT; Schema: public; Owner: postgres
--

ALTER TABLE ONLY public.contact_us
    ADD CONSTRAINT contact_us_pkey PRIMARY KEY (id);


--
-- TOC entry 5098 (class 2606 OID 237997)
-- Name: customer_master customer_master_pkey; Type: CONSTRAINT; Schema: public; Owner: postgres
--

ALTER TABLE ONLY public.customer_master
    ADD CONSTRAINT customer_master_pkey PRIMARY KEY (cus_id);


--
-- TOC entry 5102 (class 2606 OID 237999)
-- Name: customer_yarn_stock customer_yarn_stock_pkey; Type: CONSTRAINT; Schema: public; Owner: postgres
--

ALTER TABLE ONLY public.customer_yarn_stock
    ADD CONSTRAINT customer_yarn_stock_pkey PRIMARY KEY (cus_id, yarn_type);


--
-- TOC entry 5104 (class 2606 OID 238001)
-- Name: department department_pkey; Type: CONSTRAINT; Schema: public; Owner: postgres
--

ALTER TABLE ONLY public.department
    ADD CONSTRAINT department_pkey PRIMARY KEY (dept_id);


--
-- TOC entry 5106 (class 2606 OID 238003)
-- Name: design_bom design_bom_design_id_material_id_key; Type: CONSTRAINT; Schema: public; Owner: postgres
--

ALTER TABLE ONLY public.design_bom
    ADD CONSTRAINT design_bom_design_id_material_id_key UNIQUE (design_id, material_id);


--
-- TOC entry 5108 (class 2606 OID 238005)
-- Name: design_bom design_bom_pkey; Type: CONSTRAINT; Schema: public; Owner: postgres
--

ALTER TABLE ONLY public.design_bom
    ADD CONSTRAINT design_bom_pkey PRIMARY KEY (bom_id);


--
-- TOC entry 5112 (class 2606 OID 238007)
-- Name: gst_hsn gst_hsn_pkey; Type: CONSTRAINT; Schema: public; Owner: postgres
--

ALTER TABLE ONLY public.gst_hsn
    ADD CONSTRAINT gst_hsn_pkey PRIMARY KEY (hsn_code);


--
-- TOC entry 5114 (class 2606 OID 238009)
-- Name: inventory_transaction_log inventory_transaction_log_pkey; Type: CONSTRAINT; Schema: public; Owner: postgres
--

ALTER TABLE ONLY public.inventory_transaction_log
    ADD CONSTRAINT inventory_transaction_log_pkey PRIMARY KEY (transaction_id);


--
-- TOC entry 5116 (class 2606 OID 238011)
-- Name: lead lead_lead_id_key; Type: CONSTRAINT; Schema: public; Owner: postgres
--

ALTER TABLE ONLY public.lead
    ADD CONSTRAINT lead_lead_id_key UNIQUE (lead_id);


--
-- TOC entry 5118 (class 2606 OID 238013)
-- Name: lead_status_master lead_status_master_pkey; Type: CONSTRAINT; Schema: public; Owner: postgres
--

ALTER TABLE ONLY public.lead_status_master
    ADD CONSTRAINT lead_status_master_pkey PRIMARY KEY (lead_status_id);


--
-- TOC entry 5120 (class 2606 OID 238015)
-- Name: machine_daily_log machine_daily_log_pkey; Type: CONSTRAINT; Schema: public; Owner: postgres
--

ALTER TABLE ONLY public.machine_daily_log
    ADD CONSTRAINT machine_daily_log_pkey PRIMARY KEY (log_id);


--
-- TOC entry 5122 (class 2606 OID 238017)
-- Name: machine_master machine_master_pkey; Type: CONSTRAINT; Schema: public; Owner: postgres
--

ALTER TABLE ONLY public.machine_master
    ADD CONSTRAINT machine_master_pkey PRIMARY KEY (machine_id);


--
-- TOC entry 5124 (class 2606 OID 238019)
-- Name: order_master order_master_pkey; Type: CONSTRAINT; Schema: public; Owner: postgres
--

ALTER TABLE ONLY public.order_master
    ADD CONSTRAINT order_master_pkey PRIMARY KEY (order_id);


--
-- TOC entry 5126 (class 2606 OID 238021)
-- Name: order_status_master order_status_master_pkey; Type: CONSTRAINT; Schema: public; Owner: postgres
--

ALTER TABLE ONLY public.order_status_master
    ADD CONSTRAINT order_status_master_pkey PRIMARY KEY (status_id);


--
-- TOC entry 5128 (class 2606 OID 238023)
-- Name: orders_auditlog orders_auditlog_pkey; Type: CONSTRAINT; Schema: public; Owner: postgres
--

ALTER TABLE ONLY public.orders_auditlog
    ADD CONSTRAINT orders_auditlog_pkey PRIMARY KEY (activity_id);


--
-- TOC entry 5094 (class 2606 OID 238025)
-- Name: configuration_items pk_ci_id; Type: CONSTRAINT; Schema: public; Owner: postgres
--

ALTER TABLE ONLY public.configuration_items
    ADD CONSTRAINT pk_ci_id PRIMARY KEY (ci_id);


--
-- TOC entry 5110 (class 2606 OID 238027)
-- Name: design_master pk_design_id; Type: CONSTRAINT; Schema: public; Owner: postgres
--

ALTER TABLE ONLY public.design_master
    ADD CONSTRAINT pk_design_id PRIMARY KEY (design_id);


--
-- TOC entry 5158 (class 2606 OID 238029)
-- Name: textile_orders pk_order_id; Type: CONSTRAINT; Schema: public; Owner: postgres
--

ALTER TABLE ONLY public.textile_orders
    ADD CONSTRAINT pk_order_id PRIMARY KEY (order_id);


--
-- TOC entry 5130 (class 2606 OID 238031)
-- Name: production_attendance production_attendance_pkey; Type: CONSTRAINT; Schema: public; Owner: postgres
--

ALTER TABLE ONLY public.production_attendance
    ADD CONSTRAINT production_attendance_pkey PRIMARY KEY (worker_id, log_date);


--
-- TOC entry 5132 (class 2606 OID 238033)
-- Name: production_employees production_employees_pkey; Type: CONSTRAINT; Schema: public; Owner: postgres
--

ALTER TABLE ONLY public.production_employees
    ADD CONSTRAINT production_employees_pkey PRIMARY KEY (id);


--
-- TOC entry 5134 (class 2606 OID 238035)
-- Name: production_logs production_logs_pkey; Type: CONSTRAINT; Schema: public; Owner: postgres
--

ALTER TABLE ONLY public.production_logs
    ADD CONSTRAINT production_logs_pkey PRIMARY KEY (id);


--
-- TOC entry 5136 (class 2606 OID 238037)
-- Name: production_machines production_machines_pkey; Type: CONSTRAINT; Schema: public; Owner: postgres
--

ALTER TABLE ONLY public.production_machines
    ADD CONSTRAINT production_machines_pkey PRIMARY KEY (id);


--
-- TOC entry 5138 (class 2606 OID 238039)
-- Name: production_outsourced production_outsourced_pkey; Type: CONSTRAINT; Schema: public; Owner: postgres
--

ALTER TABLE ONLY public.production_outsourced
    ADD CONSTRAINT production_outsourced_pkey PRIMARY KEY (id);


--
-- TOC entry 5140 (class 2606 OID 238041)
-- Name: production_schedule production_schedule_pkey; Type: CONSTRAINT; Schema: public; Owner: postgres
--

ALTER TABLE ONLY public.production_schedule
    ADD CONSTRAINT production_schedule_pkey PRIMARY KEY (schedule_id);


--
-- TOC entry 5142 (class 2606 OID 238043)
-- Name: production_schedule production_schedule_sub_order_id_key; Type: CONSTRAINT; Schema: public; Owner: postgres
--

ALTER TABLE ONLY public.production_schedule
    ADD CONSTRAINT production_schedule_sub_order_id_key UNIQUE (sub_order_id);


--
-- TOC entry 5144 (class 2606 OID 238045)
-- Name: raw_material_inventory raw_material_inventory_material_id_key; Type: CONSTRAINT; Schema: public; Owner: postgres
--

ALTER TABLE ONLY public.raw_material_inventory
    ADD CONSTRAINT raw_material_inventory_material_id_key UNIQUE (material_id);


--
-- TOC entry 5146 (class 2606 OID 238047)
-- Name: raw_material_inventory raw_material_inventory_pkey; Type: CONSTRAINT; Schema: public; Owner: postgres
--

ALTER TABLE ONLY public.raw_material_inventory
    ADD CONSTRAINT raw_material_inventory_pkey PRIMARY KEY (inventory_id);


--
-- TOC entry 5148 (class 2606 OID 238049)
-- Name: raw_material_master raw_material_master_pkey; Type: CONSTRAINT; Schema: public; Owner: postgres
--

ALTER TABLE ONLY public.raw_material_master
    ADD CONSTRAINT raw_material_master_pkey PRIMARY KEY (material_id);


--
-- TOC entry 5150 (class 2606 OID 238051)
-- Name: reject_reason_master reject_reason_master_pkey; Type: CONSTRAINT; Schema: public; Owner: postgres
--

ALTER TABLE ONLY public.reject_reason_master
    ADD CONSTRAINT reject_reason_master_pkey PRIMARY KEY (id);


--
-- TOC entry 5152 (class 2606 OID 238053)
-- Name: sample sample_pkey; Type: CONSTRAINT; Schema: public; Owner: postgres
--

ALTER TABLE ONLY public.sample
    ADD CONSTRAINT sample_pkey PRIMARY KEY (sample_id);


--
-- TOC entry 5156 (class 2606 OID 238055)
-- Name: sub_order_bom sub_order_bom_pkey; Type: CONSTRAINT; Schema: public; Owner: postgres
--

ALTER TABLE ONLY public.sub_order_bom
    ADD CONSTRAINT sub_order_bom_pkey PRIMARY KEY (bom_id);


--
-- TOC entry 5154 (class 2606 OID 238057)
-- Name: sub_order sub_order_pkey; Type: CONSTRAINT; Schema: public; Owner: postgres
--

ALTER TABLE ONLY public.sub_order
    ADD CONSTRAINT sub_order_pkey PRIMARY KEY (sub_order_id);


--
-- TOC entry 5100 (class 2606 OID 238059)
-- Name: customer_master uq_customer_mobile1; Type: CONSTRAINT; Schema: public; Owner: postgres
--

ALTER TABLE ONLY public.customer_master
    ADD CONSTRAINT uq_customer_mobile1 UNIQUE (mobile1);


--
-- TOC entry 5164 (class 2606 OID 238063)
-- Name: vendor_contract vendor_contract_pkey; Type: CONSTRAINT; Schema: public; Owner: postgres
--

ALTER TABLE ONLY public.vendor_contract
    ADD CONSTRAINT vendor_contract_pkey PRIMARY KEY (contract_id);


--
-- TOC entry 5162 (class 2606 OID 238065)
-- Name: vendor vendor_pkey; Type: CONSTRAINT; Schema: public; Owner: postgres
--

ALTER TABLE ONLY public.vendor
    ADD CONSTRAINT vendor_pkey PRIMARY KEY (vendor_id);


--
-- TOC entry 5166 (class 2606 OID 238067)
-- Name: yarn_ledger yarn_ledger_pkey; Type: CONSTRAINT; Schema: public; Owner: postgres
--

ALTER TABLE ONLY public.yarn_ledger
    ADD CONSTRAINT yarn_ledger_pkey PRIMARY KEY (id);


--
-- TOC entry 5179 (class 2606 OID 245850)
-- Name: accounts_payments accounts_payments_invoice_id_fkey; Type: FK CONSTRAINT; Schema: public; Owner: postgres
--

ALTER TABLE ONLY public.accounts_payments
    ADD CONSTRAINT accounts_payments_invoice_id_fkey FOREIGN KEY (invoice_id) REFERENCES public.accounts_invoices(invoice_id) ON DELETE CASCADE;


--
-- TOC entry 5171 (class 2606 OID 238068)
-- Name: design_bom design_bom_design_id_fkey; Type: FK CONSTRAINT; Schema: public; Owner: postgres
--

ALTER TABLE ONLY public.design_bom
    ADD CONSTRAINT design_bom_design_id_fkey FOREIGN KEY (design_id) REFERENCES public.design_master(design_id) ON DELETE CASCADE;


--
-- TOC entry 5172 (class 2606 OID 238073)
-- Name: design_bom design_bom_material_id_fkey; Type: FK CONSTRAINT; Schema: public; Owner: postgres
--

ALTER TABLE ONLY public.design_bom
    ADD CONSTRAINT design_bom_material_id_fkey FOREIGN KEY (material_id) REFERENCES public.raw_material_master(material_id) ON DELETE CASCADE;


--
-- TOC entry 5173 (class 2606 OID 238078)
-- Name: inventory_transaction_log inventory_transaction_log_material_id_fkey; Type: FK CONSTRAINT; Schema: public; Owner: postgres
--

ALTER TABLE ONLY public.inventory_transaction_log
    ADD CONSTRAINT inventory_transaction_log_material_id_fkey FOREIGN KEY (material_id) REFERENCES public.raw_material_master(material_id) ON DELETE CASCADE;


--
-- TOC entry 5174 (class 2606 OID 238083)
-- Name: machine_daily_log machine_daily_log_machine_id_fkey; Type: FK CONSTRAINT; Schema: public; Owner: postgres
--

ALTER TABLE ONLY public.machine_daily_log
    ADD CONSTRAINT machine_daily_log_machine_id_fkey FOREIGN KEY (machine_id) REFERENCES public.machine_master(machine_id) ON DELETE CASCADE;


--
-- TOC entry 5175 (class 2606 OID 238088)
-- Name: production_logs production_logs_machine_id_fkey; Type: FK CONSTRAINT; Schema: public; Owner: postgres
--

ALTER TABLE ONLY public.production_logs
    ADD CONSTRAINT production_logs_machine_id_fkey FOREIGN KEY (machine_id) REFERENCES public.production_machines(id) ON DELETE CASCADE;


--
-- TOC entry 5176 (class 2606 OID 238093)
-- Name: production_schedule production_schedule_machine_id_fkey; Type: FK CONSTRAINT; Schema: public; Owner: postgres
--

ALTER TABLE ONLY public.production_schedule
    ADD CONSTRAINT production_schedule_machine_id_fkey FOREIGN KEY (machine_id) REFERENCES public.machine_master(machine_id) ON DELETE CASCADE;


--
-- TOC entry 5177 (class 2606 OID 238098)
-- Name: production_schedule production_schedule_sub_order_id_fkey; Type: FK CONSTRAINT; Schema: public; Owner: postgres
--

ALTER TABLE ONLY public.production_schedule
    ADD CONSTRAINT production_schedule_sub_order_id_fkey FOREIGN KEY (sub_order_id) REFERENCES public.sub_order(sub_order_id) ON DELETE CASCADE;


--
-- TOC entry 5178 (class 2606 OID 238103)
-- Name: raw_material_inventory raw_material_inventory_material_id_fkey; Type: FK CONSTRAINT; Schema: public; Owner: postgres
--

ALTER TABLE ONLY public.raw_material_inventory
    ADD CONSTRAINT raw_material_inventory_material_id_fkey FOREIGN KEY (material_id) REFERENCES public.raw_material_master(material_id) ON DELETE CASCADE;